{"id":6374,"date":"2013-05-07T19:10:08","date_gmt":"2013-05-08T00:10:08","guid":{"rendered":"https:\/\/cimbcc.org\/test2\/wp-content\/uploads\/Photo-CA-2013-2014.jpg"},"modified":"2013-05-07T19:10:08","modified_gmt":"2013-05-08T00:10:08","slug":"photo-ca-2013-2014","status":"inherit","type":"attachment","link":"https:\/\/cimbcc.org\/test2\/le-mot-du-president-mai-2013\/photo-ca-2013-2014\/","title":{"rendered":"Photo-CA-2013-2014"},"author":27,"featured_media":0,"comment_status":"closed","ping_status":"closed","template":"","meta":[],"class_list":["post-6374","attachment","type-attachment","status-inherit","hentry"],"description":{"rendered":"<p class=\"attachment\"><a href='https:\/\/cimbcc.org\/test2\/wp-content\/uploads\/Photo-CA-2013-2014.jpg'><img loading=\"lazy\" decoding=\"async\" width=\"300\" height=\"93\" src=\"https:\/\/cimbcc.org\/test2\/wp-content\/uploads\/Photo-CA-2013-2014-300x93.jpg\" class=\"attachment-medium size-medium\" alt=\"\" srcset=\"https:\/\/cimbcc.org\/test2\/wp-content\/uploads\/Photo-CA-2013-2014-300x93.jpg 300w, https:\/\/cimbcc.org\/test2\/wp-content\/uploads\/Photo-CA-2013-2014.jpg 450w\" sizes=\"auto, (max-width: 300px) 100vw, 300px\" \/><\/a><\/p>\n<p>Le conseil d&rsquo;administration est compos\u00e9 de Walter Pearce, R\u00e9jean C\u00f4t\u00e9, Sylvie Mazur, R\u00e9jean Daigle, Denis Dulude, Jacques Lalibert\u00e9, Danielle Charest Bourque, Michel Gagn\u00e9, Charles E. Blier, Andr\u00e9 Charest et Marie-Jos\u00e9e B\u00e2cle. Absent sur la photo : Yvon Gaudreau (pastille).<br \/>\nCA 2013-2014<br \/>\n\u00c9lus pour mandat de deux ans :<br \/>\nMarie-Jos\u00e9e B\u00e2cle, Sylvie Mazur, Charles E. Blier, Denis Dulude, Yvon Gaudreau, Jacques Lalibert\u00e9<br \/>\nAdministrateurs \u00e9lus l\u2019an dernier (avril 2012) qui poursuivent leur mandat pendant encore un an :<br \/>\nDanielle Charest-Bourque, Andr\u00e9 Charest, R\u00e9jean C\u00f4t\u00e9, R\u00e9jean Daigle, Michel Gagn\u00e9, Walter Pearce<\/p>\n"},"caption":{"rendered":"<p>Le conseil d\u2019administration est compos\u00e9 de Walter Pearce, R\u00e9jean C\u00f4t\u00e9, Sylvie Mazur, R\u00e9jean Daigle, Denis Dulude, Jacques Lalibert\u00e9, Danielle Charest Bourque, Michel Gagn\u00e9, Charles E. Blier, Andr\u00e9 Charest et Marie-Jos\u00e9 B\u00e2cle. Absent lors de la prise de photo : Yvon Gaudreau (en vignette).<\/p>\n"},"alt_text":"","media_type":"image","mime_type":"image\/jpeg","media_details":{"width":450,"height":140,"file":"Photo-CA-2013-2014.jpg","sizes":{"thumbnail":{"file":"Photo-CA-2013-2014-150x140.jpg","width":150,"height":140,"mime_type":"image\/jpeg","source_url":"https:\/\/cimbcc.org\/test2\/wp-content\/uploads\/Photo-CA-2013-2014-150x140.jpg"},"medium":{"file":"Photo-CA-2013-2014-300x93.jpg","width":300,"height":93,"mime_type":"image\/jpeg","source_url":"https:\/\/cimbcc.org\/test2\/wp-content\/uploads\/Photo-CA-2013-2014-300x93.jpg"},"full":{"file":"Photo-CA-2013-2014.jpg","width":450,"height":140,"mime_type":"image\/jpeg","source_url":"https:\/\/cimbcc.org\/test2\/wp-content\/uploads\/Photo-CA-2013-2014.jpg"}},"image_meta":{"aperture":0,"credit":"","camera":"","caption":"","created_timestamp":0,"copyright":"","focal_length":0,"iso":0,"shutter_speed":0,"title":""}},"post":6357,"source_url":"https:\/\/cimbcc.org\/test2\/wp-content\/uploads\/Photo-CA-2013-2014.jpg","_links":{"self":[{"href":"https:\/\/cimbcc.org\/test2\/wp-json\/wp\/v2\/media\/6374","targetHints":{"allow":["GET"]}}],"collection":[{"href":"https:\/\/cimbcc.org\/test2\/wp-json\/wp\/v2\/media"}],"about":[{"href":"https:\/\/cimbcc.org\/test2\/wp-json\/wp\/v2\/types\/attachment"}],"author":[{"embeddable":true,"href":"https:\/\/cimbcc.org\/test2\/wp-json\/wp\/v2\/users\/27"}],"replies":[{"embeddable":true,"href":"https:\/\/cimbcc.org\/test2\/wp-json\/wp\/v2\/comments?post=6374"}],"wp:attached-to":[{"embeddable":true,"post_type":"post","id":6357,"href":"https:\/\/cimbcc.org\/test2\/wp-json\/wp\/v2\/posts\/6357"}],"curies":[{"name":"wp","href":"https:\/\/api.w.org\/{rel}","templated":true}]}}

<p class="attachment"><a href='https://cimbcc.org/test2/wp-content/uploads/Photo-CA-2013-2014.jpg'><img loading="lazy" decoding="async" width="300" height="93" src="https://cimbcc.org/test2/wp-content/uploads/Photo-CA-2013-2014-300x93.jpg" class="attachment-medium size-medium" alt="" srcset="https://cimbcc.org/test2/wp-content/uploads/Photo-CA-2013-2014-300x93.jpg 300w, https://cimbcc.org/test2/wp-content/uploads/Photo-CA-2013-2014.jpg 450w" sizes="auto, (max-width: 300px) 100vw, 300px" /></a></p>
<p>Le conseil d&rsquo;administration est composé de Walter Pearce, Réjean Côté, Sylvie Mazur, Réjean Daigle, Denis Dulude, Jacques Laliberté, Danielle Charest Bourque, Michel Gagné, Charles E. Blier, André Charest et Marie-Josée Bâcle. Absent sur la photo : Yvon Gaudreau (pastille).<br />
CA 2013-2014<br />
Élus pour mandat de deux ans :<br />
Marie-Josée Bâcle, Sylvie Mazur, Charles E. Blier, Denis Dulude, Yvon Gaudreau, Jacques Laliberté<br />
Administrateurs élus l’an dernier (avril 2012) qui poursuivent leur mandat pendant encore un an :<br />
Danielle Charest-Bourque, André Charest, Réjean Côté, Réjean Daigle, Michel Gagné, Walter Pearce</p>

<p>Le conseil d’administration est composé de Walter Pearce, Réjean Côté, Sylvie Mazur, Réjean Daigle, Denis Dulude, Jacques Laliberté, Danielle Charest Bourque, Michel Gagné, Charles E. Blier, André Charest et Marie-José Bâcle. Absent lors de la prise de photo : Yvon Gaudreau (en vignette).</p>
