{"id":100,"date":"2011-06-29T18:05:33","date_gmt":"2011-06-29T23:05:33","guid":{"rendered":"https:\/\/cimbcc.org\/test2"},"modified":"2025-07-05T08:28:27","modified_gmt":"2025-07-05T12:28:27","slug":"les-ateliers","status":"publish","type":"page","link":"https:\/\/cimbcc.org\/test2\/partage-de-connaissances\/les-ateliers\/","title":{"rendered":"Ateliers"},"content":{"rendered":"\n<p><em><span style=\"font-size: 14pt;\">Un atelier est une s\u00e9rie de r\u00e9unions durant lesquelles les participants approfondissent un aspect de l\u2019informatique.<\/span><\/em><\/p>\n\n\n\n<h3 class=\"wp-block-heading\"><b>Liste des ateliers<\/b><\/h3>\n\n\n\n<p>Les ateliers list\u00e9s plus bas sont offerts \u00e0 une fr\u00e9quence jug\u00e9e optimale par les animateurs; certains ne sont pas offerts \u00e0 la session en cours.<\/p>\n\n\n\n<p>La mention <strong>hiver 2025 <\/strong>qui suit le nom de l&rsquo;atelier indique que cet atelier sera offert \u00e0<strong> l&rsquo;hiver 2025. <\/strong>Les ateliers n&rsquo;ayant aucune mention sont ceux que nous pr\u00e9voyons offrir dans les prochaines sessions.<\/p>\n\n\n\n<p>Cliquez sur les liens verts pour obtenir des informations sur les pr\u00e9requis, le contenu, le fonctionnement et les dates des ateliers offerts.<\/p>\n\n\n\n<p>Pour toutes questions concernant les ateliers, faite parvenir un courriel en remplissant le formulaire<em> <a href=\"https:\/\/cimbcc.org\/test2\/nous-joindre\/nous-joindre-les-ateliers\" target=\"_blank\" rel=\"noopener noreferrer\">Nous joindre &#8211; les ateliers<\/a><\/em> de l&rsquo;onglet <strong>Nous joindre<\/strong>.<\/p>\n\n\n\n<p>Note:&nbsp; Dans les descriptions, le Club emploie le masculin g\u00e9n\u00e9rique pour \u00e9viter d&rsquo;alourdir le texte.<\/p>\n\n\n\n<figure class=\"wp-block-table\"><table class=\"has-fixed-layout\"><tbody><tr><td><a href=\"https:\/\/cimbcc.org\/test2\/partage-de-connaissances\/les-ateliers\/atelier-aide-aux-exercices-de-la-serie-facile\" target=\"_blank\" rel=\"noopener noreferrer\">Aide aux exercices de la s\u00e9rie Facile<\/a><\/td><td>&nbsp;<\/td><\/tr><tr><td><a href=\"https:\/\/cimbcc.org\/test2\/utiliser-gmail-google-contacts-et-google-agenda-sur-ordinateurs-et-mobiles\" target=\"_blank\" rel=\"noopener\">Utiliser Gmail, Google Contacts et Google Agenda, sur ordinateurs et mobiles<\/a><\/td><td>&nbsp;<\/td><\/tr><tr><td><a href=\"https:\/\/cimbcc.org\/test2\/partage-de-connaissances\/les-ateliers\/courrier-electronique-gmail-pour-debutants\" target=\"_blank\" rel=\"noopener\">Courrier \u00e9lectronique Gmail pour d\u00e9butants&nbsp;&nbsp;<\/a><\/td><td>&nbsp;<\/td><\/tr><tr><td><a href=\"https:\/\/cimbcc.org\/test2\/partage-de-connaissances\/les-ateliers\/declaration-de-revenus-avec-impotexpert\" target=\"_blank\" rel=\"noopener\">D\u00e9claration de revenus avec Imp\u00f4tExpert &#8211;&nbsp; &nbsp; &nbsp; &nbsp;<em><span style=\"color: #ff6600;\">Nouveau<\/span><\/em><\/a><\/td><td>Hiver 2025<\/td><\/tr><tr><td><a href=\"https:\/\/cimbcc.org\/test2\/partage-de-connaissances\/les-ateliers\/atelier-tablettes-et-telephones-android\" target=\"_blank\" rel=\"noopener noreferrer\">Android \u2013 t\u00e9l\u00e9phones et tablettes<\/a><\/td><td>&nbsp;<\/td><\/tr><tr><td><a href=\"https:\/\/cimbcc.org\/test2\/partage-de-connaissances\/les-ateliers\/atelier-tablette-android-niveau-intermediaire\" target=\"_blank\" rel=\"noopener noreferrer\">Android interm\u00e9diaire \u2013 t\u00e9l\u00e9phones et tablettes<\/a><\/td><td>Hiver 2025<\/td><\/tr><tr><td><a href=\"https:\/\/cimbcc.org\/test2\/partage-de-connaissances\/les-ateliers\/atelier-ipad-st-basile\" target=\"_blank\" rel=\"noopener noreferrer\">iPad et iPhone \u2013 d\u00e9butant<\/a><\/td><td>Hiver 2025<\/td><\/tr><tr><td><a href=\"https:\/\/cimbcc.org\/test2\/partage-de-connaissances\/les-ateliers\/atelier-sur-la-tablette-ipad-niveau-intermediaire\" target=\"_blank\" rel=\"noopener noreferrer\">iPad&nbsp;et iPhone&nbsp;\u2013&nbsp;interm\u00e9diaire<\/a><\/td><td>Hiver 2025<\/td><\/tr><tr><td><a href=\"https:\/\/cimbcc.org\/test2\/partage-de-connaissances\/les-ateliers\/ipad-et-iphone-avance\" target=\"_blank\" rel=\"noopener\">iPad et iPhone \u2013 avanc\u00e9<\/a><\/td><td>Hiver 2025<\/td><\/tr><tr><td><a href=\"https:\/\/cimbcc.org\/test2\/partage-de-connaissances\/les-ateliers\/atelier-word-intermediaire\" target=\"_blank\" rel=\"noopener noreferrer\">Word<\/a><\/td><td>&nbsp;<\/td><\/tr><tr><td><a href=\"https:\/\/cimbcc.org\/test2\/partage-de-connaissances\/les-ateliers\/atelier-excel\" target=\"_blank\" rel=\"noopener noreferrer\">Excel<\/a><\/td><td>&nbsp;<\/td><\/tr><tr><td><a href=\"https:\/\/cimbcc.org\/test2\/partage-de-connaissances\/les-ateliers\/creation-dun-diaporama-avec-powerpoint\" target=\"_blank\" rel=\"noopener noreferrer\">PowerPoint<\/a><\/td><td>&nbsp;<\/td><\/tr><tr><td><a href=\"https:\/\/cimbcc.org\/test2\/partage-de-connaissances\/les-ateliers\/access-debutant\" target=\"_blank\" rel=\"noopener noreferrer\">Access \u2013 d\u00e9butant<\/a><\/td><td>&nbsp;<\/td><\/tr><tr><td><a href=\"https:\/\/cimbcc.org\/test2\/partage-de-connaissances\/les-ateliers\/access-intermediaire\" target=\"_blank\" rel=\"noopener\">Access \u2013 interm\u00e9diaire<\/a><\/td><td>&nbsp;<\/td><\/tr><tr><td><a href=\"https:\/\/cimbcc.org\/test2\/partage-de-connaissances\/les-ateliers\/access-introduction-au-vba\" target=\"_blank\" rel=\"noopener\">Access &#8211; introduction au VBA <\/a><\/td><td>&nbsp;<\/td><\/tr><tr><td><a href=\"https:\/\/cimbcc.org\/test2\/partage-de-connaissances\/les-ateliers\/atelier-introduction-aux-microcontroleurs-avec-arduino-pour-debutants\" target=\"_blank\" rel=\"noopener noreferrer\">Introduction aux microcontr\u00f4leurs avec &nbsp;Arduino<\/a><\/td><td>Hiver 2025<\/td><\/tr><tr><td><a href=\"https:\/\/cimbcc.org\/test2\/partage-de-connaissances\/les-ateliers\/montre-apple\" target=\"_blank\" rel=\"noopener\">Montre Apple<\/a><\/td><td>&nbsp;<\/td><\/tr><\/tbody><\/table><\/figure>\n\n\n\n<p>Dans la plupart des ateliers, l\u2019animateur donne des travaux aux participants. Il est important que les participants fassent ces travaux avant la r\u00e9union suivante pour ne pas retarder le groupe et pour comprendre ce qui sera pr\u00e9sent\u00e9 lors de la prochaine r\u00e9union.<\/p>\n\n\n\n<p>Pour que les participants aient le temps de faire les travaux qui leur sont demand\u00e9s, il n&rsquo;est pas souhaitable qu&rsquo;une personne s&rsquo;inscrive \u00e0 plus de deux ateliers concurrents.<\/p>\n\n\n\n<h3 class=\"wp-block-heading\"><strong>Inscription<\/strong><\/h3>\n\n\n\n<p>Les inscriptions aux ateliers se font en septembre et en janvier.&nbsp; Les membres sont inform\u00e9s par courriel deux semaines avant le d\u00e9but des p\u00e9riodes d\u2019inscription. Les inscriptions \u00e0 un atelier se font au moyen d\u2019un formulaire accessible \u00e0 partir de la page d\u00e9crivant l\u2019atelier sur le site du Club. Ce formulaire d\u2019inscription est accessible uniquement pendant les p\u00e9riodes d\u2019inscription.<\/p>\n\n\n\n<p>Pour vous inscrire <strong>apr\u00e8s une p\u00e9riode d&rsquo;inscription<\/strong>, vous devez remplir le formulaire <em><a href=\"https:\/\/cimbcc.org\/test2\/nous-joindre\/nous-joindre-les-ateliers\" target=\"_blank\" rel=\"noopener\">Nous joindre &#8211; les ateliers<\/a><\/em> de l&rsquo;onglet <strong>Nous joindre<\/strong>. Votre demande sera trait\u00e9e en fonction des crit\u00e8res cit\u00e9s plus bas.<\/p>\n\n\n\n<p>La plupart des ateliers acceptent un nombre maximum de participants pour pr\u00e9server l\u2019efficacit\u00e9 de l\u2019atelier. Les inscriptions \u00e0 un atelier sont accept\u00e9es sur la base du premier arriv\u00e9, premier servi. Les personnes accept\u00e9es \u00e0 un atelier et les personnes refus\u00e9es par manque de places sont inform\u00e9es de leur statut dans les deux semaines suivant la fin de la p\u00e9riode d\u2019inscription. Dans le cas o\u00f9 des personnes ne peuvent pas participer \u00e0 un atelier par manque de places, ces personnes re\u00e7oivent une invitation \u00e0 participer \u00e0 un autre atelier sur le m\u00eame sujet si un tel atelier est disponible et peut accepter des participants additionnels.<\/p>\n\n\n\n<p>Lorsque le nombre de personnes inscrites \u00e0 un atelier est inf\u00e9rieur au maximum admissible, les places disponibles seront offertes aux membres du Club au moyen d\u2019un courriel apr\u00e8s la fin de la p\u00e9riode d\u2019inscription. Le courriel demandera alors aux personnes int\u00e9ress\u00e9es de s\u2019inscrire en remplissant le formulaire <em><a href=\"https:\/\/cimbcc.org\/test2\/nous-joindre\/nous-joindre-les-ateliers\" target=\"_blank\" rel=\"noopener\">Nous joindre &#8211; les ateliers<\/a><\/em> de l&rsquo;onglet <strong>Nous joindre<\/strong>. Les places disponibles seront donn\u00e9es aux premi\u00e8res personnes \u00e0 manifester leur int\u00e9r\u00eat. Cette fa\u00e7on de s\u2019inscrire est possible seulement lorsque vous \u00eates invit\u00e9 par courriel \u00e0 le faire.<\/p>\n\n\n\n<p>Le Club se r\u00e9serve le droit d\u2019annuler un atelier s\u2019il n\u2019y a pas un nombre suffisant d\u2019inscriptions.<\/p>\n\n\n\n<h3 class=\"wp-block-heading\"><strong>Horaire et endroit<\/strong><\/h3>\n\n\n\n<p>Certains ateliers se tiennent le soir, d\u2019autres le jour. Les ateliers ont g\u00e9n\u00e9ralement lieu \u00e0 un des quatre endroits suivants ou en vid\u00e9oconf\u00e9rence :<\/p>\n\n\n\n<figure class=\"wp-block-table\"><table class=\"has-fixed-layout\"><tbody><tr><td><b>Biblioth\u00e8que de Saint-Basile<\/b><\/td><td>40, rue Savaria, Saint-Basile-le-Grand J3N 1L8 &#8211;&nbsp;<a href=\"https:\/\/cimbcc.org\/test2\/partage-de-connaissances\/familiarisation-a-linternet\/bibliotheque-de-saint-basile\">Carte<\/a><\/td><\/tr><tr><td><b>Biblioth\u00e8que de Saint-Bruno<\/b><\/td><td>82, boulevard Seigneurial Ouest<br>Saint-Bruno J3V 5N7 &#8211; <a href=\"https:\/\/cimbcc.org\/test2\/partage-de-connaissances\/familiarisation-a-linternet\/bibliotheque-de-saint-bruno\">Carte<\/a><\/td><\/tr><tr><td><b>Biblioth\u00e8que de Sainte-Julie<\/b><\/td><td>1600, chemin du Fer-\u00e0-Cheval<br>Sainte-Julie J3E 2M1 &#8211;&nbsp;<a href=\"https:\/\/cimbcc.org\/test2\/partage-de-connaissances\/familiarisation-a-linternet\/bibliotheque-de-sainte-julie\">Carte<\/a><\/td><\/tr><tr><td><b>Centre communautaire de Saint-Bruno<\/b><\/td><td>53, chemin De La Rabastali\u00e8re Est<br>Saint-Bruno J3V 2A4 &#8211; <a href=\"https:\/\/cimbcc.org\/test2\/partage-de-connaissances\/les-ateliers\/centre-communautaire\">Carte<\/a><\/td><\/tr><\/tbody><\/table><\/figure>\n\n\n\n<h3 class=\"wp-block-heading\"><strong>Que faire s&rsquo;il y a une temp\u00eate?<\/strong><\/h3>\n\n\n\n<p>C\u2019est l\u2019animateur qui a la responsabilit\u00e9 de maintenir ou d\u2019annuler une activit\u00e9 pr\u00e9vue dans le cadre d\u2019un atelier.<\/p>\n\n\n\n<p>Si l\u2019animateur d\u00e9cide d\u2019annuler une activit\u00e9 \u00e0 laquelle vous \u00eates inscrit, il vous enverra, <strong>au plus tard deux heures avant le d\u00e9but de l\u2019activit\u00e9<\/strong>, un courriel vous informant de sa d\u00e9cision. Il vous demandera aussi de lui confirmer que vous avez pris connaissance de son message. S\u2019il ne re\u00e7oit pas cette confirmation, il communiquera avec vous par t\u00e9l\u00e9phone.<\/p>\n\n\n\n<p>Ainsi, quand vous vous demandez si une rencontre se tiendra, vous devez<b> consulter votre messagerie \u00e9lectronique<\/b>. Si vous n\u2019y trouvez pas un message de votre animateur, c\u2019est que l\u2019activit\u00e9 aura lieu comme pr\u00e9vu.<\/p>\n\n\n\n<h3 class=\"wp-block-heading\">Renseignements<\/h3>\n\n\n\n<p>Pour toutes questions concernant les ateliers, faite parvenir un courriel en remplissant le formulaire&nbsp; <a href=\"https:\/\/cimbcc.org\/test2\/nous-joindre\/nous-joindre-les-ateliers\">Nous joindre &#8211; les ateliers.<\/a><\/p>\n\n\n\n<h3 class=\"wp-block-heading\"><strong>Coresponsables<\/strong><\/h3>\n\n\n\n<p>\t\t\t\t\t\t<div class=\"gallery_box_single\">\n\t\t\t\t\t\t\t\t\t\t\t\t\t\t\t<div class=\"gallery gllr_grid\" data-gllr-columns=\"100\" data-gllr-border-width=\"10\">\n\t\t\t\t\t\t\t\t\t\t\t\t\t\t\t\t\t\t\t\t<div class=\"gllr_image_row\">\n\t\t\t\t\t\t\t\t\t\t\t\t\t\t\t\t\t\t\t\t\t<div class=\"gllr_image_block\">\n\t\t\t\t\t\t\t\t\t\t\t\t<p style=\"\n\t\t\t\t\t\t\t\t\t\t\t\twidth:145px;height:145px;\t\t\t\t\t\t\t\t\t\t\t\t\">\n\t\t\t\t\t\t\t\t\t\t\t\t\t\t\t\t\t\t\t\t\t\t\t\t\t\t\t\t<a data-fancybox=\"gallery_fancybox_38798\" href=\"https:\/\/cimbcc.org\/test2\/wp-content\/uploads\/photo_barabe_danielle-1.jpg\" title=\"Danielle Barab\u00e9\" >\n\t\t\t\t\t\t\t\t\t\t\t\t\t\t\t\t<img decoding=\"async\" width=&quot;125&quot; height=&quot;125&quot; style=\"width:125px; height:125px; border-width: 10px; border-color:#f1f1f1;border: 10px solid #f1f1f1\" alt=\"\" title=\"Danielle Barab\u00e9\" src=\"https:\/\/cimbcc.org\/test2\/wp-content\/uploads\/photo_barabe_danielle-1.jpg\" rel=\"https:\/\/cimbcc.org\/test2\/wp-content\/uploads\/photo_barabe_danielle-1.jpg\" \/>\t\t\t\t\t\t\t\t\t\t\t\t\t\t\t<\/a>\n\t\t\t\t\t\t\t\t\t\t\t\t\t\t\t\t\t\t\t\t\t\t\t\t\t\t<\/p>\n\t\t\t\t\t\t\t\t\t\t\t\t\t\t\t\t\t\t\t\t\t\t\t\t\t<div \n\t\t\t\t\t\t\t\t\t\t\t\t\tstyle=\"width:145px;\"\t\t\t\t\t\t\t\t\t\t\t\t\tclass=\"gllr_single_image_text gllr_single_image_text_under\">Danielle Barab\u00e9&nbsp;<\/div>\n\t\t\t\t\t\t\t\t\t\t\t\t\t\t\t\t\t\t\t\t\t\t\t<\/div><!-- .gllr_image_block -->\n\t\t\t\t\t\t\t\t\t\t\t\t\t\t\t\t\t\t\t\t\t<div class=\"gllr_image_block\">\n\t\t\t\t\t\t\t\t\t\t\t\t<p style=\"\n\t\t\t\t\t\t\t\t\t\t\t\twidth:145px;height:145px;\t\t\t\t\t\t\t\t\t\t\t\t\">\n\t\t\t\t\t\t\t\t\t\t\t\t\t\t\t\t\t\t\t\t\t\t\t\t\t\t\t\t<a data-fancybox=\"gallery_fancybox_38798\" href=\"https:\/\/cimbcc.org\/test2\/wp-content\/uploads\/photo_demers_berthe.jpg\" title=\"Berthe Demers\" >\n\t\t\t\t\t\t\t\t\t\t\t\t\t\t\t\t<img decoding=\"async\" width=&quot;125&quot; height=&quot;125&quot; style=\"width:125px; height:125px; border-width: 10px; border-color:#f1f1f1;border: 10px solid #f1f1f1\" alt=\"\" title=\"Berthe Demers\" src=\"https:\/\/cimbcc.org\/test2\/wp-content\/uploads\/photo_demers_berthe.jpg\" rel=\"https:\/\/cimbcc.org\/test2\/wp-content\/uploads\/photo_demers_berthe.jpg\" \/>\t\t\t\t\t\t\t\t\t\t\t\t\t\t\t<\/a>\n\t\t\t\t\t\t\t\t\t\t\t\t\t\t\t\t\t\t\t\t\t\t\t\t\t\t<\/p>\n\t\t\t\t\t\t\t\t\t\t\t\t\t\t\t\t\t\t\t\t\t\t\t\t\t<div \n\t\t\t\t\t\t\t\t\t\t\t\t\tstyle=\"width:145px;\"\t\t\t\t\t\t\t\t\t\t\t\t\tclass=\"gllr_single_image_text gllr_single_image_text_under\">Berthe Demers&nbsp;<\/div>\n\t\t\t\t\t\t\t\t\t\t\t\t\t\t\t\t\t\t\t\t\t\t\t<\/div><!-- .gllr_image_block -->\n\t\t\t\t\t\t\t\t\t\t\t\t\t\t\t\t\t\t\t\t\t<div class=\"gllr_image_block\">\n\t\t\t\t\t\t\t\t\t\t\t\t<p style=\"\n\t\t\t\t\t\t\t\t\t\t\t\twidth:145px;height:145px;\t\t\t\t\t\t\t\t\t\t\t\t\">\n\t\t\t\t\t\t\t\t\t\t\t\t\t\t\t\t\t\t\t\t\t\t\t\t\t\t\t\t<a data-fancybox=\"gallery_fancybox_38798\" href=\"https:\/\/cimbcc.org\/test2\/wp-content\/uploads\/photo_rioux_sylvie.jpg\" title=\"Sylvie Rioux\" >\n\t\t\t\t\t\t\t\t\t\t\t\t\t\t\t\t<img decoding=\"async\" width=&quot;125&quot; height=&quot;125&quot; style=\"width:125px; height:125px; border-width: 10px; border-color:#f1f1f1;border: 10px solid #f1f1f1\" alt=\"\" title=\"Sylvie Rioux\" src=\"https:\/\/cimbcc.org\/test2\/wp-content\/uploads\/photo_rioux_sylvie-125x125.jpg\" rel=\"https:\/\/cimbcc.org\/test2\/wp-content\/uploads\/photo_rioux_sylvie.jpg\" \/>\t\t\t\t\t\t\t\t\t\t\t\t\t\t\t<\/a>\n\t\t\t\t\t\t\t\t\t\t\t\t\t\t\t\t\t\t\t\t\t\t\t\t\t\t<\/p>\n\t\t\t\t\t\t\t\t\t\t\t\t\t\t\t\t\t\t\t\t\t\t\t\t\t<div \n\t\t\t\t\t\t\t\t\t\t\t\t\tstyle=\"width:145px;\"\t\t\t\t\t\t\t\t\t\t\t\t\tclass=\"gllr_single_image_text gllr_single_image_text_under\">Sylvie Rioux&nbsp;<\/div>\n\t\t\t\t\t\t\t\t\t\t\t\t\t\t\t\t\t\t\t\t\t\t\t<\/div><!-- .gllr_image_block -->\n\t\t\t\t\t\t\t\t\t\t\t\t\t\t\t\t\t\t\t\t\t<div class=\"clear\"><\/div>\n\t\t\t\t\t\t\t\t\t\t<\/div><!-- .gllr_image_row -->\n\t\t\t\t\t\t\t\t\t\t\t\t\t\t\t\t\t<\/div><!-- .gallery.clearfix -->\n\t\t\t\t\t\t\t\t\t\t\t\t\t\t<\/div><!-- .gallery_box_single -->\n\t\t\t\t\t\t<div class=\"gllr_clear\"><\/div>\n\t\t\t\t\t\t<br><span style=\"font-size: x-small;\">Derni\u00e8re r\u00e9vision de cette page : novembre 2024.<br><\/span><span style=\"font-size: x-small;\">Responsable de la mise \u00e0 jour de cette page : Danielle Barab\u00e9.<\/span><\/p>\n","protected":false},"excerpt":{"rendered":"<p>Un atelier est une s\u00e9rie de r\u00e9unions durant lesquelles les participants approfondissent un aspect de l\u2019informatique. Liste des ateliers Les ateliers list\u00e9s plus bas sont offerts \u00e0 une fr\u00e9quence jug\u00e9e optimale par les animateurs; certains ne sont pas offerts \u00e0 la session en cours. La mention hiver 2025 qui suit le nom de l&rsquo;atelier indique &hellip; <a href=\"https:\/\/cimbcc.org\/test2\/gallery\/co-responsables-des-ateliers\/\" class=\"more-link\">Continuer la lecture de <span class=\"screen-reader-text\">Co-Responsables des Ateliers<\/span>  <span class=\"meta-nav\">&rarr;<\/span><\/a><\/p>\n","protected":false},"author":23,"featured_media":0,"parent":61,"menu_order":3,"comment_status":"closed","ping_status":"closed","template":"","meta":{"footnotes":""},"class_list":["post-100","page","type-page","status-publish","hentry"],"_links":{"self":[{"href":"https:\/\/cimbcc.org\/test2\/wp-json\/wp\/v2\/pages\/100","targetHints":{"allow":["GET"]}}],"collection":[{"href":"https:\/\/cimbcc.org\/test2\/wp-json\/wp\/v2\/pages"}],"about":[{"href":"https:\/\/cimbcc.org\/test2\/wp-json\/wp\/v2\/types\/page"}],"author":[{"embeddable":true,"href":"https:\/\/cimbcc.org\/test2\/wp-json\/wp\/v2\/users\/23"}],"replies":[{"embeddable":true,"href":"https:\/\/cimbcc.org\/test2\/wp-json\/wp\/v2\/comments?post=100"}],"version-history":[{"count":474,"href":"https:\/\/cimbcc.org\/test2\/wp-json\/wp\/v2\/pages\/100\/revisions"}],"predecessor-version":[{"id":53801,"href":"https:\/\/cimbcc.org\/test2\/wp-json\/wp\/v2\/pages\/100\/revisions\/53801"}],"up":[{"embeddable":true,"href":"https:\/\/cimbcc.org\/test2\/wp-json\/wp\/v2\/pages\/61"}],"wp:attachment":[{"href":"https:\/\/cimbcc.org\/test2\/wp-json\/wp\/v2\/media?parent=100"}],"curies":[{"name":"wp","href":"https:\/\/api.w.org\/{rel}","templated":true}]}}