{"id":15098,"date":"2016-07-03T18:40:55","date_gmt":"2016-07-03T22:40:55","guid":{"rendered":"https:\/\/cimbcc.org\/test2\/?page_id=15098"},"modified":"2024-08-02T21:26:14","modified_gmt":"2024-08-03T01:26:14","slug":"genevieve-renaud","status":"publish","type":"page","link":"https:\/\/cimbcc.org\/test2\/a-propos-du-club\/nos-membres-honoraires\/genevieve-renaud\/","title":{"rendered":"Genevi\u00e8ve Renaud"},"content":{"rendered":"<blockquote><p><span style=\"color: #333333;\">Elle est d\u00e9sign\u00e9e membre honoraire du Club en 2013 pour sa contribution \u00e0 l&rsquo;avancement du Club. Poss\u00e9dant des qualit\u00e9s de rassembleuse, elle a \u00e9t\u00e9 pour les autres une source d&rsquo;inspiration par son attitude en donnant le go\u00fbt de travailler en \u00e9quipe et de trouver des am\u00e9liorations \u00e0 apporter \u00e0 une organisation toujours en croissance.<\/span><\/p><\/blockquote>\n<h4>Pr\u00e9sentation<\/h4>\n<p><a href=\"https:\/\/cimbcc.org\/test2\/wp-content\/uploads\/photo_honor_renaud_04.jpg\"><img loading=\"lazy\" decoding=\"async\" class=\"aligncenter size-full wp-image-16056\" src=\"https:\/\/cimbcc.org\/test2\/wp-content\/uploads\/photo_honor_renaud_04.jpg\" alt=\"photo_honor_renaud_04\" width=\"360\" height=\"504\" srcset=\"https:\/\/cimbcc.org\/test2\/wp-content\/uploads\/photo_honor_renaud_04.jpg 360w, https:\/\/cimbcc.org\/test2\/wp-content\/uploads\/photo_honor_renaud_04-214x300.jpg 214w\" sizes=\"auto, (max-width: 360px) 100vw, 360px\" \/><\/a>N\u00e9e en 1946, elle habite Saint-Bruno. Elle obtient un dipl\u00f4me en 1967 de l&rsquo;Universit\u00e9 de Montr\u00e9al, Baccalaur\u00e9at Es-Sciences (Nutrition).<\/p>\n<p>Di\u00e9t\u00e9tiste de formation, elle occupe plusieurs postes en sant\u00e9 et devient responsable du Service alimentaire dans un h\u00f4pital de Montr\u00e9al jusqu&rsquo;\u00e0 sa retraite.<\/p>\n<h4>Implication au Club informatique<\/h4>\n<h5><em><strong>D\u00e9couvre le Club informatique en 1985<\/strong><\/em><\/h5>\n<p>Elle joint les quelques membres du Club en 1985. Le but est d&rsquo;apprendre davantage dans le domaine de l&rsquo;informatique par le travail d&rsquo;\u00e9quipe. Le Club existe alors seulement depuis deux ans.<\/p>\n<h5><strong><em>Pr\u00e9sidente du Conseil d&rsquo;administration du Club, 1989 &#8211;\u00a01990<\/em><\/strong><\/h5>\n<p>Elle a comme objectif d&rsquo;organiser les activit\u00e9s qui r\u00e9pondent aux besoins des membres et de mettre \u00e0 contribution des b\u00e9n\u00e9voles qui veulent partager leurs connaissances.<\/p>\n<h5><strong><em>Tr\u00e9sori\u00e8re du Conseil d&rsquo;administration du Club, 2003 &#8211; 2005<\/em><\/strong><\/h5>\n<p>La mise sur pied d&rsquo;outils de tr\u00e9sorerie devient une priorit\u00e9 \u00e0 ses yeux. Le syst\u00e8me qu&rsquo;elle d\u00e9veloppe est simple et efficace. Il est toujours en vigueur en 2016. Il r\u00e9pond aux besoins de pr\u00e9cision et de contr\u00f4le.<\/p>\n<p><span style=\"color: #333333;\">L&rsquo;informatique est en constante \u00e9volution et r\u00e9fl\u00e9chir ensemble est un moyen pour d\u00e9gager les priorit\u00e9s. Son authenticit\u00e9 et sa g\u00e9n\u00e9rosit\u00e9 ont bien servi la cause et donn\u00e9 au Club une solidit\u00e9 bas\u00e9e sur les valeurs de l&rsquo;entraide.<\/span><\/p>\n<h5><strong><em>Retour en 2014 en soutien \u00e0 14 ateliers offerts aux membres<\/em><\/strong><\/h5>\n<p>Le Club recherche une personne pour prendre la rel\u00e8ve \u00e0 un poste essentiel au maintien des ateliers. Genevi\u00e8ve est sollicit\u00e9e. Elle aurait des raisons de dire non, mais elle accepte. Ses connaissances en bureautique sont mises \u00e0 contribution dans le travail de traitement des inscriptions. \u00c0 nouveau, elle donne de son temps et contribue au partage des connaissances.<\/p>\n<div id='gallery-1' class='gallery galleryid-15098 gallery-columns-2 gallery-size-medium'><figure class='gallery-item'>\n\t\t\t<div class='gallery-icon portrait'>\n\t\t\t\t<img loading=\"lazy\" decoding=\"async\" width=\"214\" height=\"300\" src=\"https:\/\/cimbcc.org\/test2\/wp-content\/uploads\/photo_honor_renaud_05-214x300.jpg\" class=\"attachment-medium size-medium\" alt=\"photo_honor_renaud_05\" srcset=\"https:\/\/cimbcc.org\/test2\/wp-content\/uploads\/photo_honor_renaud_05-214x300.jpg 214w, https:\/\/cimbcc.org\/test2\/wp-content\/uploads\/photo_honor_renaud_05.jpg 360w\" sizes=\"auto, (max-width: 214px) 100vw, 214px\" \/>\n\t\t\t<\/div><\/figure><figure class='gallery-item'>\n\t\t\t<div class='gallery-icon portrait'>\n\t\t\t\t<img loading=\"lazy\" decoding=\"async\" width=\"214\" height=\"300\" src=\"https:\/\/cimbcc.org\/test2\/wp-content\/uploads\/photo_honor_renaud_03-214x300.jpg\" class=\"attachment-medium size-medium\" alt=\"photo_honor_renaud_03\" srcset=\"https:\/\/cimbcc.org\/test2\/wp-content\/uploads\/photo_honor_renaud_03-214x300.jpg 214w, https:\/\/cimbcc.org\/test2\/wp-content\/uploads\/photo_honor_renaud_03.jpg 360w\" sizes=\"auto, (max-width: 214px) 100vw, 214px\" \/>\n\t\t\t<\/div><\/figure>\n\t\t<\/div>\n\n<h4>Ses passions sont vari\u00e9es :<\/h4>\n<ul>\n<li>l\u2019informatique qu\u2019elle utilise pour son travail b\u00e9n\u00e9vole, en tant que soutien en bureautique \u00e0 l\u2019Orchestre symphonique de Longueuil, de septembre \u00e0 mai ;<\/li>\n<li>le golf qu&rsquo;elle pratique assid\u00fbment de mai \u00e0 septembre ;<\/li>\n<li>le conditionnement physique qu\u2019elle trouve essentiel \u00e0 son bien-\u00eatre ;<\/li>\n<li>la lecture qu\u2019elle savoure quotidiennement.<\/li>\n<\/ul>\n<p>Genevi\u00e8ve a \u00e9t\u00e9 reconnue membre honoraire du Club en d\u00e9cembre 2013.<\/p>\n<p>&nbsp;<\/p>\n<address><span style=\"font-size: x-small;\">Derni\u00e8re r\u00e9vision de cette page : ao\u00fbt 2024.<br \/>\n<\/span><span style=\"font-size: x-small;\">Responsable de la mise \u00e0 jour de cette page : Richard Gervais.\u00a0<\/span><\/address>\n","protected":false},"excerpt":{"rendered":"<p>Elle est d\u00e9sign\u00e9e membre honoraire du Club en 2013 pour sa contribution \u00e0 l&rsquo;avancement du Club. Poss\u00e9dant des qualit\u00e9s de rassembleuse, elle a \u00e9t\u00e9 pour les autres une source d&rsquo;inspiration par son attitude en donnant le go\u00fbt de travailler en \u00e9quipe et de trouver des am\u00e9liorations \u00e0 apporter \u00e0 une organisation toujours en croissance. Pr\u00e9sentation &hellip; <a href=\"https:\/\/cimbcc.org\/test2\/a-propos-du-club\/nos-membres-honoraires\/genevieve-renaud\/\" class=\"more-link\">Continuer la lecture de <span class=\"screen-reader-text\">Genevi\u00e8ve Renaud<\/span>  <span class=\"meta-nav\">&rarr;<\/span><\/a><\/p>\n","protected":false},"author":3,"featured_media":16055,"parent":15064,"menu_order":70,"comment_status":"closed","ping_status":"closed","template":"","meta":{"footnotes":""},"class_list":["post-15098","page","type-page","status-publish","has-post-thumbnail","hentry"],"_links":{"self":[{"href":"https:\/\/cimbcc.org\/test2\/wp-json\/wp\/v2\/pages\/15098","targetHints":{"allow":["GET"]}}],"collection":[{"href":"https:\/\/cimbcc.org\/test2\/wp-json\/wp\/v2\/pages"}],"about":[{"href":"https:\/\/cimbcc.org\/test2\/wp-json\/wp\/v2\/types\/page"}],"author":[{"embeddable":true,"href":"https:\/\/cimbcc.org\/test2\/wp-json\/wp\/v2\/users\/3"}],"replies":[{"embeddable":true,"href":"https:\/\/cimbcc.org\/test2\/wp-json\/wp\/v2\/comments?post=15098"}],"version-history":[{"count":24,"href":"https:\/\/cimbcc.org\/test2\/wp-json\/wp\/v2\/pages\/15098\/revisions"}],"predecessor-version":[{"id":49835,"href":"https:\/\/cimbcc.org\/test2\/wp-json\/wp\/v2\/pages\/15098\/revisions\/49835"}],"up":[{"embeddable":true,"href":"https:\/\/cimbcc.org\/test2\/wp-json\/wp\/v2\/pages\/15064"}],"wp:featuredmedia":[{"embeddable":true,"href":"https:\/\/cimbcc.org\/test2\/wp-json\/wp\/v2\/media\/16055"}],"wp:attachment":[{"href":"https:\/\/cimbcc.org\/test2\/wp-json\/wp\/v2\/media?parent=15098"}],"curies":[{"name":"wp","href":"https:\/\/api.w.org\/{rel}","templated":true}]}}

Geneviève Renaud

<blockquote><p><span style="color: #333333;">Elle est désignée membre honoraire du Club en 2013 pour sa contribution à l&rsquo;avancement du Club. Possédant des qualités de rassembleuse, elle a été pour les autres une source d&rsquo;inspiration par son attitude en donnant le goût de travailler en équipe et de trouver des améliorations à apporter à une organisation toujours en croissance.</span></p></blockquote>
<h4>Présentation</h4>
<p><a href="https://cimbcc.org/test2/wp-content/uploads/photo_honor_renaud_04.jpg"><img loading="lazy" decoding="async" class="aligncenter size-full wp-image-16056" src="https://cimbcc.org/test2/wp-content/uploads/photo_honor_renaud_04.jpg" alt="photo_honor_renaud_04" width="360" height="504" srcset="https://cimbcc.org/test2/wp-content/uploads/photo_honor_renaud_04.jpg 360w, https://cimbcc.org/test2/wp-content/uploads/photo_honor_renaud_04-214x300.jpg 214w" sizes="auto, (max-width: 360px) 100vw, 360px" /></a>Née en 1946, elle habite Saint-Bruno. Elle obtient un diplôme en 1967 de l&rsquo;Université de Montréal, Baccalauréat Es-Sciences (Nutrition).</p>
<p>Diététiste de formation, elle occupe plusieurs postes en santé et devient responsable du Service alimentaire dans un hôpital de Montréal jusqu&rsquo;à sa retraite.</p>
<h4>Implication au Club informatique</h4>
<h5><em><strong>Découvre le Club informatique en 1985</strong></em></h5>
<p>Elle joint les quelques membres du Club en 1985. Le but est d&rsquo;apprendre davantage dans le domaine de l&rsquo;informatique par le travail d&rsquo;équipe. Le Club existe alors seulement depuis deux ans.</p>
<h5><strong><em>Présidente du Conseil d&rsquo;administration du Club, 1989 &#8211; 1990</em></strong></h5>
<p>Elle a comme objectif d&rsquo;organiser les activités qui répondent aux besoins des membres et de mettre à contribution des bénévoles qui veulent partager leurs connaissances.</p>
<h5><strong><em>Trésorière du Conseil d&rsquo;administration du Club, 2003 &#8211; 2005</em></strong></h5>
<p>La mise sur pied d&rsquo;outils de trésorerie devient une priorité à ses yeux. Le système qu&rsquo;elle développe est simple et efficace. Il est toujours en vigueur en 2016. Il répond aux besoins de précision et de contrôle.</p>
<p><span style="color: #333333;">L&rsquo;informatique est en constante évolution et réfléchir ensemble est un moyen pour dégager les priorités. Son authenticité et sa générosité ont bien servi la cause et donné au Club une solidité basée sur les valeurs de l&rsquo;entraide.</span></p>
<h5><strong><em>Retour en 2014 en soutien à 14 ateliers offerts aux membres</em></strong></h5>
<p>Le Club recherche une personne pour prendre la relève à un poste essentiel au maintien des ateliers. Geneviève est sollicitée. Elle aurait des raisons de dire non, mais elle accepte. Ses connaissances en bureautique sont mises à contribution dans le travail de traitement des inscriptions. À nouveau, elle donne de son temps et contribue au partage des connaissances.</p>
<div id='gallery-1' class='gallery galleryid-15098 gallery-columns-2 gallery-size-medium'><figure class='gallery-item'>
			<div class='gallery-icon portrait'>
				<img loading="lazy" decoding="async" width="214" height="300" src="https://cimbcc.org/test2/wp-content/uploads/photo_honor_renaud_05-214x300.jpg" class="attachment-medium size-medium" alt="photo_honor_renaud_05" srcset="https://cimbcc.org/test2/wp-content/uploads/photo_honor_renaud_05-214x300.jpg 214w, https://cimbcc.org/test2/wp-content/uploads/photo_honor_renaud_05.jpg 360w" sizes="auto, (max-width: 214px) 100vw, 214px" />
			</div></figure><figure class='gallery-item'>
			<div class='gallery-icon portrait'>
				<img loading="lazy" decoding="async" width="214" height="300" src="https://cimbcc.org/test2/wp-content/uploads/photo_honor_renaud_03-214x300.jpg" class="attachment-medium size-medium" alt="photo_honor_renaud_03" srcset="https://cimbcc.org/test2/wp-content/uploads/photo_honor_renaud_03-214x300.jpg 214w, https://cimbcc.org/test2/wp-content/uploads/photo_honor_renaud_03.jpg 360w" sizes="auto, (max-width: 214px) 100vw, 214px" />
			</div></figure>
		</div>

<h4>Ses passions sont variées :</h4>
<ul>
<li>l’informatique qu’elle utilise pour son travail bénévole, en tant que soutien en bureautique à l’Orchestre symphonique de Longueuil, de septembre à mai ;</li>
<li>le golf qu&rsquo;elle pratique assidûment de mai à septembre ;</li>
<li>le conditionnement physique qu’elle trouve essentiel à son bien-être ;</li>
<li>la lecture qu’elle savoure quotidiennement.</li>
</ul>
<p>Geneviève a été reconnue membre honoraire du Club en décembre 2013.</p>
<p>&nbsp;</p>
<address><span style="font-size: x-small;">Dernière révision de cette page : août 2024.<br />
</span><span style="font-size: x-small;">Responsable de la mise à jour de cette page : Richard Gervais. </span></address>

<p>Elle est désignée membre honoraire du Club en 2013 pour sa contribution à l&rsquo;avancement du Club. Possédant des qualités de rassembleuse, elle a été pour les autres une source d&rsquo;inspiration par son attitude en donnant le goût de travailler en équipe et de trouver des améliorations à apporter à une organisation toujours en croissance. Présentation &hellip; <a href="https://cimbcc.org/test2/a-propos-du-club/nos-membres-honoraires/genevieve-renaud/" class="more-link">Continuer la lecture de <span class="screen-reader-text">Geneviève Renaud</span>  <span class="meta-nav">&rarr;</span></a></p>
