{"id":15101,"date":"2016-07-03T18:42:08","date_gmt":"2016-07-03T22:42:08","guid":{"rendered":"https:\/\/cimbcc.org\/test2\/?page_id=15101"},"modified":"2024-08-02T21:30:29","modified_gmt":"2024-08-03T01:30:29","slug":"albert-richard","status":"publish","type":"page","link":"https:\/\/cimbcc.org\/test2\/a-propos-du-club\/nos-membres-honoraires\/albert-richard\/","title":{"rendered":"Albert Richard"},"content":{"rendered":"<blockquote><p><span style=\"color: #333333;\">Albert a accompli un travail \u00e9norme pour perfectionner la base de donn\u00e9es d\u00e9j\u00e0 existante du Club afin de la rendre plus performante et plus efficace. Il est aussi connu pour son importante contribution au CHIP par des articles mensuels sous la rubrique \u00ab <em>Suggestions de sites d&rsquo;Albert \u00bb<\/em>.<\/span><\/p><\/blockquote>\n<h4>Pr\u00e9sentation<\/h4>\n<p>Albert est n\u00e9 le 8 d\u00e9cembre 1933. Il a fait son cours classique au Coll\u00e8ge Ste-Marie \u00e0 Montr\u00e9al. Il a travaill\u00e9 dans les communications au Canadien National. Il a aussi g\u00e9r\u00e9 la caisse d\u2019\u00e9conomie des employ\u00e9s du t\u00e9l\u00e9graphe. Il est maintenant retrait\u00e9.<\/p>\n<p>Son dernier employeur a \u00e9t\u00e9 T\u00e9l\u00e9communications au Canadien National et filiale pendant 37 ans. Cette compagnie a chang\u00e9 de nom \u00e0 quelques reprises : CN Telegraph, CN T\u00e9l\u00e9communication, CN CP T\u00e9l\u00e9com United, ATT Canada,\u00a0 pour finalement s\u2019appeler Allstream-MTS.<\/p>\n<h4>Contributions au Club<\/h4>\n<figure id=\"attachment_16971\" aria-describedby=\"caption-attachment-16971\" style=\"width: 500px\" class=\"wp-caption aligncenter\"><img loading=\"lazy\" decoding=\"async\" class=\"wp-image-16971 size-full\" src=\"https:\/\/cimbcc.org\/test2\/wp-content\/uploads\/photo_honor_bergeron_04.jpg\" alt=\"photo_honor_bergeron_04\" width=\"500\" height=\"360\" srcset=\"https:\/\/cimbcc.org\/test2\/wp-content\/uploads\/photo_honor_bergeron_04.jpg 500w, https:\/\/cimbcc.org\/test2\/wp-content\/uploads\/photo_honor_bergeron_04-300x216.jpg 300w\" sizes=\"auto, (max-width: 500px) 100vw, 500px\" \/><figcaption id=\"caption-attachment-16971\" class=\"wp-caption-text\">Andr\u00e9 Bergeron et Albert Richard, Vieux Presbyt\u00e8re, 2000<\/figcaption><\/figure>\n<p>Il est devenu membre du Club en septembre 1998 et est b\u00e9n\u00e9vole depuis son adh\u00e9sion.\u00a0Au d\u00e9but, comme b\u00e9n\u00e9vole, il a fait quelques pr\u00e9sentations.<\/p>\n<p>En quelques ann\u00e9es, il a accompli un travail \u00e9norme pour perfectionner la base de donn\u00e9es d\u00e9j\u00e0 existante, pour la rendre plus performante et plus efficace. De plus, il a contribu\u00e9 inlassablement au CHIP pendant plusieurs ann\u00e9es en \u00e9crivant chaque mois des articles sous la rubrique \u00ab <em>Suggestions de sites d&rsquo;Albert \u00bb<\/em>.<\/p>\n<p>Il a fait partie aussi de l\u2019\u00e9quipe pour l\u2019assistance par courriel.<\/p>\n<p>Albert a \u00e9t\u00e9 reconnu membre honoraire du Club en mai 2016.<\/p>\n<p>M. Richard est d\u00e9c\u00e9d\u00e9 le 15 novembre 2023 \u00e0 l&rsquo;\u00e2ge de 89 ans.<\/p>\n<p>&nbsp;<\/p>\n<address><span style=\"font-size: x-small;\">Derni\u00e8re r\u00e9vision de cette page : ao\u00fbt 2024.<br \/>\n<\/span><span style=\"font-size: x-small;\">Responsable de la mise \u00e0 jour de cette page : Richard Gervais.\u00a0<\/span><\/address>\n","protected":false},"excerpt":{"rendered":"<p>Albert a accompli un travail \u00e9norme pour perfectionner la base de donn\u00e9es d\u00e9j\u00e0 existante du Club afin de la rendre plus performante et plus efficace. Il est aussi connu pour son importante contribution au CHIP par des articles mensuels sous la rubrique \u00ab Suggestions de sites d&rsquo;Albert \u00bb. Pr\u00e9sentation Albert est n\u00e9 le 8 d\u00e9cembre &hellip; <a href=\"https:\/\/cimbcc.org\/test2\/a-propos-du-club\/nos-membres-honoraires\/albert-richard\/\" class=\"more-link\">Continuer la lecture de <span class=\"screen-reader-text\">Albert Richard<\/span>  <span class=\"meta-nav\">&rarr;<\/span><\/a><\/p>\n","protected":false},"author":3,"featured_media":16017,"parent":15064,"menu_order":80,"comment_status":"closed","ping_status":"closed","template":"","meta":{"footnotes":""},"class_list":["post-15101","page","type-page","status-publish","has-post-thumbnail","hentry"],"_links":{"self":[{"href":"https:\/\/cimbcc.org\/test2\/wp-json\/wp\/v2\/pages\/15101","targetHints":{"allow":["GET"]}}],"collection":[{"href":"https:\/\/cimbcc.org\/test2\/wp-json\/wp\/v2\/pages"}],"about":[{"href":"https:\/\/cimbcc.org\/test2\/wp-json\/wp\/v2\/types\/page"}],"author":[{"embeddable":true,"href":"https:\/\/cimbcc.org\/test2\/wp-json\/wp\/v2\/users\/3"}],"replies":[{"embeddable":true,"href":"https:\/\/cimbcc.org\/test2\/wp-json\/wp\/v2\/comments?post=15101"}],"version-history":[{"count":23,"href":"https:\/\/cimbcc.org\/test2\/wp-json\/wp\/v2\/pages\/15101\/revisions"}],"predecessor-version":[{"id":49837,"href":"https:\/\/cimbcc.org\/test2\/wp-json\/wp\/v2\/pages\/15101\/revisions\/49837"}],"up":[{"embeddable":true,"href":"https:\/\/cimbcc.org\/test2\/wp-json\/wp\/v2\/pages\/15064"}],"wp:featuredmedia":[{"embeddable":true,"href":"https:\/\/cimbcc.org\/test2\/wp-json\/wp\/v2\/media\/16017"}],"wp:attachment":[{"href":"https:\/\/cimbcc.org\/test2\/wp-json\/wp\/v2\/media?parent=15101"}],"curies":[{"name":"wp","href":"https:\/\/api.w.org\/{rel}","templated":true}]}}