{"id":17805,"date":"2017-05-01T10:29:33","date_gmt":"2017-05-01T14:29:33","guid":{"rendered":"https:\/\/cimbcc.org\/test2\/?page_id=17805"},"modified":"2026-02-16T05:46:39","modified_gmt":"2026-02-16T10:46:39","slug":"roch-lafrance","status":"publish","type":"page","link":"https:\/\/cimbcc.org\/test2\/a-propos-du-club\/nos-membres-honoraires\/roch-lafrance\/","title":{"rendered":"Roch Lafrance"},"content":{"rendered":"\n<blockquote class=\"wp-block-quote is-layout-flow wp-block-quote-is-layout-flow\">\n<p class=\"has-text-align-left\"><span style=\"color: #333333;\">Exceptionnellement, il y a eu deux pr\u00e9sidents au Club informatique pour la saison 1993-1994 : Gerry Roy \u00e0 l\u2019automne 1993 et Michel Paul au printemps 1994.<\/span><\/p>\n\n\n\n<p class=\"has-text-align-left\"><span style=\"color: #333333;\">Roch Lafrance a joint le Club \u00e0 ce moment-l\u00e0. Imm\u00e9diatement, il s\u2019est int\u00e9ress\u00e9 aux activit\u00e9s du conseil d\u2019administration et il s\u2019est pr\u00e9sent\u00e9 comme vice-pr\u00e9sident d\u00e8s l\u2019automne 1994, soit durant la pr\u00e9sidence de Michel Paul. Selon les r\u00e8gles du Club, il succ\u00e8dera \u00e0 ce dernier en tant que pr\u00e9sident la saison suivante, 1995-1996.<\/span><\/p>\n<\/blockquote>\n\n\n<div class=\"wp-block-image wp-image-17810 size-full\">\n<figure class=\"aligncenter\"><img loading=\"lazy\" decoding=\"async\" width=\"360\" height=\"504\" src=\"https:\/\/cimbcc.org\/test2\/wp-content\/uploads\/photo_honor_lafrance_03.jpg\" alt=\"photo_honor_lafrance_03\" class=\"wp-image-17810\" srcset=\"https:\/\/cimbcc.org\/test2\/wp-content\/uploads\/photo_honor_lafrance_03.jpg 360w, https:\/\/cimbcc.org\/test2\/wp-content\/uploads\/photo_honor_lafrance_03-214x300.jpg 214w\" sizes=\"auto, (max-width: 360px) 100vw, 360px\" \/><figcaption class=\"wp-element-caption\">Roch Lafrance, 2006<\/figcaption><\/figure>\n<\/div>\n\n\n<h4 class=\"wp-block-heading\"><strong>Consolidation des activit\u00e9s du Club<\/strong><\/h4>\n\n\n\n<p>Tout de suite, il a voulu favoriser une meilleure communication entre les membres en encourageant un usage plus r\u00e9pandu de notre <a href=\"https:\/\/fr.wikipedia.org\/wiki\/Bulletin_board_system\" target=\"_blank\" rel=\"noopener\">BBS<\/a>. De plus, il a continu\u00e9 \u00e0 appliquer la nouvelle vision du fonctionnement du Club implant\u00e9e par Michel Paul et, d\u00e8s le d\u00e9part, il s\u2019est appliqu\u00e9 \u00e0 consolider les activit\u00e9s qui \u00e9taient d\u00e9j\u00e0 au programme du Club et \u00e0 en ajouter de nouvelles.<\/p>\n\n\n<div class=\"wp-block-image wp-image-17813 size-full\">\n<figure class=\"aligncenter\"><img loading=\"lazy\" decoding=\"async\" width=\"500\" height=\"360\" src=\"https:\/\/cimbcc.org\/test2\/wp-content\/uploads\/photo_honor_lafrance_04.jpg\" alt=\"photo_honor_lafrance_04\" class=\"wp-image-17813\" srcset=\"https:\/\/cimbcc.org\/test2\/wp-content\/uploads\/photo_honor_lafrance_04.jpg 500w, https:\/\/cimbcc.org\/test2\/wp-content\/uploads\/photo_honor_lafrance_04-300x216.jpg 300w\" sizes=\"auto, (max-width: 500px) 100vw, 500px\" \/><figcaption class=\"wp-element-caption\">Comit\u00e9 de travail, 2000<\/figcaption><\/figure>\n<\/div>\n\n\n<h4 class=\"wp-block-heading\"><strong>\u00c9v\u00e9nements sp\u00e9ciaux<\/strong><\/h4>\n\n\n\n<p>Les festivit\u00e9s du 150<sup>e<\/sup> anniversaire de Saint-Bruno ont d\u00e9but\u00e9 aux premiers jours de son mandat. Aussit\u00f4t, il y a vu une occasion de faire conna\u00eetre le Club \u00e0 la population de la ville. Il a rassembl\u00e9 une \u00e9quipe de membres exp\u00e9riment\u00e9s avec qui il a pr\u00e9sent\u00e9, au Vieux Presbyt\u00e8re, une exposition qui avait pour th\u00e8me : <em>Communications et Ordinateurs<\/em>. Ce fut un succ\u00e8s, car le deuxi\u00e8me \u00e9tage du Vieux Presbyt\u00e8re a \u00e9t\u00e9 envahi par une foule de curieux voulant conna\u00eetre notre Club.<\/p>\n\n\n<div class=\"wp-block-image wp-image-17816 size-full\">\n<figure class=\"aligncenter\"><img loading=\"lazy\" decoding=\"async\" width=\"500\" height=\"360\" src=\"https:\/\/cimbcc.org\/test2\/wp-content\/uploads\/photo_honor_lafrance_05.jpg\" alt=\"photo_honor_lafrance_05\" class=\"wp-image-17816\" srcset=\"https:\/\/cimbcc.org\/test2\/wp-content\/uploads\/photo_honor_lafrance_05.jpg 500w, https:\/\/cimbcc.org\/test2\/wp-content\/uploads\/photo_honor_lafrance_05-300x216.jpg 300w\" sizes=\"auto, (max-width: 500px) 100vw, 500px\" \/><figcaption class=\"wp-element-caption\">Robert Bujold, Roch Lafrance, 2008<\/figcaption><\/figure>\n<\/div>\n\n\n<h4 class=\"wp-block-heading\"><strong>\u00c9mergence de l&rsquo;Internet<\/strong><\/h4>\n\n\n\n<p>Il faut dire aussi qu\u2019\u00e0 ce moment-l\u00e0, la curiosit\u00e9 des gens pour l\u2019ordinateur grandissait \u00e0 vue d\u2019\u0153il parce qu\u2019on parlait de plus en plus de l\u2019\u00e9mergence d\u2019<strong>Internet<\/strong>. Roch, avec la complicit\u00e9 de Bill Petrie alors vice-pr\u00e9sident, avait d\u00e9j\u00e0 commenc\u00e9 \u00e0 en parler. Et quoi de mieux que de pr\u00e9senter aux gens de Saint-Bruno ce nouveau moyen de communication \u00e0 l\u2019occasion de cette exposition !<\/p>\n\n\n\n<p>D\u00e8s les premiers mois de la saison, le sujet des communications par Internet \u00e9tait souvent au programme des rencontres. Il devenait \u00e9vident que le Club allait d\u00e9laisser sa connexion BBS pour une connexion Internet. Un nouveau monde s\u2019ouvrait alors aux membres du Club qui en accueillit de nouveaux, dont plusieurs venaient des municipalit\u00e9s environnantes. Roch devait g\u00e9rer cette nouvelle visibilit\u00e9 \u00e9largie et le nombre de r\u00e9unions a tr\u00e8s vite augment\u00e9 avec l\u2019enseignement de nouvelles applications de <em>Microsoft<\/em> et d\u2019<em>Apple<\/em>.<\/p>\n\n\n<div class=\"wp-block-image wp-image-17821 size-full\">\n<figure class=\"aligncenter\"><img loading=\"lazy\" decoding=\"async\" width=\"500\" height=\"360\" src=\"https:\/\/cimbcc.org\/test2\/wp-content\/uploads\/photo_honor_lafrance_06.jpg\" alt=\"photo_honor_lafrance_06\" class=\"wp-image-17821\" srcset=\"https:\/\/cimbcc.org\/test2\/wp-content\/uploads\/photo_honor_lafrance_06.jpg 500w, https:\/\/cimbcc.org\/test2\/wp-content\/uploads\/photo_honor_lafrance_06-300x216.jpg 300w\" sizes=\"auto, (max-width: 500px) 100vw, 500px\" \/><figcaption class=\"wp-element-caption\">Pr\u00e9sentation, 2002<\/figcaption><\/figure>\n<\/div>\n\n\n<h4 class=\"wp-block-heading\"><strong>Autres contributions au Club<\/strong><\/h4>\n\n\n\n<p>Un autre pas a \u00e9t\u00e9 franchi au cours du mandat de Roch. Pour faire suite \u00e0 la suggestion de plusieurs membres, il a \u00e9t\u00e9 propos\u00e9 lors d\u2019une assembl\u00e9e sp\u00e9ciale du conseil d\u2019administration de faire les d\u00e9marches officielles pour renouveler la constitution du Club aupr\u00e8s des autorit\u00e9s juridiques. Avec le consensus des membres, la demande a \u00e9t\u00e9 envoy\u00e9e \u00e0 Qu\u00e9bec et, le 17 octobre 1996, notre demande fut accept\u00e9e et notre d\u00e9nomination sociale est devenue le <strong>Club informatique Mont-Bruno \u2014 Mont-Bruno Computer Club.<\/strong><\/p>\n\n\n\n<p>Une fois son mandat termin\u00e9, Roch a continu\u00e9 \u00e0 aider le conseil d\u2019administration en tant que pr\u00e9sident sortant. Ses activit\u00e9s au Club furent vari\u00e9es. Il s\u2019est occup\u00e9 de la publicit\u00e9. Il a pris en charge la planification du programme annuel des <a href=\"https:\/\/fr.wikipedia.org\/wiki\/P%C3%B4le_d%27int%C3%A9r%C3%AAt_commun\" target=\"_blank\" rel=\"noopener\">SIG<\/a>\u2019s qui \u00e9taient en plein essor et qui deviendront plus tard les ateliers du Club. Il a organis\u00e9 \u00e9galement plusieurs r\u00e9unions du conseil d\u2019administration \u00e0 son domicile pour planifier le calendrier des s\u00e9ances d\u2019information des saisons qui se sont succ\u00e9d\u00e9. Il a aussi particip\u00e9 \u00e0 toutes les journ\u00e9es \u00ab <em>portes ouvertes<\/em> \u00bb annuelles.<\/p>\n\n\n\n<p>Parce que le nombre d\u2019activit\u00e9s augmentait sans cesse, il a d\u00fb trouver des locaux additionnels et faire les r\u00e9servations aupr\u00e8s des autorit\u00e9s. Il a continu\u00e9 ainsi jusqu\u2019\u00e0 son accident vasculaire c\u00e9r\u00e9bral de juin 2003 qui l\u2019a forc\u00e9 au repos pendant un certain temps.<\/p>\n\n\n\n<h4 class=\"wp-block-heading\"><strong>Sites Web<\/strong><\/h4>\n\n\n\n<p>Mais Roch ne s\u2019est pas repos\u00e9 trop longtemps. Apr\u00e8s avoir assist\u00e9 \u00e0 quelques r\u00e9unions de l\u2019atelier de Jean Presne, il a cr\u00e9\u00e9 son propre site <strong><a href=\"https:\/\/aphasiquerl.com\/\" target=\"_blank\" rel=\"noopener\">aphasiquerl.com<\/a><\/strong>&nbsp;qu\u2019il a mis sur Internet. Sa page Web est visit\u00e9e par des internautes de partout dans le monde, particuli\u00e8rement dans les pays francophones. Il a d\u00e9j\u00e0 accumul\u00e9 plus de 20 000 vues. Il travaille pr\u00e9sentement \u00e0 la traduction de son site en anglais.<\/p>\n\n\n\n<p>Il est actuellement responsable de la page <strong><a href=\"https:\/\/cimbcc.org\/test2\/creations-des-membres-maj\" target=\"_blank\" rel=\"noopener\">Cr\u00e9ations des membres<\/a><\/strong> du site du Club. On peut y trouver des liens vers des sites cr\u00e9\u00e9s par des membres du Club comme Oscar Bigras, R\u00e9jean C\u00f4t\u00e9,&nbsp; Fran\u00e7ois Dub\u00e9, Gilbert Girard, Roch Lafrance, Albert Pelsser, Danielle Provost et Johanne Charron.<\/p>\n\n\n\n<p>Et il continue; il a pr\u00e9sent\u00e9 son site <a href=\"https:\/\/aphasiquerl.com\/\" target=\"_blank\" rel=\"noopener\">aphasiquerl.com<\/a> &nbsp;lors d\u2019une rencontre de l\u2019atelier de Jean&nbsp;Presne le 14&nbsp;mars 2017.<\/p>\n\n\n\n<h4 class=\"wp-block-heading\"><strong>Membre honoraire<\/strong><\/h4>\n\n\n\n<figure class=\"wp-block-gallery has-nested-images columns-3 is-cropped wp-block-gallery-1 is-layout-flex wp-block-gallery-is-layout-flex\">\n\n\n\n<\/figure>\n\n\n\n<p>Roch est donc un b\u00e9n\u00e9vole actif depuis les tout premiers jours o\u00f9 il a joint le Club en 1994. Et oui, apr\u00e8s 23 ans de b\u00e9n\u00e9volat au Club, Roch m\u00e9rite amplement sa plaque de membre honoraire en mai 2017.<\/p>\n\n\n\n<p>&nbsp;<\/p>\n\n\n\n<address><span style=\"font-size: x-small;\">Derni\u00e8re r\u00e9vision de cette page : ao\u00fbt 2024.<br \/><\/span><span style=\"font-size: x-small;\">Responsable de la mise \u00e0 jour de cette page : Richard Gervais.\u00a0<\/span><\/address>\n","protected":false},"excerpt":{"rendered":"<p>Exceptionnellement, il y a eu deux pr\u00e9sidents au Club informatique pour la saison 1993-1994 : Gerry Roy \u00e0 l\u2019automne 1993 et Michel Paul au printemps 1994. Roch Lafrance a joint le Club \u00e0 ce moment-l\u00e0. Imm\u00e9diatement, il s\u2019est int\u00e9ress\u00e9 aux activit\u00e9s du conseil d\u2019administration et il s\u2019est pr\u00e9sent\u00e9 comme vice-pr\u00e9sident d\u00e8s l\u2019automne 1994, soit durant &hellip; <a href=\"https:\/\/cimbcc.org\/test2\/a-propos-du-club\/nos-membres-honoraires\/roch-lafrance\/\" class=\"more-link\">Continuer la lecture de <span class=\"screen-reader-text\">Roch Lafrance<\/span>  <span class=\"meta-nav\">&rarr;<\/span><\/a><\/p>\n","protected":false},"author":32,"featured_media":17860,"parent":15064,"menu_order":40,"comment_status":"closed","ping_status":"closed","template":"","meta":{"footnotes":""},"class_list":["post-17805","page","type-page","status-publish","has-post-thumbnail","hentry"],"_links":{"self":[{"href":"https:\/\/cimbcc.org\/test2\/wp-json\/wp\/v2\/pages\/17805","targetHints":{"allow":["GET"]}}],"collection":[{"href":"https:\/\/cimbcc.org\/test2\/wp-json\/wp\/v2\/pages"}],"about":[{"href":"https:\/\/cimbcc.org\/test2\/wp-json\/wp\/v2\/types\/page"}],"author":[{"embeddable":true,"href":"https:\/\/cimbcc.org\/test2\/wp-json\/wp\/v2\/users\/32"}],"replies":[{"embeddable":true,"href":"https:\/\/cimbcc.org\/test2\/wp-json\/wp\/v2\/comments?post=17805"}],"version-history":[{"count":34,"href":"https:\/\/cimbcc.org\/test2\/wp-json\/wp\/v2\/pages\/17805\/revisions"}],"predecessor-version":[{"id":53929,"href":"https:\/\/cimbcc.org\/test2\/wp-json\/wp\/v2\/pages\/17805\/revisions\/53929"}],"up":[{"embeddable":true,"href":"https:\/\/cimbcc.org\/test2\/wp-json\/wp\/v2\/pages\/15064"}],"wp:featuredmedia":[{"embeddable":true,"href":"https:\/\/cimbcc.org\/test2\/wp-json\/wp\/v2\/media\/17860"}],"wp:attachment":[{"href":"https:\/\/cimbcc.org\/test2\/wp-json\/wp\/v2\/media?parent=17805"}],"curies":[{"name":"wp","href":"https:\/\/api.w.org\/{rel}","templated":true}]}}

<blockquote class="wp-block-quote is-layout-flow wp-block-quote-is-layout-flow">
<p class="has-text-align-left"><span style="color: #333333;">Exceptionnellement, il y a eu deux présidents au Club informatique pour la saison 1993-1994 : Gerry Roy à l’automne 1993 et Michel Paul au printemps 1994.</span></p>



<p class="has-text-align-left"><span style="color: #333333;">Roch Lafrance a joint le Club à ce moment-là. Immédiatement, il s’est intéressé aux activités du conseil d’administration et il s’est présenté comme vice-président dès l’automne 1994, soit durant la présidence de Michel Paul. Selon les règles du Club, il succèdera à ce dernier en tant que président la saison suivante, 1995-1996.</span></p>
</blockquote>


<div class="wp-block-image wp-image-17810 size-full">
<figure class="aligncenter"><img loading="lazy" decoding="async" width="360" height="504" src="https://cimbcc.org/test2/wp-content/uploads/photo_honor_lafrance_03.jpg" alt="photo_honor_lafrance_03" class="wp-image-17810" srcset="https://cimbcc.org/test2/wp-content/uploads/photo_honor_lafrance_03.jpg 360w, https://cimbcc.org/test2/wp-content/uploads/photo_honor_lafrance_03-214x300.jpg 214w" sizes="auto, (max-width: 360px) 100vw, 360px" /><figcaption class="wp-element-caption">Roch Lafrance, 2006</figcaption></figure>
</div>


<h4 class="wp-block-heading"><strong>Consolidation des activités du Club</strong></h4>



<p>Tout de suite, il a voulu favoriser une meilleure communication entre les membres en encourageant un usage plus répandu de notre <a href="https://fr.wikipedia.org/wiki/Bulletin_board_system" target="_blank" rel="noopener">BBS</a>. De plus, il a continué à appliquer la nouvelle vision du fonctionnement du Club implantée par Michel Paul et, dès le départ, il s’est appliqué à consolider les activités qui étaient déjà au programme du Club et à en ajouter de nouvelles.</p>


<div class="wp-block-image wp-image-17813 size-full">
<figure class="aligncenter"><img loading="lazy" decoding="async" width="500" height="360" src="https://cimbcc.org/test2/wp-content/uploads/photo_honor_lafrance_04.jpg" alt="photo_honor_lafrance_04" class="wp-image-17813" srcset="https://cimbcc.org/test2/wp-content/uploads/photo_honor_lafrance_04.jpg 500w, https://cimbcc.org/test2/wp-content/uploads/photo_honor_lafrance_04-300x216.jpg 300w" sizes="auto, (max-width: 500px) 100vw, 500px" /><figcaption class="wp-element-caption">Comité de travail, 2000</figcaption></figure>
</div>


<h4 class="wp-block-heading"><strong>Événements spéciaux</strong></h4>



<p>Les festivités du 150<sup>e</sup> anniversaire de Saint-Bruno ont débuté aux premiers jours de son mandat. Aussitôt, il y a vu une occasion de faire connaître le Club à la population de la ville. Il a rassemblé une équipe de membres expérimentés avec qui il a présenté, au Vieux Presbytère, une exposition qui avait pour thème : <em>Communications et Ordinateurs</em>. Ce fut un succès, car le deuxième étage du Vieux Presbytère a été envahi par une foule de curieux voulant connaître notre Club.</p>


<div class="wp-block-image wp-image-17816 size-full">
<figure class="aligncenter"><img loading="lazy" decoding="async" width="500" height="360" src="https://cimbcc.org/test2/wp-content/uploads/photo_honor_lafrance_05.jpg" alt="photo_honor_lafrance_05" class="wp-image-17816" srcset="https://cimbcc.org/test2/wp-content/uploads/photo_honor_lafrance_05.jpg 500w, https://cimbcc.org/test2/wp-content/uploads/photo_honor_lafrance_05-300x216.jpg 300w" sizes="auto, (max-width: 500px) 100vw, 500px" /><figcaption class="wp-element-caption">Robert Bujold, Roch Lafrance, 2008</figcaption></figure>
</div>


<h4 class="wp-block-heading"><strong>Émergence de l&rsquo;Internet</strong></h4>



<p>Il faut dire aussi qu’à ce moment-là, la curiosité des gens pour l’ordinateur grandissait à vue d’œil parce qu’on parlait de plus en plus de l’émergence d’<strong>Internet</strong>. Roch, avec la complicité de Bill Petrie alors vice-président, avait déjà commencé à en parler. Et quoi de mieux que de présenter aux gens de Saint-Bruno ce nouveau moyen de communication à l’occasion de cette exposition !</p>



<p>Dès les premiers mois de la saison, le sujet des communications par Internet était souvent au programme des rencontres. Il devenait évident que le Club allait délaisser sa connexion BBS pour une connexion Internet. Un nouveau monde s’ouvrait alors aux membres du Club qui en accueillit de nouveaux, dont plusieurs venaient des municipalités environnantes. Roch devait gérer cette nouvelle visibilité élargie et le nombre de réunions a très vite augmenté avec l’enseignement de nouvelles applications de <em>Microsoft</em> et d’<em>Apple</em>.</p>


<div class="wp-block-image wp-image-17821 size-full">
<figure class="aligncenter"><img loading="lazy" decoding="async" width="500" height="360" src="https://cimbcc.org/test2/wp-content/uploads/photo_honor_lafrance_06.jpg" alt="photo_honor_lafrance_06" class="wp-image-17821" srcset="https://cimbcc.org/test2/wp-content/uploads/photo_honor_lafrance_06.jpg 500w, https://cimbcc.org/test2/wp-content/uploads/photo_honor_lafrance_06-300x216.jpg 300w" sizes="auto, (max-width: 500px) 100vw, 500px" /><figcaption class="wp-element-caption">Présentation, 2002</figcaption></figure>
</div>


<h4 class="wp-block-heading"><strong>Autres contributions au Club</strong></h4>



<p>Un autre pas a été franchi au cours du mandat de Roch. Pour faire suite à la suggestion de plusieurs membres, il a été proposé lors d’une assemblée spéciale du conseil d’administration de faire les démarches officielles pour renouveler la constitution du Club auprès des autorités juridiques. Avec le consensus des membres, la demande a été envoyée à Québec et, le 17 octobre 1996, notre demande fut acceptée et notre dénomination sociale est devenue le <strong>Club informatique Mont-Bruno — Mont-Bruno Computer Club.</strong></p>



<p>Une fois son mandat terminé, Roch a continué à aider le conseil d’administration en tant que président sortant. Ses activités au Club furent variées. Il s’est occupé de la publicité. Il a pris en charge la planification du programme annuel des <a href="https://fr.wikipedia.org/wiki/P%C3%B4le_d%27int%C3%A9r%C3%AAt_commun" target="_blank" rel="noopener">SIG</a>’s qui étaient en plein essor et qui deviendront plus tard les ateliers du Club. Il a organisé également plusieurs réunions du conseil d’administration à son domicile pour planifier le calendrier des séances d’information des saisons qui se sont succédé. Il a aussi participé à toutes les journées « <em>portes ouvertes</em> » annuelles.</p>



<p>Parce que le nombre d’activités augmentait sans cesse, il a dû trouver des locaux additionnels et faire les réservations auprès des autorités. Il a continué ainsi jusqu’à son accident vasculaire cérébral de juin 2003 qui l’a forcé au repos pendant un certain temps.</p>



<h4 class="wp-block-heading"><strong>Sites Web</strong></h4>



<p>Mais Roch ne s’est pas reposé trop longtemps. Après avoir assisté à quelques réunions de l’atelier de Jean Presne, il a créé son propre site <strong><a href="https://aphasiquerl.com/" target="_blank" rel="noopener">aphasiquerl.com</a></strong>&nbsp;qu’il a mis sur Internet. Sa page Web est visitée par des internautes de partout dans le monde, particulièrement dans les pays francophones. Il a déjà accumulé plus de 20 000 vues. Il travaille présentement à la traduction de son site en anglais.</p>



<p>Il est actuellement responsable de la page <strong><a href="https://cimbcc.org/test2/creations-des-membres-maj" target="_blank" rel="noopener">Créations des membres</a></strong> du site du Club. On peut y trouver des liens vers des sites créés par des membres du Club comme Oscar Bigras, Réjean Côté,&nbsp; François Dubé, Gilbert Girard, Roch Lafrance, Albert Pelsser, Danielle Provost et Johanne Charron.</p>



<p>Et il continue; il a présenté son site <a href="https://aphasiquerl.com/" target="_blank" rel="noopener">aphasiquerl.com</a> &nbsp;lors d’une rencontre de l’atelier de Jean&nbsp;Presne le 14&nbsp;mars 2017.</p>



<h4 class="wp-block-heading"><strong>Membre honoraire</strong></h4>



<figure class="wp-block-gallery has-nested-images columns-3 is-cropped wp-block-gallery-1 is-layout-flex wp-block-gallery-is-layout-flex">



</figure>



<p>Roch est donc un bénévole actif depuis les tout premiers jours où il a joint le Club en 1994. Et oui, après 23 ans de bénévolat au Club, Roch mérite amplement sa plaque de membre honoraire en mai 2017.</p>



<p>&nbsp;</p>



<address><span style="font-size: x-small;">Dernière révision de cette page : août 2024.<br /></span><span style="font-size: x-small;">Responsable de la mise à jour de cette page : Richard Gervais. </span></address>

<p>Exceptionnellement, il y a eu deux présidents au Club informatique pour la saison 1993-1994 : Gerry Roy à l’automne 1993 et Michel Paul au printemps 1994. Roch Lafrance a joint le Club à ce moment-là. Immédiatement, il s’est intéressé aux activités du conseil d’administration et il s’est présenté comme vice-président dès l’automne 1994, soit durant &hellip; <a href="https://cimbcc.org/test2/a-propos-du-club/nos-membres-honoraires/roch-lafrance/" class="more-link">Continuer la lecture de <span class="screen-reader-text">Roch Lafrance</span>  <span class="meta-nav">&rarr;</span></a></p>
