{"id":21278,"date":"2019-01-05T12:00:48","date_gmt":"2019-01-05T17:00:48","guid":{"rendered":"https:\/\/cimbcc.org\/test2\/?page_id=21278"},"modified":"2025-05-29T05:35:35","modified_gmt":"2025-05-29T09:35:35","slug":"atelier-tablette-android-niveau-intermediaire","status":"publish","type":"page","link":"https:\/\/cimbcc.org\/test2\/partage-de-connaissances\/les-ateliers\/atelier-tablette-android-niveau-intermediaire\/","title":{"rendered":"Android interm\u00e9diaire &#8211; t\u00e9l\u00e9phones et tablettes"},"content":{"rendered":"\n<h2 class=\"wp-block-heading has-text-align-left\"><span style=\"color: #333399;\">\u00c0 qui s\u2019adresse l\u2019atelier<\/span><\/h2>\n\n\n\n<p><span style=\"font-size: 14pt;\">Aux membres qui d\u00e9tiennent un t\u00e9l\u00e9phone ou une tablette Android et qui sont d\u00e9j\u00e0 familiers avec leur appareil.<\/span><\/p>\n\n\n\n<h2 class=\"wp-block-heading\"><span style=\"color: #333399;\">Description de l\u2019atelier<\/span><\/h2>\n\n\n\n<p><span style=\"font-size: 14pt;\">En quatre r\u00e9unions, nous allons :<\/span><\/p>\n\n\n\n<ul class=\"wp-block-list\">\n<li><span style=\"font-size: 14pt;\">R\u00e9viser l\u2019op\u00e9ration et certains param\u00e8tres de fonctionnement des appareils Android;<\/span><\/li>\n\n\n\n<li><span style=\"font-size: 14pt;\">Voir ou revoir les applications qui auront \u00e9t\u00e9 choisies par les participants.<\/span><\/li>\n<\/ul>\n\n\n\n<h2 class=\"wp-block-heading\"><span style=\"color: #333399;\">Mat\u00e9riel utilis\u00e9<\/span><\/h2>\n\n\n\n<ul class=\"wp-block-list\">\n<li><span style=\"font-size: 14pt;\">L\u2019atelier est donn\u00e9 avec un t\u00e9l\u00e9phone Samsung Galaxy S22+\u00a0 op\u00e9rant sous la version <strong>Android 14;<\/strong><\/span><\/li>\n\n\n\n<li><span style=\"font-size: 14pt;\">L\u2019animateur accepte les participants poss\u00e9dant d\u2019autres marques et mod\u00e8les d&rsquo;appareils et\/ou op\u00e9rant sous\u00a0 d&rsquo;autres versions Android.<\/span><span style=\"font-size: 14pt;\"> L&rsquo;utilisation de ces appareils peut pr\u00e9senter des particularit\u00e9s d&rsquo;op\u00e9ration inconnues de l&rsquo;animateur et des difficult\u00e9s d&rsquo;adaptation au contenu de l&rsquo;atelier.\u00a0 Ces participants auront \u00e0 s&rsquo;adapter pour pleinement profiter de l&rsquo;atelier.<\/span><\/li>\n<\/ul>\n\n\n\n<h2 class=\"wp-block-heading\"><span style=\"color: #333399;\">Pr\u00e9cisions<\/span><\/h2>\n\n\n\n<ul class=\"wp-block-list\">\n<li><span style=\"font-size: 14pt;\">Cet atelier est donn\u00e9 en mode hybride, soit en pr\u00e9sentiel et en vid\u00e9oconf\u00e9rence avec l&rsquo;application Zoom;<\/span><\/li>\n\n\n\n<li><span style=\"font-size: 14pt;\">Le participant ne devra pratiquer qu&rsquo;avec un seul appareil Android:\u00a0 t\u00e9l\u00e9phone ou tablette;<\/span><\/li>\n\n\n\n<li><span style=\"font-size: 14pt;\">Lors de votre inscription, vous devrez fournir la<strong> Marque, <\/strong>le<strong> Num\u00e9ro de mod\u00e8le <\/strong>ainsi que la<strong> Version Android<\/strong> de l&rsquo;appareil qui sera utilis\u00e9. <\/span><span style=\"font-size: 14pt;\">Vous trouverez ces informations dans le dernier param\u00e8tre de votre appareil \u00ab <strong>i<\/strong> \u2013 \u00c0 propos de votre appareil\u00bb;<\/span><\/li>\n\n\n\n<li><span style=\"font-size: 14pt;\">Lors de votre inscription, vous devrez sp\u00e9cifier votre pr\u00e9f\u00e9rence: pr\u00e9sentiel ou vid\u00e9oconf\u00e9rence;<\/span><\/li>\n\n\n\n<li><span style=\"font-size: 14pt;\">Pour un meilleur apprentissage, il est sugg\u00e9r\u00e9 d&rsquo;assister aux pr\u00e9sentations de la s\u00e9rie Facile.\u00a0 Pour atteindre le calendrier complet de la s\u00e9rie Facile, <\/span><a style=\"font-size: 14pt;\" href=\"https:\/\/cimbcc.org\/test2\/wp-content\/uploads\/calendrier_serie_facile.pdf\" target=\"_blank\" rel=\"noopener noreferrer\">cliquez ici<\/a><span style=\"font-size: 14pt;\"> .<\/span><\/li>\n<\/ul>\n\n\n\n<h2 class=\"wp-block-heading\"><span style=\"color: #333399;\">Pr\u00e9requis<\/span><\/h2>\n\n\n\n<ul class=\"wp-block-list\">\n<li><span style=\"font-size: 14pt;\">Poss\u00e9der un t\u00e9l\u00e9phone ou une tablette Android;<\/span><\/li>\n\n\n\n<li><span style=\"font-size: 14pt;\">Pour les participants en mode vid\u00e9oconf\u00e9rence, poss\u00e9der une connaissance de base de l&rsquo;application Zoom.\u00a0 Si vous n&rsquo;\u00eates pas familier avec cette application, une Pr\u00e9sentation sur <em>Zoom<\/em>\u00a0aura lieu le vendredi 10 janvier 2025 \u00e0 13h15;<\/span><\/li>\n\n\n\n<li><span style=\"font-size: 14pt;\">S\u2019engager \u00e0 assister aux r\u00e9unions de l\u2019atelier et \u00e0 faire les exercices propos\u00e9s.<\/span><\/li>\n<\/ul>\n\n\n\n<h2 class=\"wp-block-heading\"><span style=\"color: #333399;\">Fonctionnement<\/span><\/h2>\n\n\n\n<ul class=\"wp-block-list\">\n<li><span style=\"font-size: 14pt;\">Sur leur appareil, les participants suivent et reproduisent les d\u00e9monstrations projet\u00e9es \u00e0 l&rsquo;\u00e9cran par l&rsquo;animateur;<\/span><\/li>\n\n\n\n<li><span style=\"font-size: 14pt;\">Pour faciliter l&rsquo;apprentissage, des notes relatives aux r\u00e9unions seront fournies apr\u00e8s chaque r\u00e9union;<\/span><\/li>\n\n\n\n<li><span style=\"font-size: 14pt;\">Les participants sont invit\u00e9s \u00e0 pratiquer les notions apprises en r\u00e9visant les notes fournies.<\/span><\/li>\n<\/ul>\n\n\n\n<h2 class=\"wp-block-heading\"><span style=\"color: #333399;\">Contenu des r\u00e9unions<\/span><\/h2>\n\n\n\n<h4 class=\"wp-block-heading\">R\u00e9union 1<\/h4>\n\n\n\n<ul class=\"wp-block-list\">\n<li><span style=\"font-size: 14pt;\">R\u00e9vision de l&rsquo;op\u00e9ration g\u00e9n\u00e9rale et questions des participants;<\/span><\/li>\n\n\n\n<li><span style=\"font-size: 14pt;\">Revue de quelques param\u00e8tres importants.<\/span><\/li>\n<\/ul>\n\n\n\n<h4 class=\"wp-block-heading\">R\u00e9unions 2, 3 et 4<\/h4>\n\n\n\n<p><span style=\"font-size: 14pt;\">Apr\u00e8s une consultation qui sera faite aupr\u00e8s des participants, en blocs d&rsquo;environ une heure, nous aborderons 6 sujets parmi les suivants:<\/span><\/p>\n\n\n\n<ul class=\"wp-block-list\">\n<li><span style=\"font-size: 14pt;\">Application <strong>Google<\/strong> et l&rsquo;<strong>Assistant<\/strong> Vocal<\/span><\/li>\n\n\n\n<li><span style=\"font-size: 14pt;\">Entretenir et simplifier l&rsquo;utilisation de notre appareil<\/span><\/li>\n\n\n\n<li><span style=\"font-size: 14pt;\">Application \u00ab<strong>Mes fichiers<\/strong>\u00bb de Samsung<\/span><\/li>\n\n\n\n<li><span style=\"font-size: 14pt;\">GPS avec <strong>Google Maps<\/strong>, <strong>Maps.Me<\/strong> et <strong>Waze<\/strong><\/span><\/li>\n\n\n\n<li><span style=\"font-size: 14pt;\">Lecture de livres avec l&rsquo;application <strong>Cantook<\/strong><\/span><\/li>\n\n\n\n<li><span style=\"font-size: 14pt;\"><strong>Messenger<\/strong> de Facebook<\/span><\/li>\n\n\n\n<li><span style=\"font-size: 14pt;\"><strong>OneNote<\/strong> de Microsoft, un bloc-notes<\/span><\/li>\n\n\n\n<li><span style=\"font-size: 14pt;\"><strong>To Do<\/strong> de Microsoft, un gestionnaire de t\u00e2ches<\/span><\/li>\n\n\n\n<li><span style=\"font-size: 14pt;\">Sauvegarder nos donn\u00e9es avec:<\/span>\n<ul class=\"wp-block-list\">\n<li><span style=\"font-size: 14pt;\">Google\u00a0 <strong>Disque<\/strong><\/span><\/li>\n\n\n\n<li><span style=\"font-size: 14pt;\">\u00a0Microsoft\u00a0 <strong>OneDrive<\/strong>.<br><\/span><\/li>\n<\/ul>\n<\/li>\n<\/ul>\n\n\n\n<h2 class=\"wp-block-heading\"><span style=\"color: #333399;\">Quand<\/span><\/h2>\n\n\n\n<p><span style=\"font-size: 14pt;\">L&rsquo;atelier se compose de quatre r\u00e9unions de 2\u00bd heures .&nbsp; Les r\u00e9unions&nbsp; ont lieu le lundi de 13h30 \u00e0 16h00, aux dates suivantes:<\/span><\/p>\n\n\n\n<ul class=\"wp-block-list\">\n<li><span style=\"font-size: 14pt;\">10 f\u00e9vrier 2025<\/span><\/li>\n\n\n\n<li><span style=\"font-size: 14pt;\">17 f\u00e9vrier 2025<\/span><\/li>\n\n\n\n<li><span style=\"font-size: 14pt;\">24 f\u00e9vrier 2025<\/span><\/li>\n\n\n\n<li><span style=\"font-size: 14pt;\">3 mars 2025<\/span><\/li>\n<\/ul>\n\n\n\n<h2 class=\"wp-block-heading\"><span style=\"color: #333399;\">O\u00f9<\/span><\/h2>\n\n\n\n<p><span style=\"font-size: 14pt;\">Pour les participants en pr\u00e9sentiel, l\u2018atelier se tiendra \u00e0 la Biblioth\u00e8que de Sainte-Julie, situ\u00e9 au 1600 chemin du Fer-\u00e0-Cheval \u00e0 Sainte-Julie J3E 0A3.<\/span><\/p>\n\n\n\n<p><span style=\"font-size: 14pt;\">Pour les participants en vid\u00e9oconf\u00e9rence avec l&rsquo;application Zoom, vous recevrez un lien de connexion avant chaque r\u00e9union.<\/span><\/p>\n\n\n\n<p>Le bouton \u00ab\u00a0Inscription \u00e0 l&rsquo;atelier\u00a0\u00bb ci-dessous n&rsquo;est pas fonctionnel \u00e0 l&rsquo;ext\u00e9rieur des p\u00e9riodes d&rsquo;inscriptions aux ateliers.<\/p>\n\n\n\n<p><a href=\"https:\/\/cimbcc.org\/test2\/partage-de-connaissances\/les-ateliers\/atelier-tablette-android-niveau-intermediaire\/formulaire-atelier-tablette-android-intermediaire\" target=\"_blank\" rel=\"noopener\"><button>Inscription \u00e0 l&rsquo;atelier<\/button><\/a><\/p>\n\n\n\n<h2 class=\"wp-block-heading\"><span style=\"color: #333399;\">Responsable de l\u2019atelier<\/span><\/h2>\n\n\n\t\t\t\t\t\t<div class=\"gallery_box_single\">\n\t\t\t\t\t\t\t\t\t\t\t\t\t\t\t<div class=\"gallery gllr_grid\" data-gllr-columns=\"100\" data-gllr-border-width=\"10\">\n\t\t\t\t\t\t\t\t\t\t\t\t\t\t\t\t\t\t\t\t<div class=\"gllr_image_row\">\n\t\t\t\t\t\t\t\t\t\t\t\t\t\t\t\t\t\t\t\t\t<div class=\"gllr_image_block\">\n\t\t\t\t\t\t\t\t\t\t\t\t<p style=\"\n\t\t\t\t\t\t\t\t\t\t\t\twidth:145px;height:145px;\t\t\t\t\t\t\t\t\t\t\t\t\">\n\t\t\t\t\t\t\t\t\t\t\t\t\t\t\t\t\t\t\t\t\t\t\t\t\t\t\t\t<a data-fancybox=\"gallery_fancybox_21419\" href=\"https:\/\/cimbcc.org\/test2\/wp-content\/uploads\/photo_fournier_bruno.jpg\" title=\"Bruno Fournier\" >\n\t\t\t\t\t\t\t\t\t\t\t\t\t\t\t\t<img decoding=\"async\" width=&quot;125&quot; height=&quot;125&quot; style=\"width:125px; height:125px; border-width: 10px; border-color:#f1f1f1;border: 10px solid #f1f1f1\" alt=\"\" title=\"Bruno Fournier\" src=\"https:\/\/cimbcc.org\/test2\/wp-content\/uploads\/photo_fournier_bruno.jpg\" rel=\"https:\/\/cimbcc.org\/test2\/wp-content\/uploads\/photo_fournier_bruno.jpg\" \/>\t\t\t\t\t\t\t\t\t\t\t\t\t\t\t<\/a>\n\t\t\t\t\t\t\t\t\t\t\t\t\t\t\t\t\t\t\t\t\t\t\t\t\t\t<\/p>\n\t\t\t\t\t\t\t\t\t\t\t\t\t\t\t\t\t\t\t\t\t\t\t\t\t<div \n\t\t\t\t\t\t\t\t\t\t\t\t\tstyle=\"width:145px;\"\t\t\t\t\t\t\t\t\t\t\t\t\tclass=\"gllr_single_image_text gllr_single_image_text_under\">Bruno Fournier&nbsp;<\/div>\n\t\t\t\t\t\t\t\t\t\t\t\t\t\t\t\t\t\t\t\t\t\t\t<\/div><!-- .gllr_image_block -->\n\t\t\t\t\t\t\t\t\t\t\t\t\t\t\t\t\t\t\t\t\t<div class=\"clear\"><\/div>\n\t\t\t\t\t\t\t\t\t\t<\/div><!-- .gllr_image_row -->\n\t\t\t\t\t\t\t\t\t\t\t\t\t\t\t\t\t<\/div><!-- .gallery.clearfix -->\n\t\t\t\t\t\t\t\t\t\t\t\t\t\t<\/div><!-- .gallery_box_single -->\n\t\t\t\t\t\t<div class=\"gllr_clear\"><\/div>\n\t\t\t\t\t\t\n\n\n\n<p>&nbsp;<\/p>\n\n\n\n<h3 class=\"wp-block-heading\">&nbsp;<\/h3>\n\n\n\n<p><span style=\"font-size: x-small;\">Derni\u00e8re r\u00e9vision de cette page : novembre<\/span><span style=\"font-size: x-small;\">&nbsp;2024. <\/span><span style=\"font-size: x-small;\">Responsable de la mise \u00e0 jour de cette page : Danielle Barab\u00e9.<\/span><\/p>\n","protected":false},"excerpt":{"rendered":"<p>\u00c0 qui s\u2019adresse l\u2019atelier Aux membres qui d\u00e9tiennent un t\u00e9l\u00e9phone ou une tablette Android et qui sont d\u00e9j\u00e0 familiers avec leur appareil. Description de l\u2019atelier En quatre r\u00e9unions, nous allons : Mat\u00e9riel utilis\u00e9 Pr\u00e9cisions Pr\u00e9requis Fonctionnement Contenu des r\u00e9unions R\u00e9union 1 R\u00e9unions 2, 3 et 4 Apr\u00e8s une consultation qui sera faite aupr\u00e8s des participants, &hellip; <a href=\"https:\/\/cimbcc.org\/test2\/gallery\/atelier_android-intermediaire\/\" class=\"more-link\">Continuer la lecture de <span class=\"screen-reader-text\">Atelier_Android-interm\u00e9diaire<\/span>  <span class=\"meta-nav\">&rarr;<\/span><\/a><\/p>\n","protected":false},"author":23,"featured_media":0,"parent":100,"menu_order":110,"comment_status":"closed","ping_status":"closed","template":"","meta":{"footnotes":""},"class_list":["post-21278","page","type-page","status-publish","hentry"],"_links":{"self":[{"href":"https:\/\/cimbcc.org\/test2\/wp-json\/wp\/v2\/pages\/21278","targetHints":{"allow":["GET"]}}],"collection":[{"href":"https:\/\/cimbcc.org\/test2\/wp-json\/wp\/v2\/pages"}],"about":[{"href":"https:\/\/cimbcc.org\/test2\/wp-json\/wp\/v2\/types\/page"}],"author":[{"embeddable":true,"href":"https:\/\/cimbcc.org\/test2\/wp-json\/wp\/v2\/users\/23"}],"replies":[{"embeddable":true,"href":"https:\/\/cimbcc.org\/test2\/wp-json\/wp\/v2\/comments?post=21278"}],"version-history":[{"count":88,"href":"https:\/\/cimbcc.org\/test2\/wp-json\/wp\/v2\/pages\/21278\/revisions"}],"predecessor-version":[{"id":53624,"href":"https:\/\/cimbcc.org\/test2\/wp-json\/wp\/v2\/pages\/21278\/revisions\/53624"}],"up":[{"embeddable":true,"href":"https:\/\/cimbcc.org\/test2\/wp-json\/wp\/v2\/pages\/100"}],"wp:attachment":[{"href":"https:\/\/cimbcc.org\/test2\/wp-json\/wp\/v2\/media?parent=21278"}],"curies":[{"name":"wp","href":"https:\/\/api.w.org\/{rel}","templated":true}]}}