{"id":24400,"date":"2019-02-27T15:02:34","date_gmt":"2019-02-27T20:02:34","guid":{"rendered":"https:\/\/cimbcc.org\/test2\/?page_id=24400"},"modified":"2025-05-30T11:46:04","modified_gmt":"2025-05-30T15:46:04","slug":"pages-facebook-et-instagram","status":"publish","type":"page","link":"https:\/\/cimbcc.org\/test2\/creations-des-membres-maj\/pages-facebook-et-instagram\/","title":{"rendered":"Pages Facebook et Instagram"},"content":{"rendered":"\n<p><strong>LA PREMI\u00c8RE PAGE FACEBOOK<\/strong><\/p>\n\n\n\n<p><strong>Le nom de la page&nbsp;: Histoire &amp; Culture<\/strong><\/p>\n\n\n\n<p><u><a href=\"https:\/\/mailchi.mp\/f7e7215c7bf0\/la-mine-de-sel-de-wieliczka-en-pologne?e=%5bUNIQID%5d\">Cliquez ici pour une visite virtuelle dans l\u2019histoire<\/a><\/u><\/p>\n\n\n\n<p><strong>Auteur&nbsp;: Marie Daigneault<\/strong><\/p>\n\n\n\n<figure class=\"wp-block-image\"><img loading=\"lazy\" decoding=\"async\" width=\"500\" height=\"125\" src=\"https:\/\/cimbcc.org\/test2\/wp-content\/uploads\/Histoire-Culture_r.jpg\" alt=\"\" class=\"wp-image-23109\" srcset=\"https:\/\/cimbcc.org\/test2\/wp-content\/uploads\/Histoire-Culture_r.jpg 500w, https:\/\/cimbcc.org\/test2\/wp-content\/uploads\/Histoire-Culture_r-300x75.jpg 300w\" sizes=\"auto, (max-width: 500px) 100vw, 500px\" \/><\/figure>\n\n\n\n<p><\/p>\n\n\n\n<p>Mme Daigneault produit des infolettres et poss\u00e8de aussi une&nbsp;<u><a href=\"https:\/\/www.facebook.com\/histoireenreel\/\">page Facebook que vous pouvez atteindre en cliquant ici<\/a><\/u>.<\/p>\n\n\n\n<p><em>Histoire &amp; Culture<\/em> vise \u00e0 faire d\u00e9couvrir, de fa\u00e7on virtuelle, des lieux empreints d\u2019histoire qui se distinguent par leur beaut\u00e9 et leur originalit\u00e9. C\u2019est une invitation au voyage \u00e0 laquelle vous \u00eates convi\u00e9s chaque mois.<\/p>\n\n\n\n<p>&nbsp;<\/p>\n\n\n\n<p style=\"font-size:10px\">Mise \u00e0 jour Gutenberg 2025 05 30 Jean Presne<\/p>\n\n\n\n<address><span style=\"font-size: x-small;\">Derni\u00e8re r\u00e9vision de cette page : ao\u00fbt 2024. Responsable de la mise \u00e0 jour de cette page : Roch Lafrance.&nbsp;<\/span><\/address>\n\n\n\n<p><\/p>\n","protected":false},"excerpt":{"rendered":"<p>LA PREMI\u00c8RE PAGE FACEBOOK Le nom de la page&nbsp;: Histoire &amp; Culture Cliquez ici pour une visite virtuelle dans l\u2019histoire Auteur&nbsp;: Marie Daigneault Mme Daigneault produit des infolettres et poss\u00e8de aussi une&nbsp;page Facebook que vous pouvez atteindre en cliquant ici. Histoire &amp; Culture vise \u00e0 faire d\u00e9couvrir, de fa\u00e7on virtuelle, des lieux empreints d\u2019histoire qui &hellip; <a href=\"https:\/\/cimbcc.org\/test2\/creations-des-membres-maj\/pages-facebook-et-instagram\/\" class=\"more-link\">Continuer la lecture de <span class=\"screen-reader-text\">Pages Facebook et Instagram<\/span>  <span class=\"meta-nav\">&rarr;<\/span><\/a><\/p>\n","protected":false},"author":34,"featured_media":0,"parent":24396,"menu_order":20,"comment_status":"closed","ping_status":"closed","template":"","meta":{"footnotes":""},"class_list":["post-24400","page","type-page","status-publish","hentry"],"_links":{"self":[{"href":"https:\/\/cimbcc.org\/test2\/wp-json\/wp\/v2\/pages\/24400","targetHints":{"allow":["GET"]}}],"collection":[{"href":"https:\/\/cimbcc.org\/test2\/wp-json\/wp\/v2\/pages"}],"about":[{"href":"https:\/\/cimbcc.org\/test2\/wp-json\/wp\/v2\/types\/page"}],"author":[{"embeddable":true,"href":"https:\/\/cimbcc.org\/test2\/wp-json\/wp\/v2\/users\/34"}],"replies":[{"embeddable":true,"href":"https:\/\/cimbcc.org\/test2\/wp-json\/wp\/v2\/comments?post=24400"}],"version-history":[{"count":12,"href":"https:\/\/cimbcc.org\/test2\/wp-json\/wp\/v2\/pages\/24400\/revisions"}],"predecessor-version":[{"id":53672,"href":"https:\/\/cimbcc.org\/test2\/wp-json\/wp\/v2\/pages\/24400\/revisions\/53672"}],"up":[{"embeddable":true,"href":"https:\/\/cimbcc.org\/test2\/wp-json\/wp\/v2\/pages\/24396"}],"wp:attachment":[{"href":"https:\/\/cimbcc.org\/test2\/wp-json\/wp\/v2\/media?parent=24400"}],"curies":[{"name":"wp","href":"https:\/\/api.w.org\/{rel}","templated":true}]}}

<p><strong>LA PREMIÈRE PAGE FACEBOOK</strong></p>



<p><strong>Le nom de la page&nbsp;: Histoire &amp; Culture</strong></p>



<p><u><a href="https://mailchi.mp/f7e7215c7bf0/la-mine-de-sel-de-wieliczka-en-pologne?e=%5bUNIQID%5d">Cliquez ici pour une visite virtuelle dans l’histoire</a></u></p>



<p><strong>Auteur&nbsp;: Marie Daigneault</strong></p>



<figure class="wp-block-image"><img loading="lazy" decoding="async" width="500" height="125" src="https://cimbcc.org/test2/wp-content/uploads/Histoire-Culture_r.jpg" alt="" class="wp-image-23109" srcset="https://cimbcc.org/test2/wp-content/uploads/Histoire-Culture_r.jpg 500w, https://cimbcc.org/test2/wp-content/uploads/Histoire-Culture_r-300x75.jpg 300w" sizes="auto, (max-width: 500px) 100vw, 500px" /></figure>



<p></p>



<p>Mme Daigneault produit des infolettres et possède aussi une&nbsp;<u><a href="https://www.facebook.com/histoireenreel/">page Facebook que vous pouvez atteindre en cliquant ici</a></u>.</p>



<p><em>Histoire &amp; Culture</em> vise à faire découvrir, de façon virtuelle, des lieux empreints d’histoire qui se distinguent par leur beauté et leur originalité. C’est une invitation au voyage à laquelle vous êtes conviés chaque mois.</p>



<p>&nbsp;</p>



<p style="font-size:10px">Mise à jour Gutenberg 2025 05 30 Jean Presne</p>



<address><span style="font-size: x-small;">Dernière révision de cette page : août 2024. Responsable de la mise à jour de cette page : Roch Lafrance.&nbsp;</span></address>



<p></p>

<p>LA PREMIÈRE PAGE FACEBOOK Le nom de la page&nbsp;: Histoire &amp; Culture Cliquez ici pour une visite virtuelle dans l’histoire Auteur&nbsp;: Marie Daigneault Mme Daigneault produit des infolettres et possède aussi une&nbsp;page Facebook que vous pouvez atteindre en cliquant ici. Histoire &amp; Culture vise à faire découvrir, de façon virtuelle, des lieux empreints d’histoire qui &hellip; <a href="https://cimbcc.org/test2/creations-des-membres-maj/pages-facebook-et-instagram/" class="more-link">Continuer la lecture de <span class="screen-reader-text">Pages Facebook et Instagram</span>  <span class="meta-nav">&rarr;</span></a></p>
