{"id":25589,"date":"2019-03-12T17:43:38","date_gmt":"2019-03-12T21:43:38","guid":{"rendered":"https:\/\/cimbcc.org\/test2\/?page_id=25589"},"modified":"2025-05-04T19:33:06","modified_gmt":"2025-05-04T23:33:06","slug":"nous-joindre","status":"publish","type":"page","link":"https:\/\/cimbcc.org\/test2\/nous-joindre\/","title":{"rendered":"Nous joindre"},"content":{"rendered":"<div class=\"wp-block-image\">\n<figure class=\"aligncenter\"><img loading=\"lazy\" decoding=\"async\" width=\"300\" height=\"150\" src=\"https:\/\/cimbcc.org\/test2\/wp-content\/uploads\/image_nous_joindre-300x150.jpg\" alt=\"\" class=\"wp-image-26016\" srcset=\"https:\/\/cimbcc.org\/test2\/wp-content\/uploads\/image_nous_joindre-300x150.jpg 300w, https:\/\/cimbcc.org\/test2\/wp-content\/uploads\/image_nous_joindre-768x383.jpg 768w, https:\/\/cimbcc.org\/test2\/wp-content\/uploads\/image_nous_joindre-1024x511.jpg 1024w\" sizes=\"auto, (max-width: 300px) 100vw, 300px\" \/><\/figure>\n<\/div>\n\n\n<p><\/p>\n\n\n\n<p><em><span style=\"font-size: 14pt;\">Cette section du site vous indique o\u00f9 et comment envoyer vos questions, vos suggestions ou vos commentaires afin qu&rsquo;ils atteignent le bon b\u00e9n\u00e9vole qui pourra les traiter.<\/span><\/em><\/p>\n\n\n\n<p>Pour communiquer avec le responsable d\u2019une des activit\u00e9s du Club :<\/p>\n\n\n\n<ul class=\"wp-block-list\">\n<li>pointez (sans cliquer) l&rsquo;onglet <em>Nous joindre<\/em> ci-dessus,<\/li>\n\n\n\n<li>puis cliquez sur le nom de l&rsquo;activit\u00e9 qui vous int\u00e9resse dans le menu d\u00e9roulant qui appara\u00eet.<\/li>\n<\/ul>\n\n\n\n<p>Vous ouvrirez ainsi une page qui vous fournira toute l&rsquo;information n\u00e9cessaire pour rejoindre les responsables de cette activit\u00e9.<\/p>\n\n\n\n<p><span style=\"font-size: x-small;\">Derni\u00e8re r\u00e9vision de cette page : ao\u00fbt 2024.<br><\/span><span style=\"font-size: x-small;\">Responsable de la mise \u00e0 jour de cette page : Michel Gagn\u00e9.<\/span><\/p>\n","protected":false},"excerpt":{"rendered":"<p>Cette section du site vous indique o\u00f9 et comment envoyer vos questions, vos suggestions ou vos commentaires afin qu&rsquo;ils atteignent le bon b\u00e9n\u00e9vole qui pourra les traiter. Pour communiquer avec le responsable d\u2019une des activit\u00e9s du Club : Vous ouvrirez ainsi une page qui vous fournira toute l&rsquo;information n\u00e9cessaire pour rejoindre les responsables de cette &hellip; <a href=\"https:\/\/cimbcc.org\/test2\/nous-joindre\/\" class=\"more-link\">Continuer la lecture de <span class=\"screen-reader-text\">Nous joindre<\/span>  <span class=\"meta-nav\">&rarr;<\/span><\/a><\/p>\n","protected":false},"author":33,"featured_media":0,"parent":0,"menu_order":3,"comment_status":"closed","ping_status":"closed","template":"","meta":{"footnotes":""},"class_list":["post-25589","page","type-page","status-publish","hentry"],"_links":{"self":[{"href":"https:\/\/cimbcc.org\/test2\/wp-json\/wp\/v2\/pages\/25589","targetHints":{"allow":["GET"]}}],"collection":[{"href":"https:\/\/cimbcc.org\/test2\/wp-json\/wp\/v2\/pages"}],"about":[{"href":"https:\/\/cimbcc.org\/test2\/wp-json\/wp\/v2\/types\/page"}],"author":[{"embeddable":true,"href":"https:\/\/cimbcc.org\/test2\/wp-json\/wp\/v2\/users\/33"}],"replies":[{"embeddable":true,"href":"https:\/\/cimbcc.org\/test2\/wp-json\/wp\/v2\/comments?post=25589"}],"version-history":[{"count":46,"href":"https:\/\/cimbcc.org\/test2\/wp-json\/wp\/v2\/pages\/25589\/revisions"}],"predecessor-version":[{"id":53462,"href":"https:\/\/cimbcc.org\/test2\/wp-json\/wp\/v2\/pages\/25589\/revisions\/53462"}],"wp:attachment":[{"href":"https:\/\/cimbcc.org\/test2\/wp-json\/wp\/v2\/media?parent=25589"}],"curies":[{"name":"wp","href":"https:\/\/api.w.org\/{rel}","templated":true}]}}