{"id":25697,"date":"2019-03-13T13:29:24","date_gmt":"2019-03-13T17:29:24","guid":{"rendered":"https:\/\/cimbcc.org\/test2\/?page_id=25697"},"modified":"2025-05-04T18:27:56","modified_gmt":"2025-05-04T22:27:56","slug":"nous-joindre-recuperation-de-materiel-informatique","status":"publish","type":"page","link":"https:\/\/cimbcc.org\/test2\/nous-joindre\/nous-joindre-recuperation-de-materiel-informatique\/","title":{"rendered":"Nous joindre &#8211; Recyclage de mat\u00e9riel informatique"},"content":{"rendered":"<div class=\"wp-block-image\">\n<figure class=\"aligncenter\"><img loading=\"lazy\" decoding=\"async\" width=\"300\" height=\"200\" src=\"https:\/\/cimbcc.org\/test2\/wp-content\/uploads\/image_recuperation_ordinateur-300x200.jpg\" alt=\"\" class=\"wp-image-26004\" srcset=\"https:\/\/cimbcc.org\/test2\/wp-content\/uploads\/image_recuperation_ordinateur-300x200.jpg 300w, https:\/\/cimbcc.org\/test2\/wp-content\/uploads\/image_recuperation_ordinateur-768x512.jpg 768w, https:\/\/cimbcc.org\/test2\/wp-content\/uploads\/image_recuperation_ordinateur-1024x683.jpg 1024w, https:\/\/cimbcc.org\/test2\/wp-content\/uploads\/image_recuperation_ordinateur-120x80.jpg 120w\" sizes=\"auto, (max-width: 300px) 100vw, 300px\" \/><\/figure>\n<\/div>\n\n\n<p><\/p>\n\n\n\n<h3 class=\"wp-block-heading\">Coordonn\u00e9es de l&rsquo;<span style=\"color: #000000;\">Atelier<\/span> de recyclage<\/h3>\n\n\n\n<p><em>Pour le d\u00e9p\u00f4t et l&rsquo;achat de mat\u00e9riel<\/em><\/p>\n\n\n\n<ul class=\"wp-block-list\">\n<li><strong>Adresse :<\/strong>\u00a0 1595,\u00a0 rue de Montarville,\u00a0 Saint-Bruno, J3V 3T8, \u00e0 c\u00f4t\u00e9 de la caserne des pompiers<\/li>\n\n\n\n<li><strong>Heures d&rsquo;ouverture : <\/strong>tous les mercredis, de 9 h \u00e0 16 h<\/li>\n\n\n\n<li><strong>T\u00e9l\u00e9phone pour conna\u00eetre la disponibilit\u00e9 de mat\u00e9riel <\/strong>(le mercredi, de 9 h \u00e0 16 h) : 450 653-2443 poste 5555<\/li>\n\n\n\n<li><strong>Mat\u00e9riel accept\u00e9 et revendu :<\/strong> ordinateurs portables, ordinateurs de bureau (tours), \u00e9crans, claviers, souris, disques durs externes et pi\u00e8ces d&rsquo;ordinateur<\/li>\n<\/ul>\n\n\n\n<p><span style=\"font-size: x-small;\">Derni\u00e8re r\u00e9vision de cette page : ao\u00fbt 2024.<\/span><\/p>\n\n\n\n<p><span style=\"font-size: x-small;\">Responsable de la mise \u00e0 jour de cette page : Michel Gagn\u00e9.&nbsp;<\/span><\/p>\n\n\n\n<p><\/p>\n","protected":false},"excerpt":{"rendered":"<p>Coordonn\u00e9es de l&rsquo;Atelier de recyclage Pour le d\u00e9p\u00f4t et l&rsquo;achat de mat\u00e9riel Derni\u00e8re r\u00e9vision de cette page : ao\u00fbt 2024. Responsable de la mise \u00e0 jour de cette page : Michel Gagn\u00e9.&nbsp;<\/p>\n","protected":false},"author":33,"featured_media":0,"parent":25589,"menu_order":40,"comment_status":"closed","ping_status":"closed","template":"","meta":{"footnotes":""},"class_list":["post-25697","page","type-page","status-publish","hentry"],"_links":{"self":[{"href":"https:\/\/cimbcc.org\/test2\/wp-json\/wp\/v2\/pages\/25697","targetHints":{"allow":["GET"]}}],"collection":[{"href":"https:\/\/cimbcc.org\/test2\/wp-json\/wp\/v2\/pages"}],"about":[{"href":"https:\/\/cimbcc.org\/test2\/wp-json\/wp\/v2\/types\/page"}],"author":[{"embeddable":true,"href":"https:\/\/cimbcc.org\/test2\/wp-json\/wp\/v2\/users\/33"}],"replies":[{"embeddable":true,"href":"https:\/\/cimbcc.org\/test2\/wp-json\/wp\/v2\/comments?post=25697"}],"version-history":[{"count":20,"href":"https:\/\/cimbcc.org\/test2\/wp-json\/wp\/v2\/pages\/25697\/revisions"}],"predecessor-version":[{"id":53455,"href":"https:\/\/cimbcc.org\/test2\/wp-json\/wp\/v2\/pages\/25697\/revisions\/53455"}],"up":[{"embeddable":true,"href":"https:\/\/cimbcc.org\/test2\/wp-json\/wp\/v2\/pages\/25589"}],"wp:attachment":[{"href":"https:\/\/cimbcc.org\/test2\/wp-json\/wp\/v2\/media?parent=25697"}],"curies":[{"name":"wp","href":"https:\/\/api.w.org\/{rel}","templated":true}]}}