{"id":26928,"date":"2019-06-05T16:10:41","date_gmt":"2019-06-05T20:10:41","guid":{"rendered":"https:\/\/cimbcc.org\/test2\/?page_id=26928"},"modified":"2026-04-04T09:12:04","modified_gmt":"2026-04-04T13:12:04","slug":"atelier-aide-aux-exercices-de-la-serie-facile","status":"publish","type":"page","link":"https:\/\/cimbcc.org\/test2\/partage-de-connaissances\/les-ateliers\/atelier-aide-aux-exercices-de-la-serie-facile\/","title":{"rendered":"Aide aux exercices de la s\u00e9rie Facile"},"content":{"rendered":"\n<figure class=\"wp-block-table\"><table class=\"has-fixed-layout\"><tbody><tr><td><span style=\"font-size: 12pt;\"><strong><span style=\"color: #ffffff;\">CET ATELIER N&rsquo;EST PAS OFFERT \u00c0 L&rsquo;HIVER 2025<\/span><\/strong><\/span><\/td><\/tr><\/tbody><\/table><\/figure>\n\n\n\n<h2 class=\"wp-block-heading\"><span style=\"font-size: 18pt; color: #333399;\"><strong>\u00c0 qui s\u2019adresse l\u2019atelier<\/strong><\/span><\/h2>\n\n\n\n<p><span style=\"font-size: 14pt;\">Cet atelier est destin\u00e9 aux membres qui assistent aux pr\u00e9sentations de la s\u00e9rie Facile et qui d\u00e9sirent am\u00e9liorer leur apprentissage en faisant les exercices propos\u00e9s lors des s\u00e9ances avec l&rsquo;aide des pr\u00e9sentatrices et pr\u00e9sentateurs. De plus, ils pourront \u00e9changer et partager leurs exp\u00e9riences avec les autres participants de l\u2019atelier.<\/span><\/p>\n\n\n\n<h2 class=\"wp-block-heading\"><span style=\"color: #333399;\">Description de l\u2019atelier<\/span><\/h2>\n\n\n\n<p><span style=\"font-size: 14pt;\">Fournir un lieu de travail privil\u00e9gi\u00e9 pour faire les exercices de sept pr\u00e9sentations de la s\u00e9rie Facile avec l&rsquo;aide des pr\u00e9sentatrices et pr\u00e9sentateurs du Club qui poss\u00e8dent les connaissances pour les aider.<\/span><\/p>\n\n\n\n<p><span style=\"font-size: 14pt;\">R\u00e9pondre aux questions des participants sur les exercices et les&nbsp; orienter vers la bonne approche pour r\u00e9ussir l&rsquo;exercice et obtenir les r\u00e9sultats d\u00e9sir\u00e9s.<\/span><\/p>\n\n\n\n<p><span style=\"font-size: 14pt;\">Faciliter la compr\u00e9hension de la mati\u00e8re enseign\u00e9e pour permettre la progression des connaissances acquises.<\/span><\/p>\n\n\n\n<h2 class=\"wp-block-heading\"><span style=\"color: #333399;\">Mat\u00e9riel utilis\u00e9<\/span><\/h2>\n\n\n\n<ul class=\"wp-block-list\">\n<li><span style=\"font-size: 14pt;\">Le participant doit apporter son ordinateur portable muni d&rsquo;un syst\u00e8me d&rsquo;exploitation Windows 10 ou 11;<\/span><\/li>\n\n\n\n<li><span style=\"font-size: 14pt;\">Des ordinateurs sont disponibles \u00e0 la biblioth\u00e8que pour ceux qui n\u2019ont pas d\u2019ordinateur portable;<\/span><\/li>\n\n\n\n<li><span style=\"font-size: 14pt;\">Les ordinateurs Apple, les tablettes et les t\u00e9l\u00e9phones intelligents ne sont pas accept\u00e9s.<\/span><\/li>\n<\/ul>\n\n\n\n<h2 class=\"wp-block-heading\"><span style=\"color: #333399;\">Pr\u00e9cisions<\/span><\/h2>\n\n\n\n<p class=\"has-text-align-left\"><span style=\"font-size: 14pt;\">Les sept pr\u00e9sentations faisant l&rsquo;objet de cet atelier ont \u00e9t\u00e9 regroup\u00e9es sous trois th\u00e8mes et vous pourrez vous inscrire aux th\u00e8mes de votre choix.&nbsp; Vous aurez \u00e0 confirmer vos choix dans le formulaire d&rsquo;inscription.<\/span><\/p>\n\n\n\n<p><span style=\"font-size: 14pt;\">Cet atelier sera offert s&rsquo;il y a un minimum de 8 participants et accepte un maximum de 15 participants.<\/span><\/p>\n\n\n\n<p class=\"has-text-align-left\"><span style=\"font-size: 14pt;\">Bien que l&rsquo;atelier est pr\u00e9vu pour offrir de l&rsquo;aide aux exercices de 7 pr\u00e9sentations seulement, il est important de souligner que la s\u00e9rie Facile en compte 13 et que votre participation \u00e0 toutes les&nbsp; pr\u00e9sentations est souhaitable pour am\u00e9liorer vos connaissances afin de profiter pleinement de votre ordinateur.&nbsp; Pour atteindre le calendrier complet de la s\u00e9rie Facile <a href=\"https:\/\/cimbcc.org\/test2\/wp-content\/uploads\/calendrier_serie_facile.pdf\" target=\"_blank\" rel=\"noopener noreferrer\">cliquez ici<\/a> .<\/span><\/p>\n\n\n\n<h2 class=\"wp-block-heading\"><span style=\"font-size: 18pt; color: #333399;\"><strong>Pr\u00e9requis<\/strong><\/span><\/h2>\n\n\n\n<ul class=\"wp-block-list\">\n<li><span style=\"font-size: 14pt;\">Assister aux&nbsp; pr\u00e9sentations de la s\u00e9rie Facile vis\u00e9es par cet atelier et pour lesquelles vous aurez choisi de participer aux exercices;<\/span><\/li>\n\n\n\n<li><span style=\"font-size: 14pt;\">Prendre une copie des notes fournies lors de chaque pr\u00e9sentation;<\/span><\/li>\n\n\n\n<li><span style=\"font-size: 14pt;\">\u00catre vraiment d\u00e9sireux d&rsquo;acqu\u00e9rir ces connaissances par l&rsquo;apprentissage des exercices pr\u00e9par\u00e9s pour chaque pr\u00e9sentation;<\/span><\/li>\n\n\n\n<li><span style=\"font-size: 14pt;\">Id\u00e9alement, avoir fait un essai pour faire les exercices vis\u00e9s avant la r\u00e9union et noter les questions ou probl\u00e8mes;<\/span><\/li>\n\n\n\n<li><span style=\"font-size: 14pt;\">\u00catre pr\u00eat \u00e0 assister \u00e0 toutes les r\u00e9unions de l&rsquo;atelier auxquelles vous d\u00e9sirez participer, avant de vous inscrire.<\/span><\/li>\n<\/ul>\n\n\n\n<h2 class=\"wp-block-heading\"><span style=\"font-size: 18pt; color: #333399;\"><strong>Fonctionnement<\/strong><\/span><\/h2>\n\n\n\n<ul class=\"wp-block-list\">\n<li><span style=\"font-size: 14pt;\">Les pr\u00e9sentatrices et pr\u00e9sentateurs ne refont pas les exercices sur un projecteur. Ils sont pr\u00e9sents pour assister les participants dans leur travail;<\/span><\/li>\n\n\n\n<li><span style=\"font-size: 14pt;\">\u00c0 chaque r\u00e9union, les participants inscrits s&rsquo;installent et se branchent sur le r\u00e9seau internet du local et commencent imm\u00e9diatement les exercices inclus dans les notes de la pr\u00e9sentation \u00e0 laquelle ils ont assist\u00e9 le vendredi pr\u00e9c\u00e9dent la r\u00e9union;<\/span><\/li>\n\n\n\n<li><span style=\"font-size: 14pt;\">Il est important d&rsquo;apporter chaque semaine les notes de la pr\u00e9sentation;<\/span><\/li>\n\n\n\n<li><span style=\"font-size: 14pt;\">Les pr\u00e9sentatrices et pr\u00e9sentateurs sont disponibles pour r\u00e9pondre aux questions individuelles et peuvent au besoin faire une intervention afin d&rsquo;expliquer un item d&rsquo;int\u00e9r\u00eat g\u00e9n\u00e9ral.<\/span><\/li>\n<\/ul>\n\n\n\n<h2 class=\"wp-block-heading\"><span style=\"font-size: 18pt; color: #333399;\"><strong>Contenu des r\u00e9unions<\/strong><\/span><\/h2>\n\n\n\n<p><span style=\"font-size: 14pt;\">Les pr\u00e9sentations de la s\u00e9rie Facile, qui ont lieu le vendredi,&nbsp; pour lesquelles nous ferons les exercices dans cet atelier sont les suivantes :<\/span><\/p>\n\n\n\n<p><span style=\"font-size: 14pt;\"><strong>Th\u00e8me 1 <\/strong>:&nbsp; &nbsp; <span style=\"font-size: 12pt;\">Virus, Antivirus, Hame\u00e7onnage, Windows 10 et 11<\/span><\/span><\/p>\n\n\n\n<p><span style=\"font-size: 14pt;\"><strong>Th\u00e8me 2 <\/strong>:&nbsp; &nbsp; Fichiers et dossiers<\/span><\/p>\n\n\n\n<p><span style=\"font-size: 14pt;\"><strong>Th\u00e8me 3 <\/strong>:&nbsp; &nbsp; Chrome<\/span><\/p>\n\n\n\n<h2 class=\"wp-block-heading\"><span style=\"font-size: 18pt; color: #333399;\">Quand<\/span><\/h2>\n\n\n\n<p><span style=\"font-size: 14pt;\">Les r\u00e9unions de l&rsquo;atelier auront lieu une fois par semaine, le <strong>lundi, <\/strong>&nbsp;de 13 h 30 \u00e0 15 h 30, aux dates suivantes :<\/span><\/p>\n\n\n\n<figure class=\"wp-block-table\"><table class=\"has-fixed-layout\"><tbody><tr><td><span style=\"font-size: 12pt;\"><strong>Date de la pr\u00e9sentation<\/strong><\/span><\/td><td><span style=\"font-size: 12pt;\"><strong>Sujet des pr\u00e9sentations<\/strong><\/span><\/td><td><span style=\"color: #000000;\"><strong><span style=\"font-size: 12pt;\">Date des exercices<\/span><\/strong><\/span><\/td><\/tr><tr><td><span style=\"font-size: 14pt;\"><strong>Th\u00e8me 1<\/strong><\/span><\/td><td><span style=\"font-size: 12pt;\">&nbsp;<\/span><\/td><td><span style=\"color: #000000;\"><strong><span style=\"font-size: 12pt;\">&nbsp;<\/span><\/strong><\/span><\/td><\/tr><tr><td>&nbsp;<\/td><td><span style=\"font-size: 12pt;\">Virus et antivirus, Windows 10 et 11<\/span><\/td><td><span style=\"color: #000000;\"><strong><span style=\"font-size: 12pt;\">&nbsp;<\/span><\/strong><\/span><\/td><\/tr><tr><td>&nbsp;<\/td><td><span style=\"font-size: 12pt;\">Hame\u00e7onnage, Windows 10 et 11<\/span><\/td><td><span style=\"color: #000000;\"><strong><span style=\"font-size: 12pt;\">&nbsp;<\/span><\/strong><\/span><\/td><\/tr><tr><td><span style=\"font-size: 14pt;\"><strong>Th\u00e8me 2<\/strong><\/span><\/td><td><span style=\"font-size: 12pt;\">&nbsp;<\/span><\/td><td><span style=\"color: #000000;\"><strong><span style=\"font-size: 12pt;\">&nbsp;<\/span><\/strong><\/span><\/td><\/tr><tr><td>&nbsp;<\/td><td><span style=\"font-size: 12pt;\">Fichiers et dossiers 1 de 2<\/span><\/td><td><span style=\"color: #000000;\"><strong><span style=\"font-size: 12pt;\">&nbsp;<\/span><\/strong><\/span><\/td><\/tr><tr><td>&nbsp;<\/td><td><span style=\"font-size: 12pt;\">Fichiers et dossiers 2 de 2<\/span><\/td><td>&nbsp;<\/td><\/tr><tr><td><span style=\"font-size: 14pt;\"><strong>Th\u00e8me 3<\/strong><\/span><\/td><td><span style=\"font-size: 12pt;\">&nbsp;<\/span><\/td><td><span style=\"color: #000000;\"><strong><span style=\"font-size: 12pt;\">&nbsp;<\/span><\/strong><\/span><\/td><\/tr><tr><td>&nbsp;<\/td><td><span style=\"font-size: 12pt;\">Chrome 1 de 3<\/span><\/td><td><span style=\"color: #000000;\"><strong><span style=\"font-size: 12pt;\">&nbsp;<\/span><\/strong><\/span><\/td><\/tr><tr><td>&nbsp;<\/td><td><span style=\"font-size: 12pt;\">Chrome 2 de 3<\/span><\/td><td><span style=\"color: #000000;\"><strong><span style=\"font-size: 12pt;\">&nbsp;<\/span><\/strong><\/span><\/td><\/tr><tr><td>&nbsp;<\/td><td><span style=\"font-size: 12pt;\">Chrome 3 de 3&nbsp;<\/span><\/td><td><span style=\"color: #000000;\"><strong><span style=\"font-size: 12pt;\">&nbsp;<\/span><\/strong><\/span><\/td><\/tr><\/tbody><\/table><\/figure>\n\n\n\n<h2 class=\"wp-block-heading\"><span style=\"font-size: 18pt; color: #333399;\">O\u00f9<\/span><\/h2>\n\n\n\n<p><span style=\"font-size: 14pt;\">Biblioth\u00e8que de Sainte-Julie, au 1600 chemin du Fer-\u00e0-Cheval, Sainte-Julie, Qu\u00e9bec, J3E 0A3,&nbsp; deuxi\u00e8me \u00e9tage.<\/span><\/p>\n\n\n\n<p><span style=\"font-size: 14pt;\">Le bouton <strong>Inscription \u00e0 l&rsquo;atelier<\/strong> ci-dessous n&rsquo;est pas fonctionnel \u00e0 l&rsquo;ext\u00e9rieur des p\u00e9riodes d&rsquo;inscriptions aux ateliers.<\/span><\/p>\n\n\n\n<p><a href=\"https:\/\/cimbcc.org\/test2\/partage-de-connaissances\/les-ateliers\/atelier-aide-aux-exercices-de-la-serie-facile\/formulaire-atelier-aide-aux-exercices-de-la-serie-facile\" target=\"_blank\" rel=\"noopener\"><button>Inscription \u00e0 l&rsquo;atelier<\/button><\/a><\/p>\n\n\n\n<h2 class=\"wp-block-heading\"><span style=\"font-size: 18pt; color: #333399;\">Responsable de l&rsquo;atelier<\/span><\/h2>\n\n\n<div class=\"wp-block-image size-full wp-image-24085\">\n<figure class=\"alignleft\"><img decoding=\"async\" src=\"https:\/\/cimbcc.org\/test2\/wp-content\/uploads\/photo_olsthoorn_rita.jpg\" alt=\"\" class=\"wp-image-24085\"\/><figcaption class=\"wp-element-caption\">Rita Olsthoorn<\/figcaption><\/figure>\n<\/div>\n\n\n<h2 class=\"wp-block-heading\"><span style=\"font-size: 18pt; color: #333399;\">Collaborateurs \u00e0 l&rsquo;atelier<\/span><\/h2>\n\n\n\t\t\t\t\t\t<div class=\"gallery_box_single\">\n\t\t\t\t\t\t\t\t\t\t\t\t\t\t\t<div class=\"gallery gllr_grid\" data-gllr-columns=\"100\" data-gllr-border-width=\"10\">\n\t\t\t\t\t\t\t\t\t\t\t\t\t\t\t\t\t\t\t\t<div class=\"gllr_image_row\">\n\t\t\t\t\t\t\t\t\t\t\t\t\t\t\t\t\t\t\t\t\t<div class=\"gllr_image_block\">\n\t\t\t\t\t\t\t\t\t\t\t\t<p style=\"\n\t\t\t\t\t\t\t\t\t\t\t\twidth:145px;height:145px;\t\t\t\t\t\t\t\t\t\t\t\t\">\n\t\t\t\t\t\t\t\t\t\t\t\t\t\t\t\t\t\t\t\t\t\t\t\t\t\t\t\t<a data-fancybox=\"gallery_fancybox_26932\" href=\"https:\/\/cimbcc.org\/test2\/wp-content\/uploads\/photo_guy_claudette.jpg\" title=\"Claudette Guy\" >\n\t\t\t\t\t\t\t\t\t\t\t\t\t\t\t\t<img decoding=\"async\" width=&quot;125&quot; height=&quot;125&quot; style=\"width:125px; height:125px; border-width: 10px; border-color:#f1f1f1;border: 10px solid #f1f1f1\" alt=\"\" title=\"Claudette Guy\" src=\"https:\/\/cimbcc.org\/test2\/wp-content\/uploads\/photo_guy_claudette.jpg\" rel=\"https:\/\/cimbcc.org\/test2\/wp-content\/uploads\/photo_guy_claudette.jpg\" \/>\t\t\t\t\t\t\t\t\t\t\t\t\t\t\t<\/a>\n\t\t\t\t\t\t\t\t\t\t\t\t\t\t\t\t\t\t\t\t\t\t\t\t\t\t<\/p>\n\t\t\t\t\t\t\t\t\t\t\t\t\t\t\t\t\t\t\t\t\t\t\t\t\t<div \n\t\t\t\t\t\t\t\t\t\t\t\t\tstyle=\"width:145px;\"\t\t\t\t\t\t\t\t\t\t\t\t\tclass=\"gllr_single_image_text gllr_single_image_text_under\">Claudette Guy&nbsp;<\/div>\n\t\t\t\t\t\t\t\t\t\t\t\t\t\t\t\t\t\t\t\t\t\t\t<\/div><!-- .gllr_image_block -->\n\t\t\t\t\t\t\t\t\t\t\t\t\t\t\t\t\t\t\t\t\t<div class=\"gllr_image_block\">\n\t\t\t\t\t\t\t\t\t\t\t\t<p style=\"\n\t\t\t\t\t\t\t\t\t\t\t\twidth:145px;height:145px;\t\t\t\t\t\t\t\t\t\t\t\t\">\n\t\t\t\t\t\t\t\t\t\t\t\t\t\t\t\t\t\t\t\t\t\t\t\t\t\t\t\t<a data-fancybox=\"gallery_fancybox_26932\" href=\"https:\/\/cimbcc.org\/test2\/wp-content\/uploads\/photo_demers_colette.jpg\" title=\"Colette Demers\" >\n\t\t\t\t\t\t\t\t\t\t\t\t\t\t\t\t<img decoding=\"async\" width=&quot;125&quot; height=&quot;125&quot; style=\"width:125px; height:125px; border-width: 10px; border-color:#f1f1f1;border: 10px solid #f1f1f1\" alt=\"\" title=\"Colette Demers\" src=\"https:\/\/cimbcc.org\/test2\/wp-content\/uploads\/photo_demers_colette.jpg\" rel=\"https:\/\/cimbcc.org\/test2\/wp-content\/uploads\/photo_demers_colette.jpg\" \/>\t\t\t\t\t\t\t\t\t\t\t\t\t\t\t<\/a>\n\t\t\t\t\t\t\t\t\t\t\t\t\t\t\t\t\t\t\t\t\t\t\t\t\t\t<\/p>\n\t\t\t\t\t\t\t\t\t\t\t\t\t\t\t\t\t\t\t\t\t\t\t\t\t<div \n\t\t\t\t\t\t\t\t\t\t\t\t\tstyle=\"width:145px;\"\t\t\t\t\t\t\t\t\t\t\t\t\tclass=\"gllr_single_image_text gllr_single_image_text_under\">Colette Demers&nbsp;<\/div>\n\t\t\t\t\t\t\t\t\t\t\t\t\t\t\t\t\t\t\t\t\t\t\t<\/div><!-- .gllr_image_block -->\n\t\t\t\t\t\t\t\t\t\t\t\t\t\t\t\t\t\t\t\t\t<div class=\"gllr_image_block\">\n\t\t\t\t\t\t\t\t\t\t\t\t<p style=\"\n\t\t\t\t\t\t\t\t\t\t\t\twidth:145px;height:145px;\t\t\t\t\t\t\t\t\t\t\t\t\">\n\t\t\t\t\t\t\t\t\t\t\t\t\t\t\t\t\t\t\t\t\t\t\t\t\t\t\t\t<a data-fancybox=\"gallery_fancybox_26932\" href=\"https:\/\/cimbcc.org\/test2\/wp-content\/uploads\/photo_couture_francine.jpg\" title=\"Francine Couture\" >\n\t\t\t\t\t\t\t\t\t\t\t\t\t\t\t\t<img decoding=\"async\" width=&quot;125&quot; height=&quot;125&quot; style=\"width:125px; height:125px; border-width: 10px; border-color:#f1f1f1;border: 10px solid #f1f1f1\" alt=\"\" title=\"Francine Couture\" src=\"https:\/\/cimbcc.org\/test2\/wp-content\/uploads\/photo_couture_francine.jpg\" rel=\"https:\/\/cimbcc.org\/test2\/wp-content\/uploads\/photo_couture_francine.jpg\" \/>\t\t\t\t\t\t\t\t\t\t\t\t\t\t\t<\/a>\n\t\t\t\t\t\t\t\t\t\t\t\t\t\t\t\t\t\t\t\t\t\t\t\t\t\t<\/p>\n\t\t\t\t\t\t\t\t\t\t\t\t\t\t\t\t\t\t\t\t\t\t\t\t\t<div \n\t\t\t\t\t\t\t\t\t\t\t\t\tstyle=\"width:145px;\"\t\t\t\t\t\t\t\t\t\t\t\t\tclass=\"gllr_single_image_text gllr_single_image_text_under\">Francine Couture&nbsp;<\/div>\n\t\t\t\t\t\t\t\t\t\t\t\t\t\t\t\t\t\t\t\t\t\t\t<\/div><!-- .gllr_image_block -->\n\t\t\t\t\t\t\t\t\t\t\t\t\t\t\t\t\t\t\t\t\t<div class=\"gllr_image_block\">\n\t\t\t\t\t\t\t\t\t\t\t\t<p style=\"\n\t\t\t\t\t\t\t\t\t\t\t\twidth:145px;height:145px;\t\t\t\t\t\t\t\t\t\t\t\t\">\n\t\t\t\t\t\t\t\t\t\t\t\t\t\t\t\t\t\t\t\t\t\t\t\t\t\t\t\t<a data-fancybox=\"gallery_fancybox_26932\" href=\"https:\/\/cimbcc.org\/test2\/wp-content\/uploads\/photo_courtoy_jean_fran\u00e7ois.jpg\" title=\"Jean-Fran\u00e7ois Courtoy\" >\n\t\t\t\t\t\t\t\t\t\t\t\t\t\t\t\t<img decoding=\"async\" width=&quot;125&quot; height=&quot;125&quot; style=\"width:125px; height:125px; border-width: 10px; border-color:#f1f1f1;border: 10px solid #f1f1f1\" alt=\"\" title=\"Jean-Fran\u00e7ois Courtoy\" src=\"https:\/\/cimbcc.org\/test2\/wp-content\/uploads\/photo_courtoy_jean_fran\u00e7ois.jpg\" rel=\"https:\/\/cimbcc.org\/test2\/wp-content\/uploads\/photo_courtoy_jean_fran\u00e7ois.jpg\" \/>\t\t\t\t\t\t\t\t\t\t\t\t\t\t\t<\/a>\n\t\t\t\t\t\t\t\t\t\t\t\t\t\t\t\t\t\t\t\t\t\t\t\t\t\t<\/p>\n\t\t\t\t\t\t\t\t\t\t\t\t\t\t\t\t\t\t\t\t\t\t\t\t\t<div \n\t\t\t\t\t\t\t\t\t\t\t\t\tstyle=\"width:145px;\"\t\t\t\t\t\t\t\t\t\t\t\t\tclass=\"gllr_single_image_text gllr_single_image_text_under\">Jean-Fran\u00e7ois Courtoy&nbsp;<\/div>\n\t\t\t\t\t\t\t\t\t\t\t\t\t\t\t\t\t\t\t\t\t\t\t<\/div><!-- .gllr_image_block -->\n\t\t\t\t\t\t\t\t\t\t\t\t\t\t\t\t\t\t\t\t\t<div class=\"gllr_image_block\">\n\t\t\t\t\t\t\t\t\t\t\t\t<p style=\"\n\t\t\t\t\t\t\t\t\t\t\t\twidth:145px;height:145px;\t\t\t\t\t\t\t\t\t\t\t\t\">\n\t\t\t\t\t\t\t\t\t\t\t\t\t\t\t\t\t\t\t\t\t\t\t\t\t\t\t\t<a data-fancybox=\"gallery_fancybox_26932\" href=\"https:\/\/cimbcc.org\/test2\/wp-content\/uploads\/photo_rene_de_cotret_jeannette.jpg\" title=\"Jeannette Ren\u00e9 de Cotret\" >\n\t\t\t\t\t\t\t\t\t\t\t\t\t\t\t\t<img decoding=\"async\" width=&quot;125&quot; height=&quot;125&quot; style=\"width:125px; height:125px; border-width: 10px; border-color:#f1f1f1;border: 10px solid #f1f1f1\" alt=\"\" title=\"Jeannette Ren\u00e9 de Cotret\" src=\"https:\/\/cimbcc.org\/test2\/wp-content\/uploads\/photo_rene_de_cotret_jeannette.jpg\" rel=\"https:\/\/cimbcc.org\/test2\/wp-content\/uploads\/photo_rene_de_cotret_jeannette.jpg\" \/>\t\t\t\t\t\t\t\t\t\t\t\t\t\t\t<\/a>\n\t\t\t\t\t\t\t\t\t\t\t\t\t\t\t\t\t\t\t\t\t\t\t\t\t\t<\/p>\n\t\t\t\t\t\t\t\t\t\t\t\t\t\t\t\t\t\t\t\t\t\t\t\t\t<div \n\t\t\t\t\t\t\t\t\t\t\t\t\tstyle=\"width:145px;\"\t\t\t\t\t\t\t\t\t\t\t\t\tclass=\"gllr_single_image_text gllr_single_image_text_under\">Jeannette Ren\u00e9 de Cotret&nbsp;<\/div>\n\t\t\t\t\t\t\t\t\t\t\t\t\t\t\t\t\t\t\t\t\t\t\t<\/div><!-- .gllr_image_block -->\n\t\t\t\t\t\t\t\t\t\t\t\t\t\t\t\t\t\t\t\t\t<div class=\"gllr_image_block\">\n\t\t\t\t\t\t\t\t\t\t\t\t<p style=\"\n\t\t\t\t\t\t\t\t\t\t\t\twidth:145px;height:145px;\t\t\t\t\t\t\t\t\t\t\t\t\">\n\t\t\t\t\t\t\t\t\t\t\t\t\t\t\t\t\t\t\t\t\t\t\t\t\t\t\t\t<a data-fancybox=\"gallery_fancybox_26932\" href=\"https:\/\/cimbcc.org\/test2\/wp-content\/uploads\/photo_gagne_michel.jpg\" title=\"Michel Gagn\u00e9\" >\n\t\t\t\t\t\t\t\t\t\t\t\t\t\t\t\t<img decoding=\"async\" width=&quot;125&quot; height=&quot;125&quot; style=\"width:125px; height:125px; border-width: 10px; border-color:#f1f1f1;border: 10px solid #f1f1f1\" alt=\"\" title=\"Michel Gagn\u00e9\" src=\"https:\/\/cimbcc.org\/test2\/wp-content\/uploads\/photo_gagne_michel.jpg\" rel=\"https:\/\/cimbcc.org\/test2\/wp-content\/uploads\/photo_gagne_michel.jpg\" \/>\t\t\t\t\t\t\t\t\t\t\t\t\t\t\t<\/a>\n\t\t\t\t\t\t\t\t\t\t\t\t\t\t\t\t\t\t\t\t\t\t\t\t\t\t<\/p>\n\t\t\t\t\t\t\t\t\t\t\t\t\t\t\t\t\t\t\t\t\t\t\t\t\t<div \n\t\t\t\t\t\t\t\t\t\t\t\t\tstyle=\"width:145px;\"\t\t\t\t\t\t\t\t\t\t\t\t\tclass=\"gllr_single_image_text gllr_single_image_text_under\">Michel Gagn\u00e9&nbsp;<\/div>\n\t\t\t\t\t\t\t\t\t\t\t\t\t\t\t\t\t\t\t\t\t\t\t<\/div><!-- .gllr_image_block -->\n\t\t\t\t\t\t\t\t\t\t\t\t\t\t\t\t\t\t\t\t\t<div class=\"gllr_image_block\">\n\t\t\t\t\t\t\t\t\t\t\t\t<p style=\"\n\t\t\t\t\t\t\t\t\t\t\t\twidth:145px;height:145px;\t\t\t\t\t\t\t\t\t\t\t\t\">\n\t\t\t\t\t\t\t\t\t\t\t\t\t\t\t\t\t\t\t\t\t\t\t\t\t\t\t\t<a data-fancybox=\"gallery_fancybox_26932\" href=\"https:\/\/cimbcc.org\/test2\/wp-content\/uploads\/photo_garneau_sylvain.jpg\" title=\"Sylvain Garneau\" >\n\t\t\t\t\t\t\t\t\t\t\t\t\t\t\t\t<img decoding=\"async\" width=&quot;125&quot; height=&quot;125&quot; style=\"width:125px; height:125px; border-width: 10px; border-color:#f1f1f1;border: 10px solid #f1f1f1\" alt=\"\" title=\"Sylvain Garneau\" src=\"https:\/\/cimbcc.org\/test2\/wp-content\/uploads\/photo_garneau_sylvain.jpg\" rel=\"https:\/\/cimbcc.org\/test2\/wp-content\/uploads\/photo_garneau_sylvain.jpg\" \/>\t\t\t\t\t\t\t\t\t\t\t\t\t\t\t<\/a>\n\t\t\t\t\t\t\t\t\t\t\t\t\t\t\t\t\t\t\t\t\t\t\t\t\t\t<\/p>\n\t\t\t\t\t\t\t\t\t\t\t\t\t\t\t\t\t\t\t\t\t\t\t\t\t<div \n\t\t\t\t\t\t\t\t\t\t\t\t\tstyle=\"width:145px;\"\t\t\t\t\t\t\t\t\t\t\t\t\tclass=\"gllr_single_image_text gllr_single_image_text_under\">Sylvain Garneau&nbsp;<\/div>\n\t\t\t\t\t\t\t\t\t\t\t\t\t\t\t\t\t\t\t\t\t\t\t<\/div><!-- .gllr_image_block -->\n\t\t\t\t\t\t\t\t\t\t\t\t\t\t\t\t\t\t\t\t\t<div class=\"clear\"><\/div>\n\t\t\t\t\t\t\t\t\t\t<\/div><!-- .gllr_image_row -->\n\t\t\t\t\t\t\t\t\t\t\t\t\t\t\t\t\t<\/div><!-- .gallery.clearfix -->\n\t\t\t\t\t\t\t\t\t\t\t\t\t\t<\/div><!-- .gallery_box_single -->\n\t\t\t\t\t\t<div class=\"gllr_clear\"><\/div>\n\t\t\t\t\t\t\n\n\n\n<h3 class=\"wp-block-heading\">&nbsp;<\/h3>\n\n\n\n<p class=\"has-small-font-size\"><span style=\"font-size: x-small;\">Derni\u00e8re r\u00e9vision de cette page : novembre 2024.<\/span><\/p>\n\n\n\n<p class=\"has-small-font-size\"><span style=\"font-size: x-small;\"> Responsable de la mise \u00e0 jour de cette page : Danielle Barab\u00e9<\/span>.<\/p>\n","protected":false},"excerpt":{"rendered":"<p>CET ATELIER N&rsquo;EST PAS OFFERT \u00c0 L&rsquo;HIVER 2025 \u00c0 qui s\u2019adresse l\u2019atelier Cet atelier est destin\u00e9 aux membres qui assistent aux pr\u00e9sentations de la s\u00e9rie Facile et qui d\u00e9sirent am\u00e9liorer leur apprentissage en faisant les exercices propos\u00e9s lors des s\u00e9ances avec l&rsquo;aide des pr\u00e9sentatrices et pr\u00e9sentateurs. De plus, ils pourront \u00e9changer et partager leurs exp\u00e9riences &hellip; <a href=\"https:\/\/cimbcc.org\/test2\/gallery\/atelier_aide_aux_exercices_serie_facile_collaborateurs\/\" class=\"more-link\">Continuer la lecture de <span class=\"screen-reader-text\">Atelier_Aide_aux_exercices_serie_facile_collaborateurs<\/span>  <span class=\"meta-nav\">&rarr;<\/span><\/a><\/p>\n","protected":false},"author":33,"featured_media":0,"parent":100,"menu_order":10,"comment_status":"closed","ping_status":"closed","template":"","meta":{"footnotes":""},"class_list":["post-26928","page","type-page","status-publish","hentry"],"_links":{"self":[{"href":"https:\/\/cimbcc.org\/test2\/wp-json\/wp\/v2\/pages\/26928","targetHints":{"allow":["GET"]}}],"collection":[{"href":"https:\/\/cimbcc.org\/test2\/wp-json\/wp\/v2\/pages"}],"about":[{"href":"https:\/\/cimbcc.org\/test2\/wp-json\/wp\/v2\/types\/page"}],"author":[{"embeddable":true,"href":"https:\/\/cimbcc.org\/test2\/wp-json\/wp\/v2\/users\/33"}],"replies":[{"embeddable":true,"href":"https:\/\/cimbcc.org\/test2\/wp-json\/wp\/v2\/comments?post=26928"}],"version-history":[{"count":105,"href":"https:\/\/cimbcc.org\/test2\/wp-json\/wp\/v2\/pages\/26928\/revisions"}],"predecessor-version":[{"id":53939,"href":"https:\/\/cimbcc.org\/test2\/wp-json\/wp\/v2\/pages\/26928\/revisions\/53939"}],"up":[{"embeddable":true,"href":"https:\/\/cimbcc.org\/test2\/wp-json\/wp\/v2\/pages\/100"}],"wp:attachment":[{"href":"https:\/\/cimbcc.org\/test2\/wp-json\/wp\/v2\/media?parent=26928"}],"curies":[{"name":"wp","href":"https:\/\/api.w.org\/{rel}","templated":true}]}}