{"id":270,"date":"2011-07-04T09:58:57","date_gmt":"2011-07-04T14:58:57","guid":{"rendered":"https:\/\/cimbcc.org\/test2\/?page_id=270"},"modified":"2025-05-04T17:39:51","modified_gmt":"2025-05-04T21:39:51","slug":"familiarisation-a-linternet","status":"publish","type":"page","link":"https:\/\/cimbcc.org\/test2\/partage-de-connaissances\/familiarisation-a-linternet\/","title":{"rendered":"Cours offerts dans les biblioth\u00e8ques"},"content":{"rendered":"\n<p><em><span style=\"font-size: 14pt;\">Plusieurs b\u00e9n\u00e9voles du Club offrent des cours pour permettre aux d\u00e9butants de se familiariser avec l&rsquo;ordinateur et Internet.<\/span><\/em><\/p>\n\n\n\n<p><em><span style=\"font-size: 14pt;\">Ces cours sont offerts dans les biblioth\u00e8ques de Saint-Bruno, de Saint-Basile et de Sainte-Julie. <strong>Il n\u2019est pas n\u00e9cessaire d\u2019\u00eatre membre du Club pour y assister<\/strong>.<\/span><\/em><\/p>\n\n\n\n<h2 class=\"wp-block-heading\">Les objectifs des cours<\/h2>\n\n\n\n<h6 class=\"wp-block-heading\">Cours pr\u00e9paratoire<\/h6>\n\n\n\n<p>L\u2019objectif de ce cours de 2 heures est de permettre aux personnes qui n\u2019ont aucune exp\u00e9rience dans l\u2019utilisation d\u2019un ordinateur de se familiariser avec l\u2019utilisation d\u2019un clavier et d\u2019une souris.<\/p>\n\n\n\n<h6 class=\"wp-block-heading\">Cours <em>Initiation \u00e0 Internet<\/em><\/h6>\n\n\n\n<p>L\u2019objectif de ce cours de 9 heures est de permettre aux personnes qui ont peu d\u2019exp\u00e9rience dans l\u2019utilisation d\u2019Internet de se familiariser avec<\/p>\n\n\n\n<ul class=\"wp-block-list\">\n<li>la navigation sur Internet;<\/li>\n\n\n\n<li>le courrier \u00e9lectronique.<\/li>\n<\/ul>\n\n\n\n<p>La ma\u00eetrise de ces concepts de base permet \u00e0 ceux qui s\u2019inscrivent par la suite au Club informatique Mont-Bruno de mieux profiter des activit\u00e9s du Club.<\/p>\n\n\n\n<h2 class=\"wp-block-heading\">Le cours pr\u00e9paratoire<\/h2>\n\n\n\n<p>Ce cours est destin\u00e9 aux personnes qui n&rsquo;ont jamais utilis\u00e9 une souris ou un clavier d&rsquo;ordinateur. Les gens qui ma\u00eetrisent la souris et le clavier d&rsquo;ordinateur n&rsquo;ont pas besoin de suivre ce cours et peuvent s&rsquo;inscrire directement au cours <em>Initiation \u00e0 Internet<\/em>.<\/p>\n\n\n\n<h6 class=\"wp-block-heading\">Pr\u00e9alables<\/h6>\n\n\n\n<p>Poss\u00e9der un ordinateur (portable ou de bureau) et un acc\u00e8s \u00e0 Internet. Nous d\u00e9conseillons aux personnes qui n&rsquo;ont pas d&rsquo;ordinateur et d&rsquo;acc\u00e8s \u00e0 Internet de suivre le cours parce que les personnes qui assistent au cours oublient rapidement les connaissances acquises si elles ne naviguent pas sur Internet chaque jour durant les mois qui suivent le cours.<\/p>\n\n\n\n<h6 class=\"wp-block-heading\">Contenu<\/h6>\n\n\n\n<ul class=\"wp-block-list\">\n<li>Apprentissage de l\u2019utilisation de la souris et du clavier.<\/li>\n\n\n\n<li>Navigation sur le site du journal <em>La Presse<\/em>.<\/li>\n<\/ul>\n\n\n\n<h6 class=\"wp-block-heading\">Format<\/h6>\n\n\n\n<p>Le cours pr\u00e9paratoire se donne le mercredi, de 13 h 30 \u00e0 15 h 30.&nbsp; Il s&rsquo;agit d&rsquo;un cours personnalis\u00e9, il y a donc un seul \u00e9tudiant avec l&rsquo;instructeur. L&rsquo;instructeur montre \u00e0 l&rsquo;\u00e9tudiant comment utiliser la souris et le clavier de l&rsquo;ordinateur.<\/p>\n\n\n\n<p>Apr\u00e8s le cours, l&rsquo;\u00e9tudiant doit faire les exercices qui lui ont \u00e9t\u00e9 donn\u00e9s par l&rsquo;instructeur durant cinq ou six heures pour bien ma\u00eetriser la souris et le clavier de l&rsquo;ordinateur. Ces ma\u00eetrises sont n\u00e9cessaires pour bien profiter du cours <em>Initiation \u00e0 Internet<\/em>.<\/p>\n\n\n\n<h2 class=\"wp-block-heading\">Le cours <em>Initiation \u00e0 Internet<\/em><\/h2>\n\n\n\n<h6 class=\"wp-block-heading\">Pr\u00e9alables<\/h6>\n\n\n\n<p>Ma\u00eetriser l&rsquo;utilisation de la souris et du clavier de l&rsquo;ordinateur.<\/p>\n\n\n\n<p>Poss\u00e9der un ordinateur (portable ou de bureau) et un acc\u00e8s \u00e0 Internet. Nous d\u00e9conseillons aux personnes qui n&rsquo;ont pas d&rsquo;ordinateur et d&rsquo;acc\u00e8s \u00e0 Internet de suivre le cours parce que les personnes qui assistent au cours oublient rapidement les connaissances acquises si elles ne naviguent pas sur Internet chaque jour durant les mois qui suivent le cours.<\/p>\n\n\n\n<h6 class=\"wp-block-heading\">Contenu<\/h6>\n\n\n\n<ul class=\"wp-block-list\">\n<li>Description sommaire des composantes d\u2019un ordinateur<\/li>\n\n\n\n<li>Description sommaire d\u2019Internet<\/li>\n\n\n\n<li>Initiation \u00e0 la navigation sur Internet avec Chrome<\/li>\n\n\n\n<li>Initiation au courrier \u00e9lectronique Outlook.com<\/li>\n\n\n\n<li>Visite de sites int\u00e9ressants : jeux, pr\u00e9visions m\u00e9t\u00e9orologiques portail MSN, nouvelles, cin\u00e9ma, Club informatique Mont-Bruno et information sur L\u00e9onard de Vinci<\/li>\n<\/ul>\n\n\n\n<h6 class=\"wp-block-heading\">Format<\/h6>\n\n\n\n<p>Le cours <em>Initiation \u00e0 Internet<\/em> se donne&nbsp;sur deux jours, un lundi et un mercredi,&nbsp; de 9 h \u00e0 11 h 30 et de 13 h \u00e0 15 h. Le cours&nbsp;accueille un maximum de 10 personnes. Le d\u00e9roulement du cours :<\/p>\n\n\n\n<ul class=\"wp-block-list\">\n<li>de <em><strong>9 h \u00e0 11 h 30<\/strong><\/em> : un instructeur donne des explications en les illustrant au moyen de visites de sites int\u00e9ressants; le contenu de l\u2019\u00e9cran de l\u2019instructeur est projet\u00e9 sur un grand \u00e9cran pour que les participants voient clairement ce que l\u2019instructeur fait;<\/li>\n\n\n\n<li>de <em><strong>13 h \u00e0 15 h<\/strong><\/em> : chaque participant dispose d\u2019un ordinateur (son ordinateur portable ou un ordinateur de la biblioth\u00e8que) et refait, \u00e0 partir de notes d\u00e9taill\u00e9es, ce que l\u2019instructeur a fait le matin; deux ou trois instructeurs sont disponibles pour aider les participants au besoin.<\/li>\n<\/ul>\n\n\n\n<h2 class=\"wp-block-heading\">Les notes de cours<\/h2>\n\n\n\n<p>Cliquez sur les liens ci-dessous pour obtenir les notes des cours.<\/p>\n\n\n\n<ul class=\"wp-block-list\">\n<li><a href=\"https:\/\/cimbcc.org\/test2\/wp-content\/uploads\/divers_pdf_notes_de_letudiant_cours_preparatoire.pdf\">Notes du cours pr\u00e9paratoire<\/a><\/li>\n\n\n\n<li><a href=\"https:\/\/cimbcc.org\/test2\/wp-content\/uploads\/divers_pdf_notes_de_letudiant_cours_initiation_a_internet.pdf\">Notes du cours&nbsp;<em>Initiation \u00e0 Internet<\/em><\/a><\/li>\n<\/ul>\n\n\n\n<h2 class=\"wp-block-heading\">Endroits<\/h2>\n\n\n\n<p><span style=\"font-size: 16px;\">Les cours ont lieu aux endroits suivants :<\/span><\/p>\n\n\n\n<ul class=\"wp-block-list\">\n<li>Biblioth\u00e8que de Saint-Bruno (82, rue Seigneurial Ouest, Saint-Bruno)<\/li>\n\n\n\n<li>Biblioth\u00e8que de Saint-Basile\u00a0 (40, rue Savaria, Saint-Basile-le-Grand)<\/li>\n\n\n\n<li>Biblioth\u00e8que de Sainte-Julie\u00a0 (1600, chemin du Fer-\u00e0-Cheval, Sainte-Julie)<\/li>\n<\/ul>\n\n\n\n<h2 class=\"wp-block-heading\">Renseignements et inscription<\/h2>\n\n\n\n<p>Pour renseignements ou inscription, communiquez avec Michel Gagn\u00e9 au num\u00e9ro 450 653-4973.<\/p>\n\n\n\n<h3 class=\"wp-block-heading\"><strong>Que faire s\u2019il y a une temp\u00eate?<\/strong><\/h3>\n\n\n\n<p>C\u2019est l\u2019instructeur qui a la responsabilit\u00e9 de maintenir ou d\u2019annuler une activit\u00e9 pr\u00e9vue dans le cadre des cours.<\/p>\n\n\n\n<p>Si l\u2019instructeur d\u00e9cide d\u2019annuler un cours auquel vous \u00eates inscrit, il<b> <\/b>vous t\u00e9l\u00e9phonera, <b>au plus tard deux heures avant le d\u00e9but du cours<\/b>. Si vous ne recevez pas d\u2019appel de votre instructeur, rendez-vous \u00e0 la biblioth\u00e8que comme pr\u00e9vu.<\/p>\n\n\n\n<h2 class=\"wp-block-heading\">Responsable<\/h2>\n\n\n<div class=\"wp-block-image size-full wp-image-25273\">\n<figure class=\"alignleft\"><img decoding=\"async\" src=\"https:\/\/cimbcc.org\/test2\/wp-content\/uploads\/photo_gagne_michel.jpg\" alt=\"\" class=\"wp-image-25273\"\/><figcaption class=\"wp-element-caption\">Michel Gagn\u00e9<\/figcaption><\/figure>\n<\/div>\n\n\n<p>&nbsp;<\/p>\n\n\n\n<p>&nbsp;<\/p>\n\n\n\n<p>&nbsp;<\/p>\n\n\n\n<p>&nbsp;<\/p>\n\n\n\n<p>Si vous d\u00e9sirez proposer des modifications aux cours ou vous porter volontaire pour donner des cours, communiquez avec Michel Gagn\u00e9 au num\u00e9ro 450 653-4973.<\/p>\n\n\n\n<h2 class=\"wp-block-heading\">Instructeurs<\/h2>\n\n\n\n<p>Les cours offerts dans les biblioth\u00e8ques sont possibles gr\u00e2ce \u00e0 la contribution des instructeurs suivants :<\/p>\n\n\n\t\t\t\t\t\t<div class=\"gallery_box_single\">\n\t\t\t\t\t\t\t\t\t\t\t\t\t\t\t<div class=\"gallery gllr_grid\" data-gllr-columns=\"100\" data-gllr-border-width=\"10\">\n\t\t\t\t\t\t\t\t\t\t\t\t\t\t\t\t\t\t\t\t<div class=\"gllr_image_row\">\n\t\t\t\t\t\t\t\t\t\t\t\t\t\t\t\t\t\t\t\t\t<div class=\"gllr_image_block\">\n\t\t\t\t\t\t\t\t\t\t\t\t<p style=\"\n\t\t\t\t\t\t\t\t\t\t\t\twidth:145px;height:145px;\t\t\t\t\t\t\t\t\t\t\t\t\">\n\t\t\t\t\t\t\t\t\t\t\t\t\t\t\t\t\t\t\t\t\t\t\t\t\t\t\t\t<a data-fancybox=\"gallery_fancybox_7261\" href=\"https:\/\/cimbcc.org\/test2\/wp-content\/uploads\/photo_courtoy_jean_fran\u00e7ois.jpg\" title=\"Jean-Fran\u00e7ois Courtoy\" >\n\t\t\t\t\t\t\t\t\t\t\t\t\t\t\t\t<img decoding=\"async\" width=&quot;125&quot; height=&quot;125&quot; style=\"width:125px; height:125px; border-width: 10px; border-color:#f1f1f1;border: 10px solid #f1f1f1\" alt=\"\" title=\"Jean-Fran\u00e7ois Courtoy\" src=\"https:\/\/cimbcc.org\/test2\/wp-content\/uploads\/photo_courtoy_jean_fran\u00e7ois.jpg\" rel=\"https:\/\/cimbcc.org\/test2\/wp-content\/uploads\/photo_courtoy_jean_fran\u00e7ois.jpg\" \/>\t\t\t\t\t\t\t\t\t\t\t\t\t\t\t<\/a>\n\t\t\t\t\t\t\t\t\t\t\t\t\t\t\t\t\t\t\t\t\t\t\t\t\t\t<\/p>\n\t\t\t\t\t\t\t\t\t\t\t\t\t\t\t\t\t\t\t\t\t\t\t\t\t<div \n\t\t\t\t\t\t\t\t\t\t\t\t\tstyle=\"width:145px;\"\t\t\t\t\t\t\t\t\t\t\t\t\tclass=\"gllr_single_image_text gllr_single_image_text_under\">Jean-Fran\u00e7ois Courtoy&nbsp;<\/div>\n\t\t\t\t\t\t\t\t\t\t\t\t\t\t\t\t\t\t\t\t\t\t\t<\/div><!-- .gllr_image_block -->\n\t\t\t\t\t\t\t\t\t\t\t\t\t\t\t\t\t\t\t\t\t<div class=\"gllr_image_block\">\n\t\t\t\t\t\t\t\t\t\t\t\t<p style=\"\n\t\t\t\t\t\t\t\t\t\t\t\twidth:145px;height:145px;\t\t\t\t\t\t\t\t\t\t\t\t\">\n\t\t\t\t\t\t\t\t\t\t\t\t\t\t\t\t\t\t\t\t\t\t\t\t\t\t\t\t<a data-fancybox=\"gallery_fancybox_7261\" href=\"https:\/\/cimbcc.org\/test2\/wp-content\/uploads\/photo_demers_colette.jpg\" title=\"Colette Demers\" >\n\t\t\t\t\t\t\t\t\t\t\t\t\t\t\t\t<img decoding=\"async\" width=&quot;125&quot; height=&quot;125&quot; style=\"width:125px; height:125px; border-width: 10px; border-color:#f1f1f1;border: 10px solid #f1f1f1\" alt=\"\" title=\"Colette Demers\" src=\"https:\/\/cimbcc.org\/test2\/wp-content\/uploads\/photo_demers_colette.jpg\" rel=\"https:\/\/cimbcc.org\/test2\/wp-content\/uploads\/photo_demers_colette.jpg\" \/>\t\t\t\t\t\t\t\t\t\t\t\t\t\t\t<\/a>\n\t\t\t\t\t\t\t\t\t\t\t\t\t\t\t\t\t\t\t\t\t\t\t\t\t\t<\/p>\n\t\t\t\t\t\t\t\t\t\t\t\t\t\t\t\t\t\t\t\t\t\t\t\t\t<div \n\t\t\t\t\t\t\t\t\t\t\t\t\tstyle=\"width:145px;\"\t\t\t\t\t\t\t\t\t\t\t\t\tclass=\"gllr_single_image_text gllr_single_image_text_under\">Colette Demers&nbsp;<\/div>\n\t\t\t\t\t\t\t\t\t\t\t\t\t\t\t\t\t\t\t\t\t\t\t<\/div><!-- .gllr_image_block -->\n\t\t\t\t\t\t\t\t\t\t\t\t\t\t\t\t\t\t\t\t\t<div class=\"gllr_image_block\">\n\t\t\t\t\t\t\t\t\t\t\t\t<p style=\"\n\t\t\t\t\t\t\t\t\t\t\t\twidth:145px;height:145px;\t\t\t\t\t\t\t\t\t\t\t\t\">\n\t\t\t\t\t\t\t\t\t\t\t\t\t\t\t\t\t\t\t\t\t\t\t\t\t\t\t\t<a data-fancybox=\"gallery_fancybox_7261\" href=\"https:\/\/cimbcc.org\/test2\/wp-content\/uploads\/photo_guy_claudette.jpg\" title=\"Claudette Guy\" >\n\t\t\t\t\t\t\t\t\t\t\t\t\t\t\t\t<img decoding=\"async\" width=&quot;125&quot; height=&quot;125&quot; style=\"width:125px; height:125px; border-width: 10px; border-color:#f1f1f1;border: 10px solid #f1f1f1\" alt=\"\" title=\"Claudette Guy\" src=\"https:\/\/cimbcc.org\/test2\/wp-content\/uploads\/photo_guy_claudette.jpg\" rel=\"https:\/\/cimbcc.org\/test2\/wp-content\/uploads\/photo_guy_claudette.jpg\" \/>\t\t\t\t\t\t\t\t\t\t\t\t\t\t\t<\/a>\n\t\t\t\t\t\t\t\t\t\t\t\t\t\t\t\t\t\t\t\t\t\t\t\t\t\t<\/p>\n\t\t\t\t\t\t\t\t\t\t\t\t\t\t\t\t\t\t\t\t\t\t\t\t\t<div \n\t\t\t\t\t\t\t\t\t\t\t\t\tstyle=\"width:145px;\"\t\t\t\t\t\t\t\t\t\t\t\t\tclass=\"gllr_single_image_text gllr_single_image_text_under\">Claudette Guy&nbsp;<\/div>\n\t\t\t\t\t\t\t\t\t\t\t\t\t\t\t\t\t\t\t\t\t\t\t<\/div><!-- .gllr_image_block -->\n\t\t\t\t\t\t\t\t\t\t\t\t\t\t\t\t\t\t\t\t\t<div class=\"gllr_image_block\">\n\t\t\t\t\t\t\t\t\t\t\t\t<p style=\"\n\t\t\t\t\t\t\t\t\t\t\t\twidth:145px;height:145px;\t\t\t\t\t\t\t\t\t\t\t\t\">\n\t\t\t\t\t\t\t\t\t\t\t\t\t\t\t\t\t\t\t\t\t\t\t\t\t\t\t\t<a data-fancybox=\"gallery_fancybox_7261\" href=\"https:\/\/cimbcc.org\/test2\/wp-content\/uploads\/photo_rene_de_cotret_jeannette.jpg\" title=\"Jeannette Ren\u00e9 de Cotret\" >\n\t\t\t\t\t\t\t\t\t\t\t\t\t\t\t\t<img decoding=\"async\" width=&quot;125&quot; height=&quot;125&quot; style=\"width:125px; height:125px; border-width: 10px; border-color:#f1f1f1;border: 10px solid #f1f1f1\" alt=\"\" title=\"Jeannette Ren\u00e9 de Cotret\" src=\"https:\/\/cimbcc.org\/test2\/wp-content\/uploads\/photo_rene_de_cotret_jeannette.jpg\" rel=\"https:\/\/cimbcc.org\/test2\/wp-content\/uploads\/photo_rene_de_cotret_jeannette.jpg\" \/>\t\t\t\t\t\t\t\t\t\t\t\t\t\t\t<\/a>\n\t\t\t\t\t\t\t\t\t\t\t\t\t\t\t\t\t\t\t\t\t\t\t\t\t\t<\/p>\n\t\t\t\t\t\t\t\t\t\t\t\t\t\t\t\t\t\t\t\t\t\t\t\t\t<div \n\t\t\t\t\t\t\t\t\t\t\t\t\tstyle=\"width:145px;\"\t\t\t\t\t\t\t\t\t\t\t\t\tclass=\"gllr_single_image_text gllr_single_image_text_under\">Jeannette Ren\u00e9 de Cotret&nbsp;<\/div>\n\t\t\t\t\t\t\t\t\t\t\t\t\t\t\t\t\t\t\t\t\t\t\t<\/div><!-- .gllr_image_block -->\n\t\t\t\t\t\t\t\t\t\t\t\t\t\t\t\t\t\t\t\t\t<div class=\"clear\"><\/div>\n\t\t\t\t\t\t\t\t\t\t<\/div><!-- .gllr_image_row -->\n\t\t\t\t\t\t\t\t\t\t\t\t\t\t\t\t\t<\/div><!-- .gallery.clearfix -->\n\t\t\t\t\t\t\t\t\t\t\t\t\t\t<\/div><!-- .gallery_box_single -->\n\t\t\t\t\t\t<div class=\"gllr_clear\"><\/div>\n\t\t\t\t\t\t\n\n\n\n<p>&nbsp;<\/p>\n\n\n\n<address><span style=\"font-size: x-small;\">Derni\u00e8re r\u00e9vision de cette page : ao\u00fbt 2024.<br><\/span><span style=\"font-size: x-small;\">Responsable de la mise \u00e0 jour de cette page : Michel Gagn\u00e9.<\/span><\/address>\n","protected":false},"excerpt":{"rendered":"<p>Plusieurs b\u00e9n\u00e9voles du Club offrent des cours pour permettre aux d\u00e9butants de se familiariser avec l&rsquo;ordinateur et Internet. Ces cours sont offerts dans les biblioth\u00e8ques de Saint-Bruno, de Saint-Basile et de Sainte-Julie. Il n\u2019est pas n\u00e9cessaire d\u2019\u00eatre membre du Club pour y assister. Les objectifs des cours Cours pr\u00e9paratoire L\u2019objectif de ce cours de 2 &hellip; <a href=\"https:\/\/cimbcc.org\/test2\/gallery\/benevoles_cours_dinitiation_a_la_bibliotheque\/\" class=\"more-link\">Continuer la lecture de <span class=\"screen-reader-text\">B\u00e9n\u00e9voles_Cours_d&rsquo;initiation_\u00e0_la_biblioth\u00e8que<\/span>  <span class=\"meta-nav\">&rarr;<\/span><\/a><\/p>\n","protected":false},"author":3,"featured_media":0,"parent":61,"menu_order":1,"comment_status":"closed","ping_status":"closed","template":"","meta":{"footnotes":""},"class_list":["post-270","page","type-page","status-publish","hentry"],"_links":{"self":[{"href":"https:\/\/cimbcc.org\/test2\/wp-json\/wp\/v2\/pages\/270","targetHints":{"allow":["GET"]}}],"collection":[{"href":"https:\/\/cimbcc.org\/test2\/wp-json\/wp\/v2\/pages"}],"about":[{"href":"https:\/\/cimbcc.org\/test2\/wp-json\/wp\/v2\/types\/page"}],"author":[{"embeddable":true,"href":"https:\/\/cimbcc.org\/test2\/wp-json\/wp\/v2\/users\/3"}],"replies":[{"embeddable":true,"href":"https:\/\/cimbcc.org\/test2\/wp-json\/wp\/v2\/comments?post=270"}],"version-history":[{"count":119,"href":"https:\/\/cimbcc.org\/test2\/wp-json\/wp\/v2\/pages\/270\/revisions"}],"predecessor-version":[{"id":53448,"href":"https:\/\/cimbcc.org\/test2\/wp-json\/wp\/v2\/pages\/270\/revisions\/53448"}],"up":[{"embeddable":true,"href":"https:\/\/cimbcc.org\/test2\/wp-json\/wp\/v2\/pages\/61"}],"wp:attachment":[{"href":"https:\/\/cimbcc.org\/test2\/wp-json\/wp\/v2\/media?parent=270"}],"curies":[{"name":"wp","href":"https:\/\/api.w.org\/{rel}","templated":true}]}}