{"id":30733,"date":"2020-08-27T16:54:47","date_gmt":"2020-08-27T20:54:47","guid":{"rendered":"https:\/\/cimbcc.org\/test2\/?page_id=30733"},"modified":"2022-05-05T00:51:53","modified_gmt":"2022-05-05T04:51:53","slug":"impacts-du-coronavirus-sur-le-fonctionnement-du-cimbcc","status":"publish","type":"page","link":"https:\/\/cimbcc.org\/test2\/a-propos-du-club\/impacts-du-coronavirus-sur-le-fonctionnement-du-cimbcc\/","title":{"rendered":"Impacts du Coronavirus sur le fonctionnement du CIMBCC"},"content":{"rendered":"<p><span style=\"font-size: 14pt;\"><em>Les pages d&rsquo;information sur les activit\u00e9s du Club d\u00e9crivent les activit\u00e9s du Club pour l&rsquo;ann\u00e9e 2021-2022. Puisque les r\u00e8gles de confinement et de distanciation \u00e9voluent tr\u00e8s rapidement, des changements sont susceptibles de se produire sans pr\u00e9avis.<\/em><\/span><\/p>\n<h4 id=\"haut_page\" style=\"text-align: justify;\">Index<\/h4>\n<ul>\n<li><a href=\"#info_inscription\">Journ\u00e9e d&rsquo;information et d&rsquo;inscription<\/a><\/li>\n<li><a href=\"#renou_cotisation\">Renouvellement de la cotisation des membres<\/a><\/li>\n<li><a href=\"#accueil_nouveaux_membres\">Accueil des nouveaux membres<\/a><\/li>\n<li><a href=\"#mercredi_vendredi\">Pr\u00e9sentations du mercredi et vendredi<\/a><\/li>\n<li><a href=\"#ateliers\">Les ateliers<\/a><\/li>\n<li><a href=\"#cours_biblio\">Cours offerts dans les biblioth\u00e8ques<\/a><\/li>\n<li><a href=\"#assist_avant_presentation\">Assistance avant les pr\u00e9sentations<\/a><\/li>\n<li><a href=\"#assist_domicile\">Assistance \u00e0 domicile<\/a><\/li>\n<li><a href=\"#activite_sociale\">Activit\u00e9s sociales<\/a><\/li>\n<\/ul>\n<hr \/>\n<h5 id=\"info_inscription\" style=\"text-align: justify;\">Journ\u00e9e d&rsquo;information et d&rsquo;inscription<\/h5>\n<p style=\"padding-left: 40px;\">Une journ\u00e9e d&rsquo;information et d&rsquo;inscription a eu lieu le 7 septembre 2021.<\/p>\n<p style=\"padding-left: 40px;\">Cette journ\u00e9e s&rsquo;est tenue :<\/p>\n<ul>\n<li style=\"list-style-type: none;\">\n<ul>\n<li style=\"list-style-type: none;\">\n<ul>\n<li>en personne, au Centre communautaire de Saint-Bruno, de 13 h 30 \u00e0 16 h,<\/li>\n<li>en format virtuel, sur Zoom, de 19 h 30 \u00e0 22 h.<\/li>\n<\/ul>\n<\/li>\n<\/ul>\n<\/li>\n<\/ul>\n<p><a href=\"#haut_page\"><span style=\"font-size: 10pt;\">Retour haut de page<\/span><\/a><\/p>\n<hr \/>\n<h5 id=\"renou_cotisation\" style=\"text-align: justify;\">Renouvellement de la cotisation des membres<\/h5>\n<p style=\"padding-left: 30px;\">La p\u00e9riode de renouvellement des adh\u00e9sions au Club informatique Mont-Bruno d\u00e9bute le 15 ao\u00fbt pour se terminer le 15 octobre inclusivement.<\/p>\n<p><a href=\"#haut_page\"><span style=\"font-size: 10pt;\">Retour haut de page<\/span><\/a><\/p>\n<hr \/>\n<h5 id=\"accueil_nouveaux_membres\" style=\"text-align: justify;\">Accueil des nouveaux membres<\/h5>\n<p style=\"padding-left: 40px;\">Vous pouvez adh\u00e9rer au Club en ligne en cliquant sur <a href=\"https:\/\/cimbcc.org\/test2\/adhesion\/adhesion-en-ligne\" target=\"_blank\" rel=\"noopener noreferrer\">ce lien<\/a>.<\/p>\n<p style=\"padding-left: 40px;\">Finalement, vous pouvez obtenir des informations sur le Club ou vous inscrire par t\u00e9l\u00e9phone en communiquant avec une b\u00e9n\u00e9vole du Club au (438) 763-5036.<\/p>\n<p><a href=\"#haut_page\"><span style=\"font-size: 10pt;\">Retour haut de page<\/span><\/a><\/p>\n<hr \/>\n<h5 id=\"mercredi_vendredi\" style=\"text-align: justify;\">Pr\u00e9sentations du mercredi et vendredi<\/h5>\n<ul>\n<li style=\"list-style-type: none;\">\n<ul>\n<li style=\"list-style-type: none;\">\n<ul>\n<li>S\u00e9rie <em>Facile<\/em> : le mercredi \u00e0 19 h 30 sur Zoom,<\/li>\n<li>S\u00e9rie <em>D\u00e9couverte<\/em> : le vendredi \u00e0 13 h 15 sur Zoom,<\/li>\n<li>S\u00e9rie <em>iOS &amp; Android<\/em> : le mercredi \u00e0 19 h 30 et le vendredi \u00e0 13 h 15 \u00e0 partir du 13 avril sur Zoom.<\/li>\n<\/ul>\n<\/li>\n<\/ul>\n<\/li>\n<\/ul>\n<p><a href=\"#haut_page\"><span style=\"font-size: 10pt;\">Retour haut de page<\/span><\/a><\/p>\n<hr \/>\n<h5 id=\"ateliers\" style=\"text-align: justify;\">Les ateliers<\/h5>\n<p style=\"padding-left: 40px;\">Certains ateliers seront tenus sur Zoom, d&rsquo;autres auront lieu en salle . Le masque sera obligatoire lors des ateliers ayant lieu\u00a0 en salle.<\/p>\n<p><a href=\"#haut_page\"><span style=\"font-size: 10pt;\">Retour haut de page<\/span><\/a><\/p>\n<hr \/>\n<h5 id=\"cours_biblio\" style=\"text-align: justify;\">Cours offerts dans les biblioth\u00e8ques<\/h5>\n<p style=\"padding-left: 40px;\">Les cours, incluant les exercices supervis\u00e9s, sont suspendus temporairement en raison de la pand\u00e9mie.<\/p>\n<p style=\"padding-left: 40px;\"><span style=\"font-size: 12pt;\">Pour renseignements, appelez Michel Gagn\u00e9 au (450) 653-4973.<\/span><strong><br \/>\n<\/strong><\/p>\n<p><a href=\"#haut_page\"><span style=\"font-size: 10pt;\">Retour haut de page<\/span><\/a><\/p>\n<hr \/>\n<h5 id=\"assist_avant_presentation\" style=\"text-align: justify;\">Assistance avant les pr\u00e9sentations<\/h5>\n<p style=\"padding-left: 40px;\">L&rsquo;assistance avant les pr\u00e9sentations ne pourra pas avoir lieu au chalet Marie-Victorin aussi longtemps que les recommandations de la Sant\u00e9 publique ne permettront pas \u00e0 nouveau les rassemblements.<\/p>\n<p><a href=\"#haut_page\"><span style=\"font-size: 10pt;\">Retour haut de page<\/span><\/a><\/p>\n<hr \/>\n<h5 id=\"assist_domicile\" style=\"text-align: justify;\">Assistance \u00e0 domicile<\/h5>\n<p style=\"padding-left: 40px;\"><span style=\"font-size: 12pt;\">L&rsquo;assistance \u00e0 domicile est disponible en tout temps et se fait dans le respect des r\u00e8gles de distanciation.<\/span><\/p>\n<p style=\"padding-left: 40px;\"><span style=\"font-size: 12pt;\">Pour faire appel \u00e0 l\u2019assistance \u00e0 domicile, <a href=\"https:\/\/cimbcc.org\/test2\/entraide\/lassistance-a-domicile\" target=\"_blank\" rel=\"noopener noreferrer\"> cliquez ici<\/a>.<\/span><\/p>\n<p><a href=\"#haut_page\"><span style=\"font-size: 10pt;\">Retour haut de page<\/span><\/a><\/p>\n<hr \/>\n<h5 id=\"activite_sociale\" style=\"text-align: justify;\">Activit\u00e9s sociales<\/h5>\n<p style=\"padding-left: 40px;\">La <em>Soir\u00e9e des membres<\/em> de mai a \u00e9t\u00e9 annul\u00e9e \u00e0 cause de l\u2019incertitude et du danger reli\u00e9s \u00e0 la 6<sup>e<\/sup> vague de CoVID-19.<\/p>\n<p><a href=\"#haut_page\"><span style=\"font-size: 10pt;\">Retour haut de page<\/span><\/a><\/p>\n<address><span style=\"font-size: x-small;\">Derni\u00e8re r\u00e9vision de cette page : janvier 2022.<br \/>\n<\/span><span style=\"font-size: x-small;\">Responsable de la mise \u00e0 jour de cette page : Richard Gervais.\u00a0<\/span><\/address>\n","protected":false},"excerpt":{"rendered":"<p>Les pages d&rsquo;information sur les activit\u00e9s du Club d\u00e9crivent les activit\u00e9s du Club pour l&rsquo;ann\u00e9e 2021-2022. Puisque les r\u00e8gles de confinement et de distanciation \u00e9voluent tr\u00e8s rapidement, des changements sont susceptibles de se produire sans pr\u00e9avis. Index Journ\u00e9e d&rsquo;information et d&rsquo;inscription Renouvellement de la cotisation des membres Accueil des nouveaux membres Pr\u00e9sentations du mercredi et &hellip; <a href=\"https:\/\/cimbcc.org\/test2\/a-propos-du-club\/impacts-du-coronavirus-sur-le-fonctionnement-du-cimbcc\/\" class=\"more-link\">Continuer la lecture de <span class=\"screen-reader-text\">Impacts du Coronavirus sur le fonctionnement du CIMBCC<\/span>  <span class=\"meta-nav\">&rarr;<\/span><\/a><\/p>\n","protected":false},"author":33,"featured_media":0,"parent":184,"menu_order":15,"comment_status":"closed","ping_status":"closed","template":"","meta":{"footnotes":""},"class_list":["post-30733","page","type-page","status-publish","hentry"],"_links":{"self":[{"href":"https:\/\/cimbcc.org\/test2\/wp-json\/wp\/v2\/pages\/30733","targetHints":{"allow":["GET"]}}],"collection":[{"href":"https:\/\/cimbcc.org\/test2\/wp-json\/wp\/v2\/pages"}],"about":[{"href":"https:\/\/cimbcc.org\/test2\/wp-json\/wp\/v2\/types\/page"}],"author":[{"embeddable":true,"href":"https:\/\/cimbcc.org\/test2\/wp-json\/wp\/v2\/users\/33"}],"replies":[{"embeddable":true,"href":"https:\/\/cimbcc.org\/test2\/wp-json\/wp\/v2\/comments?post=30733"}],"version-history":[{"count":54,"href":"https:\/\/cimbcc.org\/test2\/wp-json\/wp\/v2\/pages\/30733\/revisions"}],"predecessor-version":[{"id":39943,"href":"https:\/\/cimbcc.org\/test2\/wp-json\/wp\/v2\/pages\/30733\/revisions\/39943"}],"up":[{"embeddable":true,"href":"https:\/\/cimbcc.org\/test2\/wp-json\/wp\/v2\/pages\/184"}],"wp:attachment":[{"href":"https:\/\/cimbcc.org\/test2\/wp-json\/wp\/v2\/media?parent=30733"}],"curies":[{"name":"wp","href":"https:\/\/api.w.org\/{rel}","templated":true}]}}