{"id":40142,"date":"2022-06-20T14:36:02","date_gmt":"2022-06-20T18:36:02","guid":{"rendered":"https:\/\/cimbcc.org\/test2\/?page_id=40142"},"modified":"2024-08-12T15:23:24","modified_gmt":"2024-08-12T19:23:24","slug":"journee-dinformation","status":"publish","type":"page","link":"https:\/\/cimbcc.org\/test2\/autres-services\/journee-dinformation\/","title":{"rendered":"Journ\u00e9e d&rsquo;information"},"content":{"rendered":"<p><em><span style=\"font-size: 14pt;\">Cette activit\u00e9 se tient chaque ann\u00e9e au d\u00e9but de septembre au Chalet Marie-Victorin. Le public est invit\u00e9 \u00e0 y assister pour s&rsquo;informer sur les activit\u00e9s du Club et adh\u00e9rer au Club si les activit\u00e9s du Club leur conviennent.<\/span><\/em><\/p>\n<p><em><span style=\"font-size: 14pt;\">Les membres existants peuvent \u00e9galement y renouveler leur adh\u00e9sion. Notez que cette ann\u00e9e, aucun membre n&rsquo;a \u00e0 renouveler son adh\u00e9sion \u00e9tant donn\u00e9 que tous les membres ont re\u00e7u l&rsquo;an dernier une ann\u00e9e d&rsquo;adh\u00e9sion gratuite \u00e0 l&rsquo;occasion du quaranti\u00e8me anniversaire du Club.<\/span><\/em><\/p>\n<p><em><span style=\"font-size: 14pt;\">Plusieurs b\u00e9n\u00e9voles du Club sont pr\u00e9sents lors de cette journ\u00e9e et ils r\u00e9pondent avec plaisir aux questions des membres et des visiteurs.<\/span><\/em><\/p>\n<h2>Responsable<\/h2>\n<figure id=\"attachment_24216\" aria-describedby=\"caption-attachment-24216\" style=\"width: 125px\" class=\"wp-caption alignnone\"><img loading=\"lazy\" decoding=\"async\" class=\"size-full wp-image-24216\" src=\"https:\/\/cimbcc.org\/test2\/wp-content\/uploads\/photo_comtois_nicole.jpg\" alt=\"\" width=\"125\" height=\"125\" \/><figcaption id=\"caption-attachment-24216\" class=\"wp-caption-text\">Nicole Comtois<\/figcaption><\/figure>\n<address><span style=\"font-size: x-small;\">Derni\u00e8re r\u00e9vision de cette page :\u00a0 ao\u00fbt 2024.<br \/>\n<\/span><span style=\"font-size: x-small;\">Responsable de la mise \u00e0 jour de cette page : Sylvain Garneau<\/span><\/address>\n","protected":false},"excerpt":{"rendered":"<p>Cette activit\u00e9 se tient chaque ann\u00e9e au d\u00e9but de septembre au Chalet Marie-Victorin. Le public est invit\u00e9 \u00e0 y assister pour s&rsquo;informer sur les activit\u00e9s du Club et adh\u00e9rer au Club si les activit\u00e9s du Club leur conviennent. Les membres existants peuvent \u00e9galement y renouveler leur adh\u00e9sion. Notez que cette ann\u00e9e, aucun membre n&rsquo;a \u00e0 &hellip; <a href=\"https:\/\/cimbcc.org\/test2\/autres-services\/journee-dinformation\/\" class=\"more-link\">Continuer la lecture de <span class=\"screen-reader-text\">Journ\u00e9e d&rsquo;information<\/span>  <span class=\"meta-nav\">&rarr;<\/span><\/a><\/p>\n","protected":false},"author":33,"featured_media":0,"parent":252,"menu_order":0,"comment_status":"closed","ping_status":"closed","template":"","meta":{"footnotes":""},"class_list":["post-40142","page","type-page","status-publish","hentry"],"_links":{"self":[{"href":"https:\/\/cimbcc.org\/test2\/wp-json\/wp\/v2\/pages\/40142","targetHints":{"allow":["GET"]}}],"collection":[{"href":"https:\/\/cimbcc.org\/test2\/wp-json\/wp\/v2\/pages"}],"about":[{"href":"https:\/\/cimbcc.org\/test2\/wp-json\/wp\/v2\/types\/page"}],"author":[{"embeddable":true,"href":"https:\/\/cimbcc.org\/test2\/wp-json\/wp\/v2\/users\/33"}],"replies":[{"embeddable":true,"href":"https:\/\/cimbcc.org\/test2\/wp-json\/wp\/v2\/comments?post=40142"}],"version-history":[{"count":9,"href":"https:\/\/cimbcc.org\/test2\/wp-json\/wp\/v2\/pages\/40142\/revisions"}],"predecessor-version":[{"id":50043,"href":"https:\/\/cimbcc.org\/test2\/wp-json\/wp\/v2\/pages\/40142\/revisions\/50043"}],"up":[{"embeddable":true,"href":"https:\/\/cimbcc.org\/test2\/wp-json\/wp\/v2\/pages\/252"}],"wp:attachment":[{"href":"https:\/\/cimbcc.org\/test2\/wp-json\/wp\/v2\/media?parent=40142"}],"curies":[{"name":"wp","href":"https:\/\/api.w.org\/{rel}","templated":true}]}}

Journée d&rsquo;information

<p><em><span style="font-size: 14pt;">Cette activité se tient chaque année au début de septembre au Chalet Marie-Victorin. Le public est invité à y assister pour s&rsquo;informer sur les activités du Club et adhérer au Club si les activités du Club leur conviennent.</span></em></p>
<p><em><span style="font-size: 14pt;">Les membres existants peuvent également y renouveler leur adhésion. Notez que cette année, aucun membre n&rsquo;a à renouveler son adhésion étant donné que tous les membres ont reçu l&rsquo;an dernier une année d&rsquo;adhésion gratuite à l&rsquo;occasion du quarantième anniversaire du Club.</span></em></p>
<p><em><span style="font-size: 14pt;">Plusieurs bénévoles du Club sont présents lors de cette journée et ils répondent avec plaisir aux questions des membres et des visiteurs.</span></em></p>
<h2>Responsable</h2>
<figure id="attachment_24216" aria-describedby="caption-attachment-24216" style="width: 125px" class="wp-caption alignnone"><img loading="lazy" decoding="async" class="size-full wp-image-24216" src="https://cimbcc.org/test2/wp-content/uploads/photo_comtois_nicole.jpg" alt="" width="125" height="125" /><figcaption id="caption-attachment-24216" class="wp-caption-text">Nicole Comtois</figcaption></figure>
<address><span style="font-size: x-small;">Dernière révision de cette page :  août 2024.<br />
</span><span style="font-size: x-small;">Responsable de la mise à jour de cette page : Sylvain Garneau</span></address>

<p>Cette activité se tient chaque année au début de septembre au Chalet Marie-Victorin. Le public est invité à y assister pour s&rsquo;informer sur les activités du Club et adhérer au Club si les activités du Club leur conviennent. Les membres existants peuvent également y renouveler leur adhésion. Notez que cette année, aucun membre n&rsquo;a à &hellip; <a href="https://cimbcc.org/test2/autres-services/journee-dinformation/" class="more-link">Continuer la lecture de <span class="screen-reader-text">Journée d&rsquo;information</span>  <span class="meta-nav">&rarr;</span></a></p>
