{"id":40152,"date":"2022-06-20T15:20:14","date_gmt":"2022-06-20T19:20:14","guid":{"rendered":"https:\/\/cimbcc.org\/test2\/?page_id=40152"},"modified":"2024-08-02T19:57:18","modified_gmt":"2024-08-02T23:57:18","slug":"registre-des-benevoles","status":"publish","type":"page","link":"https:\/\/cimbcc.org\/test2\/a-propos-du-club\/nos-activites\/registre-des-benevoles\/","title":{"rendered":"Registre des b\u00e9n\u00e9voles"},"content":{"rendered":"<p><em><span style=\"font-size: 14pt;\">Cette \u00e9quipe g\u00e8re l&rsquo;information sur les b\u00e9n\u00e9voles du Club.<\/span><\/em><\/p>\n<h4>Responsable<\/h4>\n<figure id=\"attachment_24155\" aria-describedby=\"caption-attachment-24155\" style=\"width: 125px\" class=\"wp-caption alignnone\"><img loading=\"lazy\" decoding=\"async\" class=\"size-full wp-image-24155\" src=\"https:\/\/cimbcc.org\/test2\/wp-content\/uploads\/photo_paul_michel.jpg\" alt=\"Michel Paul\" width=\"125\" height=\"125\" \/><figcaption id=\"caption-attachment-24155\" class=\"wp-caption-text\">Michel Paul<\/figcaption><\/figure>\n<p>&nbsp;<\/p>\n<p><span style=\"font-size: x-small;\">Derni\u00e8re r\u00e9vision de cette page :\u00a0 ao\u00fbt 2024.<br \/>\n<\/span><span style=\"font-size: x-small;\">Responsable de la mise \u00e0 jour de cette page : Richard Gervais<\/span><\/p>\n","protected":false},"excerpt":{"rendered":"<p>Cette \u00e9quipe g\u00e8re l&rsquo;information sur les b\u00e9n\u00e9voles du Club. Responsable &nbsp; Derni\u00e8re r\u00e9vision de cette page :\u00a0 ao\u00fbt 2024. Responsable de la mise \u00e0 jour de cette page : Richard Gervais<\/p>\n","protected":false},"author":33,"featured_media":0,"parent":40094,"menu_order":0,"comment_status":"closed","ping_status":"closed","template":"","meta":{"footnotes":""},"class_list":["post-40152","page","type-page","status-publish","hentry"],"_links":{"self":[{"href":"https:\/\/cimbcc.org\/test2\/wp-json\/wp\/v2\/pages\/40152","targetHints":{"allow":["GET"]}}],"collection":[{"href":"https:\/\/cimbcc.org\/test2\/wp-json\/wp\/v2\/pages"}],"about":[{"href":"https:\/\/cimbcc.org\/test2\/wp-json\/wp\/v2\/types\/page"}],"author":[{"embeddable":true,"href":"https:\/\/cimbcc.org\/test2\/wp-json\/wp\/v2\/users\/33"}],"replies":[{"embeddable":true,"href":"https:\/\/cimbcc.org\/test2\/wp-json\/wp\/v2\/comments?post=40152"}],"version-history":[{"count":8,"href":"https:\/\/cimbcc.org\/test2\/wp-json\/wp\/v2\/pages\/40152\/revisions"}],"predecessor-version":[{"id":49801,"href":"https:\/\/cimbcc.org\/test2\/wp-json\/wp\/v2\/pages\/40152\/revisions\/49801"}],"up":[{"embeddable":true,"href":"https:\/\/cimbcc.org\/test2\/wp-json\/wp\/v2\/pages\/40094"}],"wp:attachment":[{"href":"https:\/\/cimbcc.org\/test2\/wp-json\/wp\/v2\/media?parent=40152"}],"curies":[{"name":"wp","href":"https:\/\/api.w.org\/{rel}","templated":true}]}}