{"id":41669,"date":"2022-09-13T16:20:41","date_gmt":"2022-09-13T20:20:41","guid":{"rendered":"https:\/\/cimbcc.org\/test2\/?page_id=41669"},"modified":"2024-08-02T21:47:26","modified_gmt":"2024-08-03T01:47:26","slug":"yvon-gaudreau","status":"publish","type":"page","link":"https:\/\/cimbcc.org\/test2\/a-propos-du-club\/nos-membres-honoraires\/yvon-gaudreau\/","title":{"rendered":"Yvon Gaudreau"},"content":{"rendered":"<p><span style=\"font-size: 14pt;\"><em>Souriant et affable, Yvon Gaudreau \u00e9tait toujours pr\u00e9sent aux s\u00e9ances du mercredi et du vendredi. De tr\u00e8s nombreux membres du Club ne se souviennent pas de l\u2019\u00e9poque o\u00f9 il n\u2019\u00e9tait pas l\u00e0.<\/em><\/span><\/p>\n<p><span style=\"font-size: 14pt;\"><em>Yvon a du mal \u00e0 se souvenir de tout ce qu\u2019il a fait pour le Club. Mais en fouillant dans les archives, il est possible de retrouver des traces de son importante contribution.<\/em><\/span><\/p>\n<p><img loading=\"lazy\" decoding=\"async\" class=\"aligncenter size-full wp-image-41673\" src=\"https:\/\/cimbcc.org\/test2\/wp-content\/uploads\/photo_honor_gaudreau2.jpg\" alt=\"\" width=\"1144\" height=\"1144\" srcset=\"https:\/\/cimbcc.org\/test2\/wp-content\/uploads\/photo_honor_gaudreau2.jpg 1144w, https:\/\/cimbcc.org\/test2\/wp-content\/uploads\/photo_honor_gaudreau2-300x300.jpg 300w, https:\/\/cimbcc.org\/test2\/wp-content\/uploads\/photo_honor_gaudreau2-1024x1024.jpg 1024w, https:\/\/cimbcc.org\/test2\/wp-content\/uploads\/photo_honor_gaudreau2-150x150.jpg 150w, https:\/\/cimbcc.org\/test2\/wp-content\/uploads\/photo_honor_gaudreau2-768x768.jpg 768w, https:\/\/cimbcc.org\/test2\/wp-content\/uploads\/photo_honor_gaudreau2-125x125.jpg 125w\" sizes=\"auto, (max-width: 1144px) 100vw, 1144px\" \/><\/p>\n<h4><strong><em>Avant d\u2019\u00eatre b\u00e9n\u00e9vole au Club<\/em><\/strong><\/h4>\n<p>N\u00e9 en 1938, Yvon a \u00e9pous\u00e9 Doris McDonald en 1963 avec qui il est venu s\u2019installer \u00e0 Saint-Bruno en 1966. Ils ont eu deux gar\u00e7ons et sont maintenant les heureux grands-parents de quatre petits-enfants d\u00e9j\u00e0 grands.<\/p>\n<p><img loading=\"lazy\" decoding=\"async\" class=\"aligncenter size-full wp-image-41675\" src=\"https:\/\/cimbcc.org\/test2\/wp-content\/uploads\/photo_honor_gaudreau4.jpg\" alt=\"\" width=\"1685\" height=\"1125\" srcset=\"https:\/\/cimbcc.org\/test2\/wp-content\/uploads\/photo_honor_gaudreau4.jpg 1685w, https:\/\/cimbcc.org\/test2\/wp-content\/uploads\/photo_honor_gaudreau4-300x200.jpg 300w, https:\/\/cimbcc.org\/test2\/wp-content\/uploads\/photo_honor_gaudreau4-1024x684.jpg 1024w, https:\/\/cimbcc.org\/test2\/wp-content\/uploads\/photo_honor_gaudreau4-768x513.jpg 768w, https:\/\/cimbcc.org\/test2\/wp-content\/uploads\/photo_honor_gaudreau4-1536x1026.jpg 1536w, https:\/\/cimbcc.org\/test2\/wp-content\/uploads\/photo_honor_gaudreau4-120x80.jpg 120w\" sizes=\"auto, (max-width: 1685px) 100vw, 1685px\" \/><\/p>\n<p>Apr\u00e8s une ann\u00e9e au Coll\u00e8ge militaire royal de Saint-Jean, Yvon a \u0153uvr\u00e9 dans une banque et une compagnie de finance pour, ensuite, devenir responsable de l\u2019entretien d\u2019une flotte d\u2019autos en location \u00e0 Cowansville et \u00e0 Montr\u00e9al. Originaire de l\u2019Estrie, c\u2019est la prise en charge d\u2019un garage \u00e0 Saint-Lambert qui l\u2019a amen\u00e9 en Mont\u00e9r\u00e9gie.<\/p>\n<p>En 1979, il obtenait son brevet de pilote d\u2019avion, ce qui lui a permis de participer pendant 10 ans au \u00ab <em>Search Rescue \u00bb<\/em> comme pilote b\u00e9n\u00e9vole.<\/p>\n<p>Yvon Gaudreau est devenu membre du Club informatique Mont-Bruno en 2006 apr\u00e8s avoir pris sa retraite en 2000.<\/p>\n<h4><strong> <img loading=\"lazy\" decoding=\"async\" class=\"aligncenter size-full wp-image-41676\" src=\"https:\/\/cimbcc.org\/test2\/wp-content\/uploads\/photo_honor_gaudreau3a.jpg\" alt=\"\" width=\"920\" height=\"918\" srcset=\"https:\/\/cimbcc.org\/test2\/wp-content\/uploads\/photo_honor_gaudreau3a.jpg 920w, https:\/\/cimbcc.org\/test2\/wp-content\/uploads\/photo_honor_gaudreau3a-300x300.jpg 300w, https:\/\/cimbcc.org\/test2\/wp-content\/uploads\/photo_honor_gaudreau3a-150x150.jpg 150w, https:\/\/cimbcc.org\/test2\/wp-content\/uploads\/photo_honor_gaudreau3a-768x766.jpg 768w, https:\/\/cimbcc.org\/test2\/wp-content\/uploads\/photo_honor_gaudreau3a-125x125.jpg 125w\" sizes=\"auto, (max-width: 920px) 100vw, 920px\" \/><\/strong><\/h4>\n<h4><strong><em>Sa contribution au Club<\/em><\/strong><\/h4>\n<p>Le bilan annuel du Club pour l\u2019ann\u00e9e\u00a02008-2009 nous apprend qu\u2019Yvon a agi comme appariteur des 33\u00a0s\u00e9ances tenues le mercredi ainsi que des r\u00e9unions de certains ateliers appel\u00e9s groupes d\u2019int\u00e9r\u00eat \u00e0 cette \u00e9poque.<\/p>\n<p>Il a sans doute continu\u00e9 \u00e0 apporter ainsi son aide car, en 2013, Yvon est devenu responsable de l\u2019aspect mat\u00e9riel des s\u00e9ances du mercredi et du vendredi au Chalet Marie-Victorin. Accompagn\u00e9 par une \u00e9quipe de b\u00e9n\u00e9voles, il s\u2019est assur\u00e9 que les membres trouvaient des chaises en nombre suffisant, que les projecteurs, micros et haut-parleurs fonctionnaient correctement, que du caf\u00e9 frais \u00e9tait disponible \u00e0 la pause, et que les lieux retrouvaient leur \u00e9tat original \u00e0 la fin de chaque s\u00e9ance. Le bien-\u00eatre et la s\u00e9curit\u00e9 des membres \u00e9taient ses priorit\u00e9s.<\/p>\n<p>Il a aussi apport\u00e9 son soutien technique \u00e0 de nombreux ateliers et \u00e0 la <em>Journ\u00e9e d\u2019information<\/em> annuelle du Club.<\/p>\n<p>Yvon a assum\u00e9 ces responsabilit\u00e9s jusqu\u2019en mars 2020 alors que le Club, comme le Qu\u00e9bec tout entier, se mettait sur pause pour faire face \u00e0 la pand\u00e9mie de COVID-19.<\/p>\n<p>Par ailleurs, il ne faut pas oublier qu\u2019Yvon a particip\u00e9 au conseil d\u2019administration du Club d\u2019avril 2009 \u00e0 avril 2017. En tant qu\u2019administrateur du Club, il a accept\u00e9 de prendre en charge la s\u00e9curit\u00e9 et l\u2019inventaire de l\u2019\u00e9quipement et des ordinateurs du Club, responsabilit\u00e9 qu\u2019il a continu\u00e9 \u00e0 assumer jusqu\u2019en 2020.<\/p>\n<p>Quand on lui pose la question, Yvon r\u00e9pond que son activit\u00e9 au Club lui a apport\u00e9 <em>\u00ab une grande satisfaction et une grande joie \u00bb<\/em>.<\/p>\n<h4><strong><em>Membre honoraire<\/em><\/strong><\/h4>\n<p>Le Club et ses membres lui sont infiniment reconnaissants pour son d\u00e9vouement et sa constance sans faille. C\u2019est pourquoi le conseil d\u2019administration a d\u00e9cid\u00e9 de lui conf\u00e9rer le statut de membre honoraire en septembre 2022.<\/p>\n<p>&nbsp;<\/p>\n<address><span style=\"font-size: x-small;\">Derni\u00e8re r\u00e9vision de cette page : ao\u00fbt 2024.<br \/>\n<\/span><span style=\"font-size: x-small;\">Responsable de la mise \u00e0 jour de cette page : Richard Gervais.\u00a0<\/span><\/address>\n","protected":false},"excerpt":{"rendered":"<p>Souriant et affable, Yvon Gaudreau \u00e9tait toujours pr\u00e9sent aux s\u00e9ances du mercredi et du vendredi. De tr\u00e8s nombreux membres du Club ne se souviennent pas de l\u2019\u00e9poque o\u00f9 il n\u2019\u00e9tait pas l\u00e0. Yvon a du mal \u00e0 se souvenir de tout ce qu\u2019il a fait pour le Club. Mais en fouillant dans les archives, il &hellip; <a href=\"https:\/\/cimbcc.org\/test2\/a-propos-du-club\/nos-membres-honoraires\/yvon-gaudreau\/\" class=\"more-link\">Continuer la lecture de <span class=\"screen-reader-text\">Yvon Gaudreau<\/span>  <span class=\"meta-nav\">&rarr;<\/span><\/a><\/p>\n","protected":false},"author":32,"featured_media":0,"parent":15064,"menu_order":110,"comment_status":"closed","ping_status":"closed","template":"","meta":{"footnotes":""},"class_list":["post-41669","page","type-page","status-publish","hentry"],"_links":{"self":[{"href":"https:\/\/cimbcc.org\/test2\/wp-json\/wp\/v2\/pages\/41669","targetHints":{"allow":["GET"]}}],"collection":[{"href":"https:\/\/cimbcc.org\/test2\/wp-json\/wp\/v2\/pages"}],"about":[{"href":"https:\/\/cimbcc.org\/test2\/wp-json\/wp\/v2\/types\/page"}],"author":[{"embeddable":true,"href":"https:\/\/cimbcc.org\/test2\/wp-json\/wp\/v2\/users\/32"}],"replies":[{"embeddable":true,"href":"https:\/\/cimbcc.org\/test2\/wp-json\/wp\/v2\/comments?post=41669"}],"version-history":[{"count":8,"href":"https:\/\/cimbcc.org\/test2\/wp-json\/wp\/v2\/pages\/41669\/revisions"}],"predecessor-version":[{"id":49844,"href":"https:\/\/cimbcc.org\/test2\/wp-json\/wp\/v2\/pages\/41669\/revisions\/49844"}],"up":[{"embeddable":true,"href":"https:\/\/cimbcc.org\/test2\/wp-json\/wp\/v2\/pages\/15064"}],"wp:attachment":[{"href":"https:\/\/cimbcc.org\/test2\/wp-json\/wp\/v2\/media?parent=41669"}],"curies":[{"name":"wp","href":"https:\/\/api.w.org\/{rel}","templated":true}]}}

<p><span style="font-size: 14pt;"><em>Souriant et affable, Yvon Gaudreau était toujours présent aux séances du mercredi et du vendredi. De très nombreux membres du Club ne se souviennent pas de l’époque où il n’était pas là.</em></span></p>
<p><span style="font-size: 14pt;"><em>Yvon a du mal à se souvenir de tout ce qu’il a fait pour le Club. Mais en fouillant dans les archives, il est possible de retrouver des traces de son importante contribution.</em></span></p>
<p><img loading="lazy" decoding="async" class="aligncenter size-full wp-image-41673" src="https://cimbcc.org/test2/wp-content/uploads/photo_honor_gaudreau2.jpg" alt="" width="1144" height="1144" srcset="https://cimbcc.org/test2/wp-content/uploads/photo_honor_gaudreau2.jpg 1144w, https://cimbcc.org/test2/wp-content/uploads/photo_honor_gaudreau2-300x300.jpg 300w, https://cimbcc.org/test2/wp-content/uploads/photo_honor_gaudreau2-1024x1024.jpg 1024w, https://cimbcc.org/test2/wp-content/uploads/photo_honor_gaudreau2-150x150.jpg 150w, https://cimbcc.org/test2/wp-content/uploads/photo_honor_gaudreau2-768x768.jpg 768w, https://cimbcc.org/test2/wp-content/uploads/photo_honor_gaudreau2-125x125.jpg 125w" sizes="auto, (max-width: 1144px) 100vw, 1144px" /></p>
<h4><strong><em>Avant d’être bénévole au Club</em></strong></h4>
<p>Né en 1938, Yvon a épousé Doris McDonald en 1963 avec qui il est venu s’installer à Saint-Bruno en 1966. Ils ont eu deux garçons et sont maintenant les heureux grands-parents de quatre petits-enfants déjà grands.</p>
<p><img loading="lazy" decoding="async" class="aligncenter size-full wp-image-41675" src="https://cimbcc.org/test2/wp-content/uploads/photo_honor_gaudreau4.jpg" alt="" width="1685" height="1125" srcset="https://cimbcc.org/test2/wp-content/uploads/photo_honor_gaudreau4.jpg 1685w, https://cimbcc.org/test2/wp-content/uploads/photo_honor_gaudreau4-300x200.jpg 300w, https://cimbcc.org/test2/wp-content/uploads/photo_honor_gaudreau4-1024x684.jpg 1024w, https://cimbcc.org/test2/wp-content/uploads/photo_honor_gaudreau4-768x513.jpg 768w, https://cimbcc.org/test2/wp-content/uploads/photo_honor_gaudreau4-1536x1026.jpg 1536w, https://cimbcc.org/test2/wp-content/uploads/photo_honor_gaudreau4-120x80.jpg 120w" sizes="auto, (max-width: 1685px) 100vw, 1685px" /></p>
<p>Après une année au Collège militaire royal de Saint-Jean, Yvon a œuvré dans une banque et une compagnie de finance pour, ensuite, devenir responsable de l’entretien d’une flotte d’autos en location à Cowansville et à Montréal. Originaire de l’Estrie, c’est la prise en charge d’un garage à Saint-Lambert qui l’a amené en Montérégie.</p>
<p>En 1979, il obtenait son brevet de pilote d’avion, ce qui lui a permis de participer pendant 10 ans au « <em>Search Rescue »</em> comme pilote bénévole.</p>
<p>Yvon Gaudreau est devenu membre du Club informatique Mont-Bruno en 2006 après avoir pris sa retraite en 2000.</p>
<h4><strong> <img loading="lazy" decoding="async" class="aligncenter size-full wp-image-41676" src="https://cimbcc.org/test2/wp-content/uploads/photo_honor_gaudreau3a.jpg" alt="" width="920" height="918" srcset="https://cimbcc.org/test2/wp-content/uploads/photo_honor_gaudreau3a.jpg 920w, https://cimbcc.org/test2/wp-content/uploads/photo_honor_gaudreau3a-300x300.jpg 300w, https://cimbcc.org/test2/wp-content/uploads/photo_honor_gaudreau3a-150x150.jpg 150w, https://cimbcc.org/test2/wp-content/uploads/photo_honor_gaudreau3a-768x766.jpg 768w, https://cimbcc.org/test2/wp-content/uploads/photo_honor_gaudreau3a-125x125.jpg 125w" sizes="auto, (max-width: 920px) 100vw, 920px" /></strong></h4>
<h4><strong><em>Sa contribution au Club</em></strong></h4>
<p>Le bilan annuel du Club pour l’année 2008-2009 nous apprend qu’Yvon a agi comme appariteur des 33 séances tenues le mercredi ainsi que des réunions de certains ateliers appelés groupes d’intérêt à cette époque.</p>
<p>Il a sans doute continué à apporter ainsi son aide car, en 2013, Yvon est devenu responsable de l’aspect matériel des séances du mercredi et du vendredi au Chalet Marie-Victorin. Accompagné par une équipe de bénévoles, il s’est assuré que les membres trouvaient des chaises en nombre suffisant, que les projecteurs, micros et haut-parleurs fonctionnaient correctement, que du café frais était disponible à la pause, et que les lieux retrouvaient leur état original à la fin de chaque séance. Le bien-être et la sécurité des membres étaient ses priorités.</p>
<p>Il a aussi apporté son soutien technique à de nombreux ateliers et à la <em>Journée d’information</em> annuelle du Club.</p>
<p>Yvon a assumé ces responsabilités jusqu’en mars 2020 alors que le Club, comme le Québec tout entier, se mettait sur pause pour faire face à la pandémie de COVID-19.</p>
<p>Par ailleurs, il ne faut pas oublier qu’Yvon a participé au conseil d’administration du Club d’avril 2009 à avril 2017. En tant qu’administrateur du Club, il a accepté de prendre en charge la sécurité et l’inventaire de l’équipement et des ordinateurs du Club, responsabilité qu’il a continué à assumer jusqu’en 2020.</p>
<p>Quand on lui pose la question, Yvon répond que son activité au Club lui a apporté <em>« une grande satisfaction et une grande joie »</em>.</p>
<h4><strong><em>Membre honoraire</em></strong></h4>
<p>Le Club et ses membres lui sont infiniment reconnaissants pour son dévouement et sa constance sans faille. C’est pourquoi le conseil d’administration a décidé de lui conférer le statut de membre honoraire en septembre 2022.</p>
<p>&nbsp;</p>
<address><span style="font-size: x-small;">Dernière révision de cette page : août 2024.<br />
</span><span style="font-size: x-small;">Responsable de la mise à jour de cette page : Richard Gervais. </span></address>

<p>Souriant et affable, Yvon Gaudreau était toujours présent aux séances du mercredi et du vendredi. De très nombreux membres du Club ne se souviennent pas de l’époque où il n’était pas là. Yvon a du mal à se souvenir de tout ce qu’il a fait pour le Club. Mais en fouillant dans les archives, il &hellip; <a href="https://cimbcc.org/test2/a-propos-du-club/nos-membres-honoraires/yvon-gaudreau/" class="more-link">Continuer la lecture de <span class="screen-reader-text">Yvon Gaudreau</span>  <span class="meta-nav">&rarr;</span></a></p>
