{"id":44707,"date":"2023-07-10T05:51:04","date_gmt":"2023-07-10T09:51:04","guid":{"rendered":"https:\/\/cimbcc.org\/test2\/?page_id=44707"},"modified":"2025-06-01T05:52:29","modified_gmt":"2025-06-01T09:52:29","slug":"utiliser-gmail-google-contacts-et-google-agenda-sur-ordinateurs-et-mobiles","status":"publish","type":"page","link":"https:\/\/cimbcc.org\/test2\/partage-de-connaissances\/les-ateliers\/utiliser-gmail-google-contacts-et-google-agenda-sur-ordinateurs-et-mobiles\/","title":{"rendered":"Utiliser Gmail, Google Contacts et Google Agenda, sur ordinateurs et mobiles"},"content":{"rendered":"\n<figure class=\"wp-block-table\"><table class=\"has-background has-fixed-layout\" style=\"background-color:#5574ad\"><tbody><tr><td><span style=\"font-size: 14pt;\"><strong><span style=\"color: #ffffff;\">CET ATELIER N&rsquo;EST PAS OFFERT \u00c0 L&rsquo;HIVER 2025<\/span><\/strong><\/span><\/td><\/tr><\/tbody><\/table><\/figure>\n\n\n\n<h2 class=\"wp-block-heading\"><span style=\"color: #333399;\">\u00c0 qui s&rsquo;adresse l&rsquo;atelier<\/span><\/h2>\n\n\n\n<p class=\"has-small-font-size\"><span style=\"font-size: 14pt;\">Aux membres qui veulent utiliser une seule application synchronis\u00e9e de courriel, contacts et agenda sur leur ordinateur, leur tablette et leur t\u00e9l\u00e9phone intelligent, m\u00eame si ces derniers fonctionnent sur des syst\u00e8mes d\u2019exploitation diff\u00e9rents.<\/span><\/p>\n\n\n\n<h2 class=\"wp-block-heading\"><span style=\"color: #333399;\"><strong>Description de l\u2019atelier<\/strong><\/span><\/h2>\n\n\n\n<p><span style=\"font-size: 14pt;\">Cet atelier va vous permettre de profiter de tous les avantages de ces applications, dont :<\/span><\/p>\n\n\n\n<ul class=\"wp-block-list\">\n<li><span style=\"font-size: 14pt;\">Synchroniser le contenu de Gmail, Contacts et Agenda sur tous vos appareils.<\/span><\/li>\n\n\n\n<li><span style=\"font-size: 14pt;\">Regrouper&nbsp; toutes vos adresses courriel dans Gmail.<\/span><\/li>\n\n\n\n<li><span style=\"font-size: 14pt;\">Utiliser une seule liste de contacts synchronis\u00e9e sur tous vos appareils.<\/span><\/li>\n\n\n\n<li><span style=\"font-size: 14pt;\">Consulter et modifier sur tous vos appareils dans le m\u00eame agenda synchronis\u00e9.<\/span><\/li>\n\n\n\n<li><span style=\"font-size: 14pt;\">Partager votre agenda.<\/span><\/li>\n<\/ul>\n\n\n\n<h2 class=\"wp-block-heading\"><span style=\"color: #333399;\"><strong>Mat\u00e9riel utilis\u00e9<\/strong><\/span><\/h2>\n\n\n\n<p><span style=\"font-size: 14pt;\">L\u2019animateur utilisera :<\/span><\/p>\n\n\n\n<ul class=\"wp-block-list\">\n<li><span style=\"font-size: 14pt;\">Un ordinateur fonctionnant avec Windows 11.<\/span><\/li>\n\n\n\n<li><span style=\"font-size: 14pt;\">Un iPad fonctionnant avec iOS 16.<\/span><\/li>\n\n\n\n<li><span style=\"font-size: 14pt;\">Un t\u00e9l\u00e9phone intelligent fonctionnant avec Andro\u00efd 13.<\/span><\/li>\n<\/ul>\n\n\n\n<h2 class=\"wp-block-heading\"><span style=\"color: #333399;\">Pr\u00e9cisions<\/span><\/h2>\n\n\n\n<p class=\"has-small-font-size\"><span style=\"font-size: 14pt;\">Les personnes poss\u00e9dant une adresse de courriel Outlook.com peuvent obtenir les m\u00eames avantages en installant la version pour Android ou iOs de Outlook.com sur leur tablette et leur t\u00e9l\u00e9phone intelligent.<\/span><\/p>\n\n\n\n<p><span style=\"font-size: 14pt;\">Cet atelier accepte un maximum de 15 participants.<\/span><\/p>\n\n\n\n<h2 class=\"wp-block-heading\"><span style=\"color: #333399; font-size: 18pt;\">Pr\u00e9requis<\/span><\/h2>\n\n\n\n<ul class=\"wp-block-list\">\n<li><span style=\"font-size: 14pt;\">Poss\u00e9der plus d\u2019un appareil :<\/span>\n<ul class=\"wp-block-list\">\n<li><span style=\"font-size: 14pt;\">Ordinateur\/tablette.<\/span><\/li>\n\n\n\n<li><span style=\"font-size: 14pt;\">Ordinateur\/t\u00e9l\u00e9phone.<\/span><\/li>\n\n\n\n<li><span style=\"font-size: 14pt;\">Tablette\/t\u00e9l\u00e9phone.<\/span><\/li>\n\n\n\n<li><span style=\"font-size: 14pt;\">Ordinateur\/tablette\/t\u00e9l\u00e9phone.<\/span><\/li>\n<\/ul>\n<\/li>\n\n\n\n<li><span style=\"font-size: 14pt;\">Savoir utiliser une application de courriel.<\/span><\/li>\n\n\n\n<li><span style=\"font-size: 14pt;\">Conna\u00eetre les notions de base en informatique.<\/span><\/li>\n\n\n\n<li><span style=\"font-size: 14pt;\">Assister \u00e0 la pr\u00e9sentation en Zoom \u00ab Gmail, Contacts et Agenda pour mobiles \u00bb qui aura lieu vendredi le 12 janvier 2024 \u00e0 13h15.<\/span><\/li>\n\n\n\n<li><span style=\"font-size: 14pt;\">S\u2019engager \u00e0 assister aux 4 r\u00e9unions de l\u2019atelier et \u00e0 faire les exercices propos\u00e9s.<\/span><\/li>\n<\/ul>\n\n\n\n<h2 class=\"wp-block-heading\"><span style=\"color: #333399;\"><strong>Fonctionnement<\/strong><\/span><\/h2>\n\n\n\n<ul class=\"wp-block-list\">\n<li><span style=\"font-size: 14pt;\">Une pr\u00e9sentation PowerPoint, des d\u00e9monstrations sur appareils et des p\u00e9riodes de pratique pour les participants seront utilis\u00e9s durant les r\u00e9unions.<\/span><\/li>\n\n\n\n<li><span style=\"font-size: 14pt;\">Des notes couvrant l\u2019information vue durant les r\u00e9unions seront remises aux participants avant chaque r\u00e9union.<\/span><\/li>\n\n\n\n<li><span style=\"font-size: 14pt;\">\u00c0 la fin de chaque r\u00e9union, l\u2019animateur peut donner des travaux. Il est important que les participants r\u00e9alisent ces travaux avant la r\u00e9union suivante pour ne pas retarder le groupe et pour profiter pleinement de l\u2019atelier.<\/span><\/li>\n<\/ul>\n\n\n\n<h2 class=\"wp-block-heading\"><span style=\"color: #333399;\"><strong>Contenu des r\u00e9unions<\/strong><\/span><\/h2>\n\n\n\n<h4 class=\"wp-block-heading\"><span style=\"font-size: 14pt;\"><strong>R\u00e9union 1<\/strong><\/span><\/h4>\n\n\n\n<ul class=\"wp-block-list\">\n<li><span style=\"font-size: 14pt;\">Applications natives et applications Google sur le web.<\/span><\/li>\n\n\n\n<li><span style=\"font-size: 14pt;\">Fonctionnalit\u00e9s et param\u00e8tres de Gmail accessible <\/span><span style=\"font-size: 14pt;\">sur ordinateur.<\/span><\/li>\n<\/ul>\n\n\n\n<h4 class=\"wp-block-heading\"><span style=\"font-size: 14pt;\"><strong>R\u00e9union 2<\/strong><\/span><\/h4>\n\n\n\n<ul class=\"wp-block-list\">\n<li><span style=\"font-size: 14pt;\">Fonctionnalit\u00e9s et param\u00e8tres de Gmail accessibles <\/span><span style=\"font-size: 14pt;\">sur mobiles.<\/span><\/li>\n\n\n\n<li><span style=\"font-size: 14pt;\">Fonctionnalit\u00e9s et param\u00e8tres de Google Contacts <\/span><span style=\"font-size: 14pt;\">sur ordinateurs et<\/span><span style=\"font-size: 14pt;\"> mobiles.<\/span><\/li>\n<\/ul>\n\n\n\n<h4 class=\"wp-block-heading\"><span style=\"font-size: 14pt;\"><strong>R\u00e9union 3<\/strong><\/span><\/h4>\n\n\n\n<p><span style=\"font-size: 14pt;\">Fonctionnalit\u00e9s et param\u00e8tres de Google Agenda<\/span><\/p>\n\n\n\n<ul class=\"wp-block-list\">\n<li><span style=\"font-size: 14pt;\">Sur ordinateur. <\/span><\/li>\n\n\n\n<li><span style=\"font-size: 14pt;\">Sur mobiles.<\/span><\/li>\n<\/ul>\n\n\n\n<h4 class=\"wp-block-heading\"><span style=\"font-size: 14pt;\"><strong>R\u00e9union 4 (facultative)<\/strong><\/span><\/h4>\n\n\n\n<ul class=\"wp-block-list\">\n<li><span style=\"font-size: 14pt;\">R\u00e9vision et consolidation des notions apprises.<\/span><\/li>\n\n\n\n<li><span style=\"font-size: 14pt;\">Questions des participants.<\/span><\/li>\n<\/ul>\n\n\n\n<h2 class=\"wp-block-heading\"><span style=\"color: #333399;\"><strong>Quand<\/strong><\/span><\/h2>\n\n\n\n<p><span style=\"font-size: 14pt;\">L\u2019atelier se compose de 4 r\u00e9unions de 2 heures.&nbsp; Les r\u00e9unions auront lieu le jeudi de 19h30 \u00e0 21h30 aux dates suivantes:<\/span><\/p>\n\n\n\n<ul class=\"wp-block-list\">\n<li>&nbsp;<\/li>\n<\/ul>\n\n\n\n<h2 class=\"wp-block-heading\"><span style=\"color: #333399;\"><strong>O\u00f9<\/strong><\/span><\/h2>\n\n\n\n<p><span style=\"font-size: 14pt;\">Centre communautaire de Saint-Bruno, <a href=\"https:\/\/www.google.ca\/maps\/place\/53+Chemin+de+la+Rabastali%C3%A8re+E,+Saint-Bruno-de-Montarville,+QC+J3V+3T5\/@45.5291804,-73.3449621,17z\/data=!3m1!4b1!4m5!3m4!1s0x4cc901374789e19b:0x5756b7b7e9d35e34!8m2!3d45.5291804!4d-73.3427734?hl=fr\" target=\"_blank\" rel=\"noopener noreferrer\">53, chemin De La Rabastali\u00e8re Est, Saint-Bruno-de-Montarville J3V 2A4, <\/a><\/span><span style=\"font-size: 14pt;\">Salle 127<\/span><\/p>\n\n\n\n<p>Le bouton \u00ab\u00a0Inscription \u00e0 l&rsquo;atelier\u00a0\u00bb ci-dessous n&rsquo;est pas fonctionnel \u00e0 l&rsquo;ext\u00e9rieur des p\u00e9riodes d&rsquo;inscriptions aux ateliers.<\/p>\n\n\n\n<p><a href=\"https:\/\/cimbcc.org\/test2\/partage-de-connaissances\/les-ateliers\/utiliser-gmail-google-contacts-et-google-agenda-sur-ordinateurs-et-mobiles\/formulaire-atelier-utiliser-gmail-google-contacts-et-google-agenda-sur-ordinateurs-et-mobiles\" target=\"_blank\" rel=\"noopener\"><button>Inscription \u00e0 l&rsquo;atelier<\/button><\/a><\/p>\n\n\n\n<h2 class=\"wp-block-heading\"><span style=\"color: #333399;\">Responsable de l\u2019atelier<\/span><\/h2>\n\n\n\n<figure class=\"wp-block-image alignnone size-full wp-image-24081\"><img loading=\"lazy\" decoding=\"async\" width=\"125\" height=\"125\" src=\"https:\/\/cimbcc.org\/test2\/wp-content\/uploads\/photo_charron_denis.jpg\" alt=\"\" class=\"wp-image-24081\"\/><figcaption class=\"wp-element-caption\">Denis Charron<\/figcaption><\/figure>\n\n\n\n<h3 class=\"wp-block-heading\">Assistance \u00e0 l&rsquo;atelier<\/h3>\n\n\n\n<figure class=\"wp-block-image is-resized alignnone size-full wp-image-24172\"><img decoding=\"async\" src=\"https:\/\/cimbcc.org\/wp-content\/uploads\/photo_bonin_louise.jpg\" alt=\"\" class=\"wp-image-24172\" style=\"width:113px;height:auto\"\/><figcaption class=\"wp-element-caption\">Louise Bonin<\/figcaption><\/figure>\n\n\n\n<p>\u00a0\u00a0<span style=\"font-size: x-small;\">Derni\u00e8re r\u00e9vision de cette page : novembre 2024.<span style=\"font-size: x-small;\"> <\/span><\/span><br><span style=\"font-size: x-small;\"><span style=\"font-size: x-small;\">Responsable de la mise \u00e0 jour de cette page : \u00a0Danielle Barab\u00e9<\/span>\u00a0<\/span><\/p>\n","protected":false},"excerpt":{"rendered":"<p>CET ATELIER N&rsquo;EST PAS OFFERT \u00c0 L&rsquo;HIVER 2025 \u00c0 qui s&rsquo;adresse l&rsquo;atelier Aux membres qui veulent utiliser une seule application synchronis\u00e9e de courriel, contacts et agenda sur leur ordinateur, leur tablette et leur t\u00e9l\u00e9phone intelligent, m\u00eame si ces derniers fonctionnent sur des syst\u00e8mes d\u2019exploitation diff\u00e9rents. Description de l\u2019atelier Cet atelier va vous permettre de profiter &hellip; <a href=\"https:\/\/cimbcc.org\/test2\/partage-de-connaissances\/les-ateliers\/utiliser-gmail-google-contacts-et-google-agenda-sur-ordinateurs-et-mobiles\/\" class=\"more-link\">Continuer la lecture de <span class=\"screen-reader-text\">Utiliser Gmail, Google Contacts et Google Agenda, sur ordinateurs et mobiles<\/span>  <span class=\"meta-nav\">&rarr;<\/span><\/a><\/p>\n","protected":false},"author":23,"featured_media":0,"parent":100,"menu_order":37,"comment_status":"closed","ping_status":"closed","template":"","meta":{"footnotes":""},"class_list":["post-44707","page","type-page","status-publish","hentry"],"_links":{"self":[{"href":"https:\/\/cimbcc.org\/test2\/wp-json\/wp\/v2\/pages\/44707","targetHints":{"allow":["GET"]}}],"collection":[{"href":"https:\/\/cimbcc.org\/test2\/wp-json\/wp\/v2\/pages"}],"about":[{"href":"https:\/\/cimbcc.org\/test2\/wp-json\/wp\/v2\/types\/page"}],"author":[{"embeddable":true,"href":"https:\/\/cimbcc.org\/test2\/wp-json\/wp\/v2\/users\/23"}],"replies":[{"embeddable":true,"href":"https:\/\/cimbcc.org\/test2\/wp-json\/wp\/v2\/comments?post=44707"}],"version-history":[{"count":26,"href":"https:\/\/cimbcc.org\/test2\/wp-json\/wp\/v2\/pages\/44707\/revisions"}],"predecessor-version":[{"id":53691,"href":"https:\/\/cimbcc.org\/test2\/wp-json\/wp\/v2\/pages\/44707\/revisions\/53691"}],"up":[{"embeddable":true,"href":"https:\/\/cimbcc.org\/test2\/wp-json\/wp\/v2\/pages\/100"}],"wp:attachment":[{"href":"https:\/\/cimbcc.org\/test2\/wp-json\/wp\/v2\/media?parent=44707"}],"curies":[{"name":"wp","href":"https:\/\/api.w.org\/{rel}","templated":true}]}}

<figure class="wp-block-table"><table class="has-background has-fixed-layout" style="background-color:#5574ad"><tbody><tr><td><span style="font-size: 14pt;"><strong><span style="color: #ffffff;">CET ATELIER N&rsquo;EST PAS OFFERT À L&rsquo;HIVER 2025</span></strong></span></td></tr></tbody></table></figure>



<h2 class="wp-block-heading"><span style="color: #333399;">À qui s&rsquo;adresse l&rsquo;atelier</span></h2>



<p class="has-small-font-size"><span style="font-size: 14pt;">Aux membres qui veulent utiliser une seule application synchronisée de courriel, contacts et agenda sur leur ordinateur, leur tablette et leur téléphone intelligent, même si ces derniers fonctionnent sur des systèmes d’exploitation différents.</span></p>



<h2 class="wp-block-heading"><span style="color: #333399;"><strong>Description de l’atelier</strong></span></h2>



<p><span style="font-size: 14pt;">Cet atelier va vous permettre de profiter de tous les avantages de ces applications, dont :</span></p>



<ul class="wp-block-list">
<li><span style="font-size: 14pt;">Synchroniser le contenu de Gmail, Contacts et Agenda sur tous vos appareils.</span></li>



<li><span style="font-size: 14pt;">Regrouper&nbsp; toutes vos adresses courriel dans Gmail.</span></li>



<li><span style="font-size: 14pt;">Utiliser une seule liste de contacts synchronisée sur tous vos appareils.</span></li>



<li><span style="font-size: 14pt;">Consulter et modifier sur tous vos appareils dans le même agenda synchronisé.</span></li>



<li><span style="font-size: 14pt;">Partager votre agenda.</span></li>
</ul>



<h2 class="wp-block-heading"><span style="color: #333399;"><strong>Matériel utilisé</strong></span></h2>



<p><span style="font-size: 14pt;">L’animateur utilisera :</span></p>



<ul class="wp-block-list">
<li><span style="font-size: 14pt;">Un ordinateur fonctionnant avec Windows 11.</span></li>



<li><span style="font-size: 14pt;">Un iPad fonctionnant avec iOS 16.</span></li>



<li><span style="font-size: 14pt;">Un téléphone intelligent fonctionnant avec Androïd 13.</span></li>
</ul>



<h2 class="wp-block-heading"><span style="color: #333399;">Précisions</span></h2>



<p class="has-small-font-size"><span style="font-size: 14pt;">Les personnes possédant une adresse de courriel Outlook.com peuvent obtenir les mêmes avantages en installant la version pour Android ou iOs de Outlook.com sur leur tablette et leur téléphone intelligent.</span></p>



<p><span style="font-size: 14pt;">Cet atelier accepte un maximum de 15 participants.</span></p>



<h2 class="wp-block-heading"><span style="color: #333399; font-size: 18pt;">Prérequis</span></h2>



<ul class="wp-block-list">
<li><span style="font-size: 14pt;">Posséder plus d’un appareil :</span>
<ul class="wp-block-list">
<li><span style="font-size: 14pt;">Ordinateur/tablette.</span></li>



<li><span style="font-size: 14pt;">Ordinateur/téléphone.</span></li>



<li><span style="font-size: 14pt;">Tablette/téléphone.</span></li>



<li><span style="font-size: 14pt;">Ordinateur/tablette/téléphone.</span></li>
</ul>
</li>



<li><span style="font-size: 14pt;">Savoir utiliser une application de courriel.</span></li>



<li><span style="font-size: 14pt;">Connaître les notions de base en informatique.</span></li>



<li><span style="font-size: 14pt;">Assister à la présentation en Zoom « Gmail, Contacts et Agenda pour mobiles » qui aura lieu vendredi le 12 janvier 2024 à 13h15.</span></li>



<li><span style="font-size: 14pt;">S’engager à assister aux 4 réunions de l’atelier et à faire les exercices proposés.</span></li>
</ul>



<h2 class="wp-block-heading"><span style="color: #333399;"><strong>Fonctionnement</strong></span></h2>



<ul class="wp-block-list">
<li><span style="font-size: 14pt;">Une présentation PowerPoint, des démonstrations sur appareils et des périodes de pratique pour les participants seront utilisés durant les réunions.</span></li>



<li><span style="font-size: 14pt;">Des notes couvrant l’information vue durant les réunions seront remises aux participants avant chaque réunion.</span></li>



<li><span style="font-size: 14pt;">À la fin de chaque réunion, l’animateur peut donner des travaux. Il est important que les participants réalisent ces travaux avant la réunion suivante pour ne pas retarder le groupe et pour profiter pleinement de l’atelier.</span></li>
</ul>



<h2 class="wp-block-heading"><span style="color: #333399;"><strong>Contenu des réunions</strong></span></h2>



<h4 class="wp-block-heading"><span style="font-size: 14pt;"><strong>Réunion 1</strong></span></h4>



<ul class="wp-block-list">
<li><span style="font-size: 14pt;">Applications natives et applications Google sur le web.</span></li>



<li><span style="font-size: 14pt;">Fonctionnalités et paramètres de Gmail accessible </span><span style="font-size: 14pt;">sur ordinateur.</span></li>
</ul>



<h4 class="wp-block-heading"><span style="font-size: 14pt;"><strong>Réunion 2</strong></span></h4>



<ul class="wp-block-list">
<li><span style="font-size: 14pt;">Fonctionnalités et paramètres de Gmail accessibles </span><span style="font-size: 14pt;">sur mobiles.</span></li>



<li><span style="font-size: 14pt;">Fonctionnalités et paramètres de Google Contacts </span><span style="font-size: 14pt;">sur ordinateurs et</span><span style="font-size: 14pt;"> mobiles.</span></li>
</ul>



<h4 class="wp-block-heading"><span style="font-size: 14pt;"><strong>Réunion 3</strong></span></h4>



<p><span style="font-size: 14pt;">Fonctionnalités et paramètres de Google Agenda</span></p>



<ul class="wp-block-list">
<li><span style="font-size: 14pt;">Sur ordinateur. </span></li>



<li><span style="font-size: 14pt;">Sur mobiles.</span></li>
</ul>



<h4 class="wp-block-heading"><span style="font-size: 14pt;"><strong>Réunion 4 (facultative)</strong></span></h4>



<ul class="wp-block-list">
<li><span style="font-size: 14pt;">Révision et consolidation des notions apprises.</span></li>



<li><span style="font-size: 14pt;">Questions des participants.</span></li>
</ul>



<h2 class="wp-block-heading"><span style="color: #333399;"><strong>Quand</strong></span></h2>



<p><span style="font-size: 14pt;">L’atelier se compose de 4 réunions de 2 heures.&nbsp; Les réunions auront lieu le jeudi de 19h30 à 21h30 aux dates suivantes:</span></p>



<ul class="wp-block-list">
<li>&nbsp;</li>
</ul>



<h2 class="wp-block-heading"><span style="color: #333399;"><strong>Où</strong></span></h2>



<p><span style="font-size: 14pt;">Centre communautaire de Saint-Bruno, <a href="https://www.google.ca/maps/place/53+Chemin+de+la+Rabastali%C3%A8re+E,+Saint-Bruno-de-Montarville,+QC+J3V+3T5/@45.5291804,-73.3449621,17z/data=!3m1!4b1!4m5!3m4!1s0x4cc901374789e19b:0x5756b7b7e9d35e34!8m2!3d45.5291804!4d-73.3427734?hl=fr" target="_blank" rel="noopener noreferrer">53, chemin De La Rabastalière Est, Saint-Bruno-de-Montarville J3V 2A4, </a></span><span style="font-size: 14pt;">Salle 127</span></p>



<p>Le bouton « Inscription à l&rsquo;atelier » ci-dessous n&rsquo;est pas fonctionnel à l&rsquo;extérieur des périodes d&rsquo;inscriptions aux ateliers.</p>



<p><a href="https://cimbcc.org/test2/partage-de-connaissances/les-ateliers/utiliser-gmail-google-contacts-et-google-agenda-sur-ordinateurs-et-mobiles/formulaire-atelier-utiliser-gmail-google-contacts-et-google-agenda-sur-ordinateurs-et-mobiles" target="_blank" rel="noopener"><button>Inscription à l&rsquo;atelier</button></a></p>



<h2 class="wp-block-heading"><span style="color: #333399;">Responsable de l’atelier</span></h2>



<figure class="wp-block-image alignnone size-full wp-image-24081"><img loading="lazy" decoding="async" width="125" height="125" src="https://cimbcc.org/test2/wp-content/uploads/photo_charron_denis.jpg" alt="" class="wp-image-24081"/><figcaption class="wp-element-caption">Denis Charron</figcaption></figure>



<h3 class="wp-block-heading">Assistance à l&rsquo;atelier</h3>



<figure class="wp-block-image is-resized alignnone size-full wp-image-24172"><img decoding="async" src="https://cimbcc.org/wp-content/uploads/photo_bonin_louise.jpg" alt="" class="wp-image-24172" style="width:113px;height:auto"/><figcaption class="wp-element-caption">Louise Bonin</figcaption></figure>



<p>  <span style="font-size: x-small;">Dernière révision de cette page : novembre 2024.<span style="font-size: x-small;"> </span></span><br><span style="font-size: x-small;"><span style="font-size: x-small;">Responsable de la mise à jour de cette page :  Danielle Barabé</span> </span></p>

<p>CET ATELIER N&rsquo;EST PAS OFFERT À L&rsquo;HIVER 2025 À qui s&rsquo;adresse l&rsquo;atelier Aux membres qui veulent utiliser une seule application synchronisée de courriel, contacts et agenda sur leur ordinateur, leur tablette et leur téléphone intelligent, même si ces derniers fonctionnent sur des systèmes d’exploitation différents. Description de l’atelier Cet atelier va vous permettre de profiter &hellip; <a href="https://cimbcc.org/test2/partage-de-connaissances/les-ateliers/utiliser-gmail-google-contacts-et-google-agenda-sur-ordinateurs-et-mobiles/" class="more-link">Continuer la lecture de <span class="screen-reader-text">Utiliser Gmail, Google Contacts et Google Agenda, sur ordinateurs et mobiles</span>  <span class="meta-nav">&rarr;</span></a></p>
