{"id":6759,"date":"2013-06-12T12:33:58","date_gmt":"2013-06-12T17:33:58","guid":{"rendered":"https:\/\/cimbcc.org\/test2\/?page_id=6759"},"modified":"2024-08-10T18:17:28","modified_gmt":"2024-08-10T22:17:28","slug":"bibliotheque-de-sainte-julie","status":"publish","type":"page","link":"https:\/\/cimbcc.org\/test2\/partage-de-connaissances\/familiarisation-a-linternet\/bibliotheque-de-sainte-julie\/","title":{"rendered":"Biblioth\u00e8que de Sainte-Julie"},"content":{"rendered":"<h2>1600, chemin du Fer-\u00e0-Cheval, Sainte-Julie<\/h2>\n<p><a href=\"https:\/\/cimbcc.org\/test2\/cartes-routieres\/bibliotheque-de-sainte-julie\/bibliotheque_ste_julie\" rel=\"attachment wp-att-11869\"><img loading=\"lazy\" decoding=\"async\" class=\"alignleft size-full wp-image-11869\" src=\"https:\/\/cimbcc.org\/test2\/wp-content\/uploads\/Bibliotheque_Ste_Julie.jpg\" alt=\"Bibliotheque_Ste_Julie\" width=\"305\" height=\"165\" srcset=\"https:\/\/cimbcc.org\/test2\/wp-content\/uploads\/Bibliotheque_Ste_Julie.jpg 305w, https:\/\/cimbcc.org\/test2\/wp-content\/uploads\/Bibliotheque_Ste_Julie-300x162.jpg 300w\" sizes=\"auto, (max-width: 305px) 100vw, 305px\" \/><\/a><\/p>\n<p><iframe loading=\"lazy\" src=\"http:\/\/maps.google.ca\/maps?f=q&amp;source=s_q&amp;hl=fr&amp;geocode=&amp;q=1600+Chemin+du+Fer+%C3%A0+Cheval,+Sainte-Julie,+QC&amp;aq=0&amp;oq=1600,+chemin+du+Fer-%C3%A0-Cheval,+Sainte-Julie,+QC&amp;sll=45.525931,-73.282155&amp;sspn=0.008629,0.018239&amp;ie=UTF8&amp;hq=&amp;hnear=1600+Chemin+du+Fer+%C3%A0+Cheval,+Sainte-Julie,+Qu%C3%A9bec+J3E+2M1&amp;t=m&amp;ll=45.590858,-73.326187&amp;spn=0.02883,0.054846&amp;z=14&amp;iwloc=A&amp;output=embed\" width=\"640\" height=\"480\" frameborder=\"0\" marginwidth=\"0\" marginheight=\"0\" scrolling=\"no\"><\/iframe><br \/>\n<small><a style=\"color: #0000ff; text-align: left;\" href=\"http:\/\/maps.google.ca\/maps?f=q&amp;source=embed&amp;hl=fr&amp;geocode=&amp;q=1600+Chemin+du+Fer+%C3%A0+Cheval,+Sainte-Julie,+QC&amp;aq=0&amp;oq=1600,+chemin+du+Fer-%C3%A0-Cheval,+Sainte-Julie,+QC&amp;sll=45.525931,-73.282155&amp;sspn=0.008629,0.018239&amp;ie=UTF8&amp;hq=&amp;hnear=1600+Chemin+du+Fer+%C3%A0+Cheval,+Sainte-Julie,+Qu%C3%A9bec+J3E+2M1&amp;t=m&amp;ll=45.590858,-73.326187&amp;spn=0.02883,0.054846&amp;z=14&amp;iwloc=A\">Agrandir le plan<\/a><\/small><\/p>\n<p>&nbsp;<\/p>\n<address><span style=\"font-size: x-small;\">Derni\u00e8re r\u00e9vision de cette page : ao\u00fbt 2024.<\/span><\/address>\n<address><span style=\"font-size: x-small;\">Responsable de la mise \u00e0 jour de cette page : Michel Gagn\u00e9.<\/span><\/address>\n","protected":false},"excerpt":{"rendered":"<p>1600, chemin du Fer-\u00e0-Cheval, Sainte-Julie Agrandir le plan &nbsp; Derni\u00e8re r\u00e9vision de cette page : ao\u00fbt 2024. Responsable de la mise \u00e0 jour de cette page : Michel Gagn\u00e9.<\/p>\n","protected":false},"author":3,"featured_media":0,"parent":270,"menu_order":0,"comment_status":"closed","ping_status":"closed","template":"","meta":{"footnotes":""},"class_list":["post-6759","page","type-page","status-publish","hentry"],"_links":{"self":[{"href":"https:\/\/cimbcc.org\/test2\/wp-json\/wp\/v2\/pages\/6759","targetHints":{"allow":["GET"]}}],"collection":[{"href":"https:\/\/cimbcc.org\/test2\/wp-json\/wp\/v2\/pages"}],"about":[{"href":"https:\/\/cimbcc.org\/test2\/wp-json\/wp\/v2\/types\/page"}],"author":[{"embeddable":true,"href":"https:\/\/cimbcc.org\/test2\/wp-json\/wp\/v2\/users\/3"}],"replies":[{"embeddable":true,"href":"https:\/\/cimbcc.org\/test2\/wp-json\/wp\/v2\/comments?post=6759"}],"version-history":[{"count":11,"href":"https:\/\/cimbcc.org\/test2\/wp-json\/wp\/v2\/pages\/6759\/revisions"}],"predecessor-version":[{"id":50026,"href":"https:\/\/cimbcc.org\/test2\/wp-json\/wp\/v2\/pages\/6759\/revisions\/50026"}],"up":[{"embeddable":true,"href":"https:\/\/cimbcc.org\/test2\/wp-json\/wp\/v2\/pages\/270"}],"wp:attachment":[{"href":"https:\/\/cimbcc.org\/test2\/wp-json\/wp\/v2\/media?parent=6759"}],"curies":[{"name":"wp","href":"https:\/\/api.w.org\/{rel}","templated":true}]}}