{"id":6768,"date":"2013-06-12T12:52:19","date_gmt":"2013-06-12T17:52:19","guid":{"rendered":"https:\/\/cimbcc.org\/test2\/?page_id=6768"},"modified":"2024-08-10T18:18:04","modified_gmt":"2024-08-10T22:18:04","slug":"centre-communautaire","status":"publish","type":"page","link":"https:\/\/cimbcc.org\/test2\/partage-de-connaissances\/les-ateliers\/centre-communautaire\/","title":{"rendered":"Centre communautaire de Saint-Bruno"},"content":{"rendered":"<h2>53, ch. de la Rabastali\u00e8re Est, Saint-Bruno<\/h2>\n<p><a href=\"https:\/\/cimbcc.org\/test2\/wp-content\/uploads\/photo-centre-communautaire.jpg\"><img loading=\"lazy\" decoding=\"async\" class=\"size-full wp-image-6810 alignleft\" style=\"margin: 15px;\" src=\"https:\/\/cimbcc.org\/test2\/wp-content\/uploads\/photo-centre-communautaire.jpg\" alt=\"photo-centre-communautaire\" width=\"150\" height=\"150\" \/><\/a><br \/>\n<iframe loading=\"lazy\" src=\"http:\/\/maps.google.ca\/maps?f=q&amp;source=s_q&amp;hl=fr&amp;geocode=&amp;q=53+Chemin+de+la+Rabastali%C3%A8re+Est,+Saint-Bruno-de-Montarville,+QC&amp;aq=0&amp;oq=53,+chemin+De+La+Rabastali%C3%A8re+Est+Saint-Bruno-de-Montarville,+QC&amp;sll=45.587271,-73.326118&amp;sspn=0.00862,0.018239&amp;ie=UTF8&amp;hq=&amp;hnear=53+Chemin+de+la+Rabastali%C3%A8re+Est,+Saint-Bruno-de-Montarville,+La+Vall%C3%A9e-du-Richelieu,+Qu%C3%A9bec+J3V&amp;t=m&amp;ll=45.532868,-73.342409&amp;spn=0.02886,0.054846&amp;z=14&amp;iwloc=A&amp;output=embed\" width=\"640\" height=\"480\" frameborder=\"0\" marginwidth=\"0\" marginheight=\"0\" scrolling=\"no\"><\/iframe><br \/>\n<small><a style=\"color: #0000ff; text-align: left;\" href=\"http:\/\/maps.google.ca\/maps?f=q&amp;source=embed&amp;hl=fr&amp;geocode=&amp;q=53+Chemin+de+la+Rabastali%C3%A8re+Est,+Saint-Bruno-de-Montarville,+QC&amp;aq=0&amp;oq=53,+chemin+De+La+Rabastali%C3%A8re+Est+Saint-Bruno-de-Montarville,+QC&amp;sll=45.587271,-73.326118&amp;sspn=0.00862,0.018239&amp;ie=UTF8&amp;hq=&amp;hnear=53+Chemin+de+la+Rabastali%C3%A8re+Est,+Saint-Bruno-de-Montarville,+La+Vall%C3%A9e-du-Richelieu,+Qu%C3%A9bec+J3V&amp;t=m&amp;ll=45.532868,-73.342409&amp;spn=0.02886,0.054846&amp;z=14&amp;iwloc=A\">Agrandir le plan<\/a><\/small><\/p>\n<address>\u00a0<\/address>\n<address><span style=\"font-size: x-small;\">Derni\u00e8re r\u00e9vision de cette page : ao\u00fbt 2024.<\/span><\/address>\n<address><span style=\"font-size: x-small;\">Responsable de la mise \u00e0 jour de cette page : Michel Gagn\u00e9.<\/span><\/address>\n","protected":false},"excerpt":{"rendered":"<p>53, ch. de la Rabastali\u00e8re Est, Saint-Bruno Agrandir le plan \u00a0 Derni\u00e8re r\u00e9vision de cette page : ao\u00fbt 2024. Responsable de la mise \u00e0 jour de cette page : Michel Gagn\u00e9.<\/p>\n","protected":false},"author":3,"featured_media":0,"parent":100,"menu_order":0,"comment_status":"closed","ping_status":"closed","template":"","meta":{"footnotes":""},"class_list":["post-6768","page","type-page","status-publish","hentry"],"_links":{"self":[{"href":"https:\/\/cimbcc.org\/test2\/wp-json\/wp\/v2\/pages\/6768","targetHints":{"allow":["GET"]}}],"collection":[{"href":"https:\/\/cimbcc.org\/test2\/wp-json\/wp\/v2\/pages"}],"about":[{"href":"https:\/\/cimbcc.org\/test2\/wp-json\/wp\/v2\/types\/page"}],"author":[{"embeddable":true,"href":"https:\/\/cimbcc.org\/test2\/wp-json\/wp\/v2\/users\/3"}],"replies":[{"embeddable":true,"href":"https:\/\/cimbcc.org\/test2\/wp-json\/wp\/v2\/comments?post=6768"}],"version-history":[{"count":16,"href":"https:\/\/cimbcc.org\/test2\/wp-json\/wp\/v2\/pages\/6768\/revisions"}],"predecessor-version":[{"id":50027,"href":"https:\/\/cimbcc.org\/test2\/wp-json\/wp\/v2\/pages\/6768\/revisions\/50027"}],"up":[{"embeddable":true,"href":"https:\/\/cimbcc.org\/test2\/wp-json\/wp\/v2\/pages\/100"}],"wp:attachment":[{"href":"https:\/\/cimbcc.org\/test2\/wp-json\/wp\/v2\/media?parent=6768"}],"curies":[{"name":"wp","href":"https:\/\/api.w.org\/{rel}","templated":true}]}}