{"id":9149,"date":"2014-03-11T09:45:02","date_gmt":"2014-03-11T14:45:02","guid":{"rendered":"https:\/\/cimbcc.org\/test2\/?page_id=9149"},"modified":"2024-09-05T21:55:00","modified_gmt":"2024-09-06T01:55:00","slug":"evolution-du-nombre-de-membres","status":"publish","type":"page","link":"https:\/\/cimbcc.org\/test2\/a-propos-du-club\/histoire-du-club\/evolution-du-nombre-de-membres\/","title":{"rendered":"\u00c9volution du nombre de membres"},"content":{"rendered":"<h2><\/h2>\n<address>\n<table style=\"border-collapse: collapse; width: 100%; height: 720px;\">\n<tbody>\n<tr class=\"table-alternate row1\" style=\"height: 54px;\">\n<th id=\"n1\" class=\"start\" style=\"width: 28.481%; text-align: center; background-color: #f1f9f5; height: 54px;\">Ann\u00e9e d&rsquo;op\u00e9ration<br \/>\ndu Club<\/th>\n<th id=\"n2\" style=\"width: 35.443%; text-align: center; background-color: #f1f9f5; height: 54px;\">D\u00e9but et fin des<br \/>\nann\u00e9es d&rsquo;op\u00e9ration<\/th>\n<th id=\"n3\" style=\"width: 17.9325%; text-align: center; background-color: #f1f9f5; height: 54px;\">Nombre de Membres (note 1)<\/th>\n<th style=\"width: 17.9325%; text-align: center; background-color: #f1f9f5;\">Variation % d&rsquo;une ann\u00e9e \u00e0 l&rsquo;autre<\/th>\n<\/tr>\n<tr class=\"table-noalt row2\" style=\"height: 18px;\">\n<td id=\"n1\" class=\"start\" style=\"width: 28.481%; text-align: center; height: 18px;\">1<sup>\u00e8re<\/sup><\/td>\n<td id=\"n2\" style=\"width: 35.443%; text-align: center; height: 18px;\">sept. 1983 &#8211; ao\u00fbt 1984<\/td>\n<td id=\"n3\" style=\"width: 17.9325%; text-align: center; height: 18px;\">19<\/td>\n<td style=\"width: 17.9325%; text-align: center;\"><\/td>\n<\/tr>\n<tr class=\"table-alternate row3\" style=\"height: 18px;\">\n<td id=\"n1\" class=\"start\" style=\"width: 28.481%; text-align: center; background-color: #f1f9f5; height: 18px;\">2<sup>e<\/sup><\/td>\n<td id=\"n2\" style=\"width: 35.443%; text-align: center; background-color: #f1f9f5; height: 18px;\">sept. 1984 &#8211; ao\u00fbt 1985<\/td>\n<td id=\"n3\" style=\"width: 17.9325%; text-align: center; background-color: #f1f9f5; height: 18px;\">25<\/td>\n<td style=\"width: 17.9325%; text-align: center; background-color: #f1f9f5;\">31.58<\/td>\n<\/tr>\n<tr class=\"table-noalt row4\" style=\"height: 18px;\">\n<td id=\"n1\" class=\"start\" style=\"width: 28.481%; text-align: center; height: 18px;\">3<sup>e<\/sup><\/td>\n<td id=\"n2\" style=\"width: 35.443%; text-align: center; height: 18px;\">sept. 1985 &#8211; ao\u00fbt 1986<\/td>\n<td id=\"n3\" style=\"width: 17.9325%; text-align: center; height: 18px;\">28<\/td>\n<td style=\"width: 17.9325%; text-align: center;\">12.00<\/td>\n<\/tr>\n<tr class=\"table-alternate row5\" style=\"height: 18px;\">\n<td id=\"n1\" class=\"start\" style=\"width: 28.481%; text-align: center; background-color: #f1f9f5; height: 18px;\">4<sup>e<\/sup><\/td>\n<td id=\"n2\" style=\"width: 35.443%; text-align: center; background-color: #f1f9f5; height: 18px;\">sept. 1986 &#8211; ao\u00fbt 1987<\/td>\n<td id=\"n3\" style=\"width: 17.9325%; text-align: center; background-color: #f1f9f5; height: 18px;\">40<\/td>\n<td style=\"width: 17.9325%; text-align: center; background-color: #f1f9f5;\">42.86<\/td>\n<\/tr>\n<tr class=\"table-noalt row6\" style=\"height: 18px;\">\n<td id=\"n1\" class=\"start\" style=\"width: 28.481%; text-align: center; height: 18px;\">5<sup>e<\/sup><\/td>\n<td id=\"n2\" style=\"width: 35.443%; text-align: center; height: 18px;\">sept. 1987 &#8211; ao\u00fbt 1988<\/td>\n<td id=\"n3\" style=\"width: 17.9325%; text-align: center; height: 18px;\">45<\/td>\n<td style=\"width: 17.9325%; text-align: center;\">12.50<\/td>\n<\/tr>\n<tr class=\"table-alternate row7\" style=\"height: 18px;\">\n<td id=\"n1\" class=\"start\" style=\"width: 28.481%; text-align: center; background-color: #f1f9f5; height: 18px;\">6<sup>e<\/sup><\/td>\n<td id=\"n2\" style=\"width: 35.443%; text-align: center; background-color: #f1f9f5; height: 18px;\">sept. 1988 &#8211; ao\u00fbt 1989<\/td>\n<td id=\"n3\" style=\"width: 17.9325%; text-align: center; background-color: #f1f9f5; height: 18px;\">60<\/td>\n<td style=\"width: 17.9325%; text-align: center; background-color: #f1f9f5;\">33.33<\/td>\n<\/tr>\n<tr class=\"table-noalt row8\" style=\"height: 18px;\">\n<td id=\"n1\" class=\"start\" style=\"width: 28.481%; text-align: center; height: 18px;\">7<sup>e<\/sup><\/td>\n<td id=\"n2\" style=\"width: 35.443%; text-align: center; height: 18px;\">sept. 1989 &#8211; ao\u00fbt 1990<\/td>\n<td id=\"n3\" style=\"width: 17.9325%; text-align: center; height: 18px;\">80<\/td>\n<td style=\"width: 17.9325%; text-align: center;\">33.33<\/td>\n<\/tr>\n<tr class=\"table-alternate row9\" style=\"height: 18px;\">\n<td id=\"n1\" class=\"start\" style=\"width: 28.481%; text-align: center; background-color: #f1f9f5; height: 18px;\">8<sup>e<\/sup><\/td>\n<td id=\"n2\" style=\"width: 35.443%; text-align: center; background-color: #f1f9f5; height: 18px;\">sept. 1990 &#8211; ao\u00fbt 1991<\/td>\n<td id=\"n3\" style=\"width: 17.9325%; text-align: center; background-color: #f1f9f5; height: 18px;\">95<\/td>\n<td style=\"width: 17.9325%; text-align: center; background-color: #f1f9f5;\">18.75<\/td>\n<\/tr>\n<tr class=\"table-noalt row10\" style=\"height: 18px;\">\n<td id=\"n1\" class=\"start\" style=\"width: 28.481%; text-align: center; height: 18px;\">9<sup>e<\/sup><\/td>\n<td id=\"n2\" style=\"width: 35.443%; text-align: center; height: 18px;\">sept. 1991 &#8211; ao\u00fbt 1992<\/td>\n<td id=\"n3\" style=\"width: 17.9325%; text-align: center; height: 18px;\">108<\/td>\n<td style=\"width: 17.9325%; text-align: center;\">13.68<\/td>\n<\/tr>\n<tr class=\"table-alternate row11\" style=\"height: 18px;\">\n<td id=\"n1\" class=\"start\" style=\"width: 28.481%; text-align: center; background-color: #f1f9f5; height: 18px;\">10<sup>e<\/sup><\/td>\n<td id=\"n2\" style=\"width: 35.443%; text-align: center; background-color: #f1f9f5; height: 18px;\">sept. 1992 &#8211; ao\u00fbt 1993<\/td>\n<td id=\"n3\" style=\"width: 17.9325%; text-align: center; background-color: #f1f9f5; height: 18px;\">127<\/td>\n<td style=\"width: 17.9325%; text-align: center; background-color: #f1f9f5;\">17.59<\/td>\n<\/tr>\n<tr class=\"table-noalt row12\" style=\"height: 18px;\">\n<td id=\"n1\" class=\"start\" style=\"width: 28.481%; text-align: center; height: 18px;\">11<sup>e<\/sup><\/td>\n<td id=\"n2\" style=\"width: 35.443%; text-align: center; height: 18px;\">sept. 1993 &#8211; ao\u00fbt 1994<\/td>\n<td id=\"n3\" style=\"width: 17.9325%; text-align: center; height: 18px;\">111<\/td>\n<td style=\"width: 17.9325%; text-align: center;\">-12.60<\/td>\n<\/tr>\n<tr class=\"table-alternate row13\" style=\"height: 18px;\">\n<td id=\"n1\" class=\"start\" style=\"width: 28.481%; text-align: center; background-color: #f1f9f5; height: 18px;\">12<sup>e<\/sup><\/td>\n<td id=\"n2\" style=\"width: 35.443%; text-align: center; background-color: #f1f9f5; height: 18px;\">sept. 1994 &#8211; ao\u00fbt 1995<\/td>\n<td id=\"n3\" style=\"width: 17.9325%; text-align: center; background-color: #f1f9f5; height: 18px;\">157<\/td>\n<td style=\"width: 17.9325%; text-align: center; background-color: #f1f9f5;\">41.44<\/td>\n<\/tr>\n<tr class=\"table-noalt row14\" style=\"height: 18px;\">\n<td id=\"n1\" class=\"start\" style=\"width: 28.481%; text-align: center; height: 18px;\">13<sup>e<\/sup><\/td>\n<td id=\"n2\" style=\"width: 35.443%; text-align: center; height: 18px;\">sept. 1995 &#8211; ao\u00fbt 1996<\/td>\n<td id=\"n3\" style=\"width: 17.9325%; text-align: center; height: 18px;\">150<\/td>\n<td style=\"width: 17.9325%; text-align: center;\">-4.46<\/td>\n<\/tr>\n<tr class=\"table-alternate row15\" style=\"height: 18px;\">\n<td id=\"n1\" class=\"start\" style=\"width: 28.481%; text-align: center; background-color: #f1f9f5; height: 18px;\">14<sup>e<\/sup><\/td>\n<td id=\"n2\" style=\"width: 35.443%; text-align: center; background-color: #f1f9f5; height: 18px;\">sept. 1996 &#8211; ao\u00fbt 1997<\/td>\n<td id=\"n3\" style=\"width: 17.9325%; text-align: center; background-color: #f1f9f5; height: 18px;\">152<\/td>\n<td style=\"width: 17.9325%; text-align: center; background-color: #f1f9f5;\">1.33<\/td>\n<\/tr>\n<tr class=\"table-noalt row16\" style=\"height: 18px;\">\n<td id=\"n1\" class=\"start\" style=\"width: 28.481%; text-align: center; height: 18px;\">15<sup>e<\/sup><\/td>\n<td id=\"n2\" style=\"width: 35.443%; text-align: center; height: 18px;\">sept. 1997 &#8211; ao\u00fbt 1998<\/td>\n<td id=\"n3\" style=\"width: 17.9325%; text-align: center; height: 18px;\">142<\/td>\n<td style=\"width: 17.9325%; text-align: center;\">-6.58<\/td>\n<\/tr>\n<tr class=\"table-alternate row17\" style=\"height: 18px;\">\n<td id=\"n1\" class=\"start\" style=\"width: 28.481%; text-align: center; background-color: #f1f9f5; height: 18px;\">16<sup>e<\/sup><\/td>\n<td id=\"n2\" style=\"width: 35.443%; text-align: center; background-color: #f1f9f5; height: 18px;\">sept. 1998 &#8211; ao\u00fbt 1999<\/td>\n<td id=\"n3\" style=\"width: 17.9325%; text-align: center; background-color: #f1f9f5; height: 18px;\">138<\/td>\n<td style=\"width: 17.9325%; text-align: center; background-color: #f1f9f5;\">-2.82<\/td>\n<\/tr>\n<tr class=\"table-noalt row18\" style=\"height: 18px;\">\n<td id=\"n1\" class=\"start\" style=\"width: 28.481%; text-align: center; height: 18px;\">17<sup>e<\/sup><\/td>\n<td id=\"n2\" style=\"width: 35.443%; text-align: center; height: 18px;\">sept. 1999 &#8211; ao\u00fbt 2000<\/td>\n<td id=\"n3\" style=\"width: 17.9325%; text-align: center; height: 18px;\">167<\/td>\n<td style=\"width: 17.9325%; text-align: center;\">21.01<\/td>\n<\/tr>\n<tr class=\"table-alternate row19\" style=\"height: 18px;\">\n<td id=\"n1\" class=\"start\" style=\"width: 28.481%; text-align: center; background-color: #f1f9f5; height: 18px;\">18<sup>e<\/sup><\/td>\n<td id=\"n2\" style=\"width: 35.443%; text-align: center; background-color: #f1f9f5; height: 18px;\">sept. 2000 &#8211; ao\u00fbt 2001<\/td>\n<td id=\"n3\" style=\"width: 17.9325%; text-align: center; background-color: #f1f9f5; height: 18px;\">161<\/td>\n<td style=\"width: 17.9325%; text-align: center; background-color: #f1f9f5;\">-3.59<\/td>\n<\/tr>\n<tr class=\"table-noalt row20\" style=\"height: 18px;\">\n<td id=\"n1\" class=\"start\" style=\"width: 28.481%; text-align: center; height: 18px;\">19<sup>e<\/sup><\/td>\n<td id=\"n2\" style=\"width: 35.443%; text-align: center; height: 18px;\">sept. 2001 &#8211; ao\u00fbt 2002<\/td>\n<td id=\"n3\" style=\"width: 17.9325%; text-align: center; height: 18px;\">198<\/td>\n<td style=\"width: 17.9325%; text-align: center;\">22.98<\/td>\n<\/tr>\n<tr class=\"table-alternate row21\" style=\"height: 18px;\">\n<td id=\"n1\" class=\"start\" style=\"width: 28.481%; text-align: center; background-color: #f1f9f5; height: 18px;\">20<sup>e<\/sup><\/td>\n<td id=\"n2\" style=\"width: 35.443%; text-align: center; background-color: #f1f9f5; height: 18px;\">sept. 2002 &#8211; ao\u00fbt 2003<\/td>\n<td id=\"n3\" style=\"width: 17.9325%; text-align: center; background-color: #f1f9f5; height: 18px;\">193<\/td>\n<td style=\"width: 17.9325%; text-align: center; background-color: #f1f9f5;\">-2.53<\/td>\n<\/tr>\n<tr class=\"table-noalt row22\" style=\"height: 18px;\">\n<td id=\"n1\" class=\"start\" style=\"width: 28.481%; text-align: center; height: 18px;\">21<sup>e<\/sup><\/td>\n<td id=\"n2\" style=\"width: 35.443%; text-align: center; height: 18px;\">sept. 2003 &#8211; ao\u00fbt 2004<\/td>\n<td id=\"n3\" style=\"width: 17.9325%; text-align: center; height: 18px;\">176<\/td>\n<td style=\"width: 17.9325%; text-align: center;\">-8.81<\/td>\n<\/tr>\n<tr class=\"table-alternate row23\" style=\"height: 18px;\">\n<td id=\"n1\" class=\"start\" style=\"width: 28.481%; text-align: center; background-color: #f1f9f5; height: 18px;\">22<sup>e<\/sup><\/td>\n<td id=\"n2\" style=\"width: 35.443%; text-align: center; background-color: #f1f9f5; height: 18px;\">sept. 2004 &#8211; ao\u00fbt 2005<\/td>\n<td id=\"n3\" style=\"width: 17.9325%; text-align: center; background-color: #f1f9f5; height: 18px;\">176<\/td>\n<td style=\"width: 17.9325%; text-align: center; background-color: #f1f9f5;\">0.00<\/td>\n<\/tr>\n<tr class=\"table-noalt row24\" style=\"height: 18px;\">\n<td id=\"n1\" class=\"start\" style=\"width: 28.481%; text-align: center; height: 18px;\">23<sup>e<\/sup><\/td>\n<td id=\"n2\" style=\"width: 35.443%; text-align: center; height: 18px;\">sept. 2005 &#8211; ao\u00fbt 2006<\/td>\n<td id=\"n3\" style=\"width: 17.9325%; text-align: center; height: 18px;\">209<\/td>\n<td style=\"width: 17.9325%; text-align: center;\">18.75<\/td>\n<\/tr>\n<tr class=\"table-alternate row25\" style=\"height: 18px;\">\n<td id=\"n1\" class=\"start\" style=\"width: 28.481%; text-align: center; background-color: #f1f9f5; height: 18px;\">24<sup>e<\/sup><\/td>\n<td id=\"n2\" style=\"width: 35.443%; text-align: center; background-color: #f1f9f5; height: 18px;\">sept. 2006- ao\u00fbt 2007<\/td>\n<td id=\"n3\" style=\"width: 17.9325%; text-align: center; background-color: #f1f9f5; height: 18px;\">295<\/td>\n<td style=\"width: 17.9325%; text-align: center; background-color: #f1f9f5;\">41.15<\/td>\n<\/tr>\n<tr class=\"table-noalt row26\" style=\"height: 18px;\">\n<td id=\"n1\" class=\"start\" style=\"width: 28.481%; text-align: center; height: 18px;\">25<sup>e<\/sup><\/td>\n<td id=\"n2\" style=\"width: 35.443%; text-align: center; height: 18px;\">sept. 2007 &#8211; ao\u00fbt 2008<\/td>\n<td id=\"n3\" style=\"width: 17.9325%; text-align: center; height: 18px;\">355<\/td>\n<td style=\"width: 17.9325%; text-align: center;\">20.34<\/td>\n<\/tr>\n<tr class=\"table-alternate row27\" style=\"height: 18px;\">\n<td id=\"n1\" class=\"start\" style=\"width: 28.481%; text-align: center; background-color: #f1f9f5; height: 18px;\">26<sup>e<\/sup><\/td>\n<td id=\"n2\" style=\"width: 35.443%; text-align: center; background-color: #f1f9f5; height: 18px;\">sept. 2008 &#8211; ao\u00fbt 2009<\/td>\n<td id=\"n3\" style=\"width: 17.9325%; text-align: center; background-color: #f1f9f5; height: 18px;\">466<\/td>\n<td style=\"width: 17.9325%; text-align: center; background-color: #f1f9f5;\">31.27<\/td>\n<\/tr>\n<tr class=\"table-noalt row28\" style=\"height: 18px;\">\n<td id=\"n1\" class=\"start\" style=\"width: 28.481%; text-align: center; height: 18px;\">27<sup>e<\/sup><\/td>\n<td id=\"n2\" style=\"width: 35.443%; text-align: center; height: 18px;\">sept. 2009 &#8211; ao\u00fbt 2010<\/td>\n<td id=\"n3\" style=\"width: 17.9325%; text-align: center; height: 18px;\">547<\/td>\n<td style=\"width: 17.9325%; text-align: center;\">17.38<\/td>\n<\/tr>\n<tr class=\"table-alternate row29\" style=\"height: 18px;\">\n<td id=\"n1\" class=\"start\" style=\"width: 28.481%; text-align: center; background-color: #f1f9f5; height: 18px;\">28<sup>e<\/sup><\/td>\n<td id=\"n2\" style=\"width: 35.443%; text-align: center; background-color: #f1f9f5; height: 18px;\">sept. 2010 &#8211; ao\u00fbt 2011<\/td>\n<td id=\"n3\" style=\"width: 17.9325%; text-align: center; background-color: #f1f9f5; height: 18px;\">554<\/td>\n<td style=\"width: 17.9325%; text-align: center; background-color: #f1f9f5;\">1.28<\/td>\n<\/tr>\n<tr class=\"table-noalt row30\" style=\"height: 18px;\">\n<td id=\"n1\" class=\"start\" style=\"width: 28.481%; text-align: center; height: 18px;\">29<sup>e<\/sup><\/td>\n<td id=\"n2\" style=\"width: 35.443%; text-align: center; height: 18px;\">sept. 2011 &#8211; ao\u00fbt 2012<\/td>\n<td id=\"n3\" style=\"width: 17.9325%; text-align: center; height: 18px;\">537<\/td>\n<td style=\"width: 17.9325%; text-align: center;\">-3.07<\/td>\n<\/tr>\n<tr class=\"table-alternate row31\" style=\"height: 18px;\">\n<td id=\"n1\" class=\"start\" style=\"width: 28.481%; text-align: center; background-color: #f1f9f5; height: 18px;\">30<sup>e<\/sup><\/td>\n<td id=\"n2\" style=\"width: 35.443%; text-align: center; background-color: #f1f9f5; height: 18px;\">sept. 2012 &#8211; ao\u00fbt 2013<\/td>\n<td id=\"n3\" style=\"width: 17.9325%; text-align: center; background-color: #f1f9f5; height: 18px;\">532<\/td>\n<td style=\"width: 17.9325%; text-align: center; background-color: #f1f9f5;\">-0.93<\/td>\n<\/tr>\n<tr class=\"table-noalt row32\" style=\"height: 18px;\">\n<td id=\"n1\" class=\"start\" style=\"width: 28.481%; text-align: center; height: 18px;\">31<sup>e<\/sup><\/td>\n<td id=\"n2\" style=\"width: 35.443%; text-align: center; height: 18px;\">sept. 2013 &#8211; ao\u00fbt 2014<\/td>\n<td id=\"n3\" style=\"width: 17.9325%; text-align: center; height: 18px;\">635<\/td>\n<td style=\"width: 17.9325%; text-align: center;\">19.36<\/td>\n<\/tr>\n<tr class=\"table-alternate row33\" style=\"height: 18px;\">\n<td id=\"n1\" class=\"start\" style=\"width: 28.481%; text-align: center; background-color: #f1f9f5; height: 18px;\">32<sup>e<\/sup><\/td>\n<td id=\"n2\" style=\"width: 35.443%; text-align: center; background-color: #f1f9f5; height: 18px;\">sept. 2014 &#8211; ao\u00fbt 2015<\/td>\n<td id=\"n3\" style=\"width: 17.9325%; text-align: center; background-color: #f1f9f5; height: 18px;\">720<\/td>\n<td style=\"width: 17.9325%; text-align: center; background-color: #f1f9f5;\">13.39<\/td>\n<\/tr>\n<tr class=\"table-noalt row34\" style=\"height: 18px;\">\n<td id=\"n1\" class=\"start\" style=\"width: 28.481%; text-align: center; height: 18px;\">33<sup>e<\/sup><\/td>\n<td id=\"n2\" style=\"width: 35.443%; text-align: center; height: 18px;\">sept. 2015 &#8211; ao\u00fbt 2016<\/td>\n<td id=\"n3\" style=\"width: 17.9325%; text-align: center; height: 18px;\">804<\/td>\n<td style=\"width: 17.9325%; text-align: center;\">11.67<\/td>\n<\/tr>\n<tr class=\"table-alternate row35\" style=\"height: 18px;\">\n<td id=\"n1\" class=\"start\" style=\"width: 28.481%; text-align: center; background-color: #f1f9f5; height: 18px;\">34<sup>e<\/sup><\/td>\n<td id=\"n2\" style=\"width: 35.443%; text-align: center; background-color: #f1f9f5; height: 18px;\">sept. 2016 &#8211; ao\u00fbt 2017<\/td>\n<td id=\"n3\" style=\"width: 17.9325%; text-align: center; background-color: #f1f9f5; height: 18px;\">778<\/td>\n<td style=\"width: 17.9325%; text-align: center; background-color: #f1f9f5;\">-3.23<\/td>\n<\/tr>\n<tr class=\"table-noalt row36\" style=\"height: 18px;\">\n<td id=\"n1\" class=\"start\" style=\"width: 28.481%; text-align: center; height: 18px;\">35<sup>e<\/sup><\/td>\n<td id=\"n2\" style=\"width: 35.443%; text-align: center; height: 18px;\">sept. 2017 &#8211; ao\u00fbt 2018<\/td>\n<td id=\"n3\" style=\"width: 17.9325%; text-align: center; height: 18px;\">702<\/td>\n<td style=\"width: 17.9325%; text-align: center;\">-9.77<\/td>\n<\/tr>\n<tr class=\"table-alternate row37\" style=\"height: 18px;\">\n<td id=\"n1\" class=\"start\" style=\"width: 28.481%; text-align: center; background-color: #f1f9f5; height: 18px;\">36<sup>e<\/sup><\/td>\n<td id=\"n2\" style=\"width: 35.443%; text-align: center; background-color: #f1f9f5; height: 18px;\">sept. 2018 &#8211; ao\u00fbt 2019<\/td>\n<td id=\"n3\" style=\"width: 17.9325%; text-align: center; background-color: #f1f9f5; height: 18px;\">662<\/td>\n<td style=\"width: 17.9325%; text-align: center; background-color: #f1f9f5;\">-5.70<\/td>\n<\/tr>\n<tr class=\"table-noalt row38\" style=\"height: 18px;\">\n<td id=\"n1\" class=\"start\" style=\"width: 28.481%; text-align: center; height: 18px;\">37<sup>e<\/sup><\/td>\n<td id=\"n2\" style=\"width: 35.443%; text-align: center; height: 18px;\">sept. 2019 &#8211; ao\u00fbt 2020<\/td>\n<td id=\"n3\" style=\"width: 17.9325%; text-align: center; height: 18px;\">654<\/td>\n<td style=\"width: 17.9325%; text-align: center;\">-1.21<\/td>\n<\/tr>\n<tr class=\"table-noalt row39\" style=\"height: 18px;\">\n<td id=\"n1\" class=\"start\" style=\"width: 28.481%; text-align: center; background-color: #f1f9f5; height: 18px;\">38<sup>e<\/sup><\/td>\n<td id=\"n2\" style=\"width: 35.443%; text-align: center; background-color: #f1f9f5; height: 18px;\">sept. 2020 &#8211; ao\u00fbt 2021<\/td>\n<td id=\"n3\" style=\"width: 17.9325%; text-align: center; background-color: #f1f9f5; height: 18px;\">755<\/td>\n<td style=\"width: 17.9325%; text-align: center; background-color: #f1f9f5;\">15.44<\/td>\n<\/tr>\n<tr class=\"table-noalt row40\" style=\"height: 18px;\">\n<td id=\"n1\" class=\"start\" style=\"width: 28.481%; text-align: center; height: 18px;\">39<sup>e<\/sup><\/td>\n<td id=\"n2\" style=\"width: 35.443%; text-align: center; height: 18px;\">sept. 2021 &#8211; ao\u00fbt 2022<\/td>\n<td id=\"n3\" style=\"width: 17.9325%; text-align: center; height: 18px;\">822<\/td>\n<td style=\"width: 17.9325%; text-align: center;\">8.87<\/td>\n<\/tr>\n<tr class=\"table-noalt row41\" style=\"height: 18px;\">\n<td id=\"n1\" class=\"start\" style=\"width: 28.481%; text-align: center; background-color: #f1f9f5; height: 18px;\">40<sup>e<\/sup><\/td>\n<td id=\"n2\" style=\"width: 35.443%; text-align: center; background-color: #f1f9f5; height: 18px;\">sept. 2022 &#8211; ao\u00fbt 2023<\/td>\n<td id=\"n3\" style=\"width: 17.9325%; text-align: center; background-color: #f1f9f5; height: 18px;\">899<\/td>\n<td style=\"width: 17.9325%; text-align: center; background-color: #f1f9f5;\">9,37<\/td>\n<\/tr>\n<tr>\n<td style=\"width: 28.481%; text-align: center; background-color: #f1f9f5;\">41<sup>e<\/sup><\/td>\n<td style=\"width: 35.443%; text-align: center; background-color: #f1f9f5;\">sept. 2023 &#8211; ao\u00fbt 2024<\/td>\n<td style=\"width: 17.9325%; text-align: center; background-color: #f1f9f5;\">997<\/td>\n<td style=\"width: 17.9325%; text-align: center; background-color: #f1f9f5;\">10,90<\/td>\n<\/tr>\n<tr>\n<td style=\"width: 28.481%; text-align: center; background-color: #f1f9f5;\">42<sup>e<\/sup><\/td>\n<td style=\"width: 35.443%; text-align: center; background-color: #f1f9f5;\">sept. 2024 &#8211; ao\u00fbt 2025<\/td>\n<td style=\"width: 17.9325%; text-align: center; background-color: #f1f9f5;\">Note 2<\/td>\n<td style=\"width: 17.9325%; text-align: center; background-color: #f1f9f5;\"><\/td>\n<\/tr>\n<\/tbody>\n<\/table>\n<address><span style=\"font-size: small;\">Note 1 : nombre de membres \u00e0 la fin de la p\u00e9riode.<br \/>\nNote 2 : information fragmentaire puisque l&rsquo;ann\u00e9e n&rsquo;est pas termin\u00e9e.<\/span><\/address>\n<\/address>\n<address><span style=\"font-size: small;\">Derni\u00e8re r\u00e9vision de cette page : septembre 2024.<br \/>\n<\/span><span style=\"font-size: small;\">Responsable de la mise \u00e0 jour de cette page : Richard Gervais<\/span><\/address>\n","protected":false},"excerpt":{"rendered":"<p>Ann\u00e9e d&rsquo;op\u00e9ration du Club D\u00e9but et fin des ann\u00e9es d&rsquo;op\u00e9ration Nombre de Membres (note 1) Variation % d&rsquo;une ann\u00e9e \u00e0 l&rsquo;autre 1\u00e8re sept. 1983 &#8211; ao\u00fbt 1984 19 2e sept. 1984 &#8211; ao\u00fbt 1985 25 31.58 3e sept. 1985 &#8211; ao\u00fbt 1986 28 12.00 4e sept. 1986 &#8211; ao\u00fbt 1987 40 42.86 5e sept. 1987 &hellip; <a href=\"https:\/\/cimbcc.org\/test2\/a-propos-du-club\/histoire-du-club\/evolution-du-nombre-de-membres\/\" class=\"more-link\">Continuer la lecture de <span class=\"screen-reader-text\">\u00c9volution du nombre de membres<\/span>  <span class=\"meta-nav\">&rarr;<\/span><\/a><\/p>\n","protected":false},"author":3,"featured_media":0,"parent":221,"menu_order":20,"comment_status":"closed","ping_status":"closed","template":"","meta":{"footnotes":""},"class_list":["post-9149","page","type-page","status-publish","hentry"],"_links":{"self":[{"href":"https:\/\/cimbcc.org\/test2\/wp-json\/wp\/v2\/pages\/9149","targetHints":{"allow":["GET"]}}],"collection":[{"href":"https:\/\/cimbcc.org\/test2\/wp-json\/wp\/v2\/pages"}],"about":[{"href":"https:\/\/cimbcc.org\/test2\/wp-json\/wp\/v2\/types\/page"}],"author":[{"embeddable":true,"href":"https:\/\/cimbcc.org\/test2\/wp-json\/wp\/v2\/users\/3"}],"replies":[{"embeddable":true,"href":"https:\/\/cimbcc.org\/test2\/wp-json\/wp\/v2\/comments?post=9149"}],"version-history":[{"count":53,"href":"https:\/\/cimbcc.org\/test2\/wp-json\/wp\/v2\/pages\/9149\/revisions"}],"predecessor-version":[{"id":41242,"href":"https:\/\/cimbcc.org\/test2\/wp-json\/wp\/v2\/pages\/9149\/revisions\/41242"}],"up":[{"embeddable":true,"href":"https:\/\/cimbcc.org\/test2\/wp-json\/wp\/v2\/pages\/221"}],"wp:attachment":[{"href":"https:\/\/cimbcc.org\/test2\/wp-json\/wp\/v2\/media?parent=9149"}],"curies":[{"name":"wp","href":"https:\/\/api.w.org\/{rel}","templated":true}]}}