{"id":9692,"date":"2014-08-01T20:27:51","date_gmt":"2014-08-02T01:27:51","guid":{"rendered":"https:\/\/cimbcc.org\/test2\/?page_id=9692"},"modified":"2024-09-03T09:27:50","modified_gmt":"2024-09-03T13:27:50","slug":"atelier-tablettes-et-telephones-android","status":"publish","type":"page","link":"https:\/\/cimbcc.org\/test2\/partage-de-connaissances\/les-ateliers\/atelier-tablettes-et-telephones-android\/","title":{"rendered":"Android &#8211; t\u00e9l\u00e9phones et tablettes"},"content":{"rendered":"<p><span style=\"color: #333399; font-size: 24px; font-weight: bold;\">\u00c0 qui s\u2019adresse l\u2019atelier<\/span><\/p>\n<p style=\"text-align: left;\"><span style=\"font-size: 14pt;\">Aux membres d\u00e9tenteurs de t\u00e9l\u00e9phones ou tablettes Android.<\/span><\/p>\n<h2><span style=\"color: #333399;\">Description de l\u2019atelier<\/span><\/h2>\n<p style=\"text-align: left;\"><span style=\"font-size: 14pt;\">L\u2019atelier pr\u00e9sente les essentiels de l\u2019op\u00e9ration d\u2019un appareil Android. Les objectifs sont :<\/span><\/p>\n<ul style=\"text-align: justify;\">\n<li style=\"text-align: left;\"><span style=\"font-size: 14pt;\">Se familiariser avec la manipulation d&rsquo;un t\u00e9l\u00e9phone ou d&rsquo;une tablette.<\/span><\/li>\n<li style=\"text-align: left;\"><span style=\"font-size: 14pt;\">Examiner les principaux param\u00e8tres de son t\u00e9l\u00e9phone ou de sa tablette Android.<\/span><\/li>\n<li style=\"text-align: left;\"><span style=\"font-size: 14pt;\"> Voir les applications suivantes: T\u00e9l\u00e9phone, Messages,\u00a0 les magasins d&rsquo;applications, Courriels, Google et les commandes vocales,\u00a0 Appareil photo et Galerie.<\/span><\/li>\n<\/ul>\n<h2 style=\"text-align: justify;\"><span style=\"color: #333399;\">Mat\u00e9riel utilis\u00e9<\/span><\/h2>\n<ul>\n<li style=\"text-align: left;\"><span style=\"font-size: 14pt;\">L\u2019animateur utilisera un t\u00e9l\u00e9phone Samsung Galaxy S22+ op\u00e9rant sous Android 14.<\/span><\/li>\n<li style=\"text-align: left;\"><span style=\"font-size: 14pt;\">Pour pratiquer les concepts enseign\u00e9s, les participants utiliseront leur appareil Android (t\u00e9l\u00e9phone ou tablette).<\/span><\/li>\n<li style=\"text-align: left;\"><span style=\"font-size: 14pt;\">Pour suivre l\u2019atelier,\u00a0 les participants en vid\u00e9oconf\u00e9rence\u00a0 devraient\u00a0 utiliser l&rsquo;application Zoom sur un autre appareil Android, sur un appareil Apple ou sur un ordinateur, Windows ou Apple.<\/span><\/li>\n<li style=\"text-align: left;\"><span style=\"font-size: 14pt;\">L\u2019animateur accepte les participants poss\u00e9dant d\u2019autres marques de t\u00e9l\u00e9phones ou de tablettes op\u00e9rant sous Android, m\u00eame de versions diff\u00e9rentes. L\u2019utilisation de ces appareils peut pr\u00e9senter des particularit\u00e9s d\u2019op\u00e9ration inconnues de l\u2019animateur et des difficult\u00e9s d\u2019adaptation au contenu de l\u2019atelier. Un effort d\u2019adaptation sera n\u00e9cessaire de la part de ces participants pour pleinement profiter de l\u2019atelier.<\/span><\/li>\n<\/ul>\n<h2 style=\"text-align: left;\"><span style=\"color: #333399;\">Pr\u00e9cisions<\/span><\/h2>\n<ul style=\"text-align: left;\">\n<li><span style=\"font-size: 14pt;\">Le participant ne devra utiliser qu\u2019un seul appareil Android: son t\u00e9l\u00e9phone ou sa tablette.<\/span><\/li>\n<li><span style=\"font-size: 14pt;\">Lors de votre inscription, vous devez fournir la <strong>Marque, <\/strong>le<strong> Nom du mod\u00e8le <\/strong>ainsi que la<strong> Version Android<\/strong> de la tablette ou du t\u00e9l\u00e9phone que vous utiliserez lors des r\u00e9unions de l\u2019atelier.<\/span><\/li>\n<li style=\"text-align: left;\"><span style=\"font-size: 14pt;\">Vous trouverez ces informations dans le dernier param\u00e8tre de votre appareil \u00abi \u2013 \u00c0 propos du t\u00e9l\u00e9phone\/de l\u2019appareil\u00bb, \u00abnum\u00e9ro de mod\u00e8le\u00bb &amp; \u00abinformations sur le logiciel\u00bb.<\/span><\/li>\n<li><span style=\"font-size: 14pt;\">Cet atelier est donn\u00e9 en pr\u00e9sentiel et en vid\u00e9oconf\u00e9rence avec l&rsquo;application Zoom; vous devrez aussi indiquer votre pr\u00e9f\u00e9rence.<\/span><\/li>\n<li><span style=\"font-size: 14pt;\">Cet atelier accepte un maximum de 25 participants.<\/span><\/li>\n<\/ul>\n<p style=\"text-align: left;\"><span style=\"font-size: 14pt;\">Pour un meilleur apprentissage, il est\u00a0 sugg\u00e9r\u00e9 d&rsquo;assister aux pr\u00e9sentations de la s\u00e9rie Facile .\u00a0 Pour atteindre le calendrier complet de la s\u00e9rie Facile, <a href=\"https:\/\/cimbcc.org\/test2\/wp-content\/uploads\/calendrier_serie_facile.pdf\" target=\"_blank\" rel=\"noopener noreferrer\">cliquez ici<\/a> .\u00a0<\/span><\/p>\n<h2 style=\"text-align: left;\"><span style=\"color: #333399;\">Pr\u00e9requis<\/span><\/h2>\n<ul style=\"text-align: left;\">\n<li><span style=\"font-size: 14pt;\">Poss\u00e9der un t\u00e9l\u00e9phone ou une tablette\u00a0 Android.<\/span><\/li>\n<li><span style=\"font-size: 14pt;\">S\u2019engager \u00e0 assister aux cinq r\u00e9unions de l\u2019atelier et \u00e0 faire les exercices propos\u00e9s.<\/span><\/li>\n<\/ul>\n<h2 style=\"text-align: left;\"><span style=\"color: #333399;\">Fonctionnement<\/span><\/h2>\n<ul>\n<li style=\"text-align: left;\"><span style=\"font-size: 14pt;\">Suivant chacune des r\u00e9unions, des notes d\u00e9taill\u00e9es seront rapidement fournies.<\/span><\/li>\n<li style=\"text-align: left;\"><span style=\"font-size: 14pt;\">\u00c0 la fin de chaque r\u00e9union, l\u2019animateur donne des travaux. Il est important que les participants r\u00e9alisent ces travaux avant la r\u00e9union suivante pour ne pas retarder le groupe et pour profiter pleinement de l\u2019atelier.<\/span><\/li>\n<\/ul>\n<h2><span style=\"color: #333399;\">Contenu des r\u00e9unions<\/span><\/h2>\n<h4><strong>R\u00e9union 1\u00a0 &#8211;\u00a0 Prise en mains des appareils<\/strong><\/h4>\n<ul>\n<li style=\"text-align: left;\"><span style=\"font-size: 14pt;\">Pr\u00e9sentation physique des t\u00e9l\u00e9phones et des tablettes.<\/span><\/li>\n<li style=\"text-align: left;\"><span style=\"font-size: 14pt;\">\u00ab Votre Manuel \u00bb, essentiel dans tous les cas.<\/span><\/li>\n<li style=\"text-align: left;\"><span style=\"font-size: 14pt;\">Premier d\u00e9marrage, r\u00e9seau Wifi et comptes Samsung, Google et autres.<\/span><\/li>\n<li style=\"text-align: left;\"><span style=\"font-size: 14pt;\">\u00c9cran d&rsquo;accueil, \u00e9crans et leur gestion.<\/span><\/li>\n<li style=\"text-align: left;\"><span style=\"font-size: 14pt;\">Barre des notifications et volet des param\u00e8tres rapides.<\/span><\/li>\n<li style=\"text-align: left;\"><span style=\"font-size: 14pt;\">Applications, Widgets et leur gestion.<\/span><\/li>\n<\/ul>\n<h4><strong>\u00a0<\/strong><strong>R<\/strong><strong>\u00e9union <\/strong><strong>2 &#8211; Les param\u00e8tres<\/strong><\/h4>\n<ul>\n<li><span style=\"font-size: 14pt;\">Connexions, son, notifications, affichage, fond d&rsquo;\u00e9cran, fonctions avanc\u00e9es, maintenance de l&rsquo;appareil.<\/span><\/li>\n<li><span style=\"font-size: 14pt;\">Applications, \u00e9cran verrouill\u00e9 et s\u00e9curit\u00e9, nuage et comptes, Google, accessibilit\u00e9, gestion globale, mise \u00e0 jour logicielle, mode d&#8217;emploi et \u00ab<strong>i<\/strong>\u00bb &#8211; \u00c0 propos de l&rsquo;appareil.<\/span><\/li>\n<\/ul>\n<h4><strong>R<\/strong><strong>\u00e9union <\/strong><strong>3<\/strong><\/h4>\n<ul>\n<li><span style=\"font-size: 14pt;\">Applications \u00abT\u00e9l\u00e9phone\u00bb et \u00abMessages\u00bb de Samsung.<\/span><\/li>\n<li><span style=\"font-size: 14pt;\">Google \u00abPlay Store\u00bb et \u00abGalaxy Store\u00bb de Samsung.<\/span><\/li>\n<\/ul>\n<h4><strong>R<\/strong><strong>\u00e9union <\/strong><strong>4<\/strong><\/h4>\n<ul>\n<li><span style=\"font-size: 14pt;\">Applications courriels\u00a0 (Courriel de Samsung, Gmail de Google, Outlook de Microsoft).<\/span><\/li>\n<li><span style=\"font-size: 14pt;\">Commandes vocales avec l&rsquo;application \u00abGoogle\u00bb.<\/span><\/li>\n<\/ul>\n<h4><strong>R<\/strong><strong>\u00e9union <\/strong><strong>5<\/strong><\/h4>\n<ul>\n<li><span style=\"font-size: 14pt;\">Applications \u00abAppareil photo\u00bb et \u00abGalerie\u00bb de Samsung.<\/span><\/li>\n<li><span style=\"font-size: 14pt;\">Quelques autres applications d&rsquo;int\u00e9r\u00eat.<\/span><\/li>\n<\/ul>\n<h2><span style=\"font-size: 14pt; color: #333399;\"><strong>Quand<\/strong><\/span><\/h2>\n<p style=\"text-align: left;\"><span style=\"font-size: 14pt;\">L\u2019atelier se compose de 5 r\u00e9unions de 2\u00bd heures. Les r\u00e9unions ont lieu\u00a0 le <strong>lundi<\/strong> de 13h30 \u00e0 16h00 aux dates suivantes :<\/span><\/p>\n<ul>\n<li><span style=\"font-size: 14pt;\">7 octobre 2024.<\/span><\/li>\n<li><span style=\"font-size: 14pt;\">21 octobre 2024.<\/span><\/li>\n<li><span style=\"font-size: 14pt;\">28 octobre 2024.<\/span><\/li>\n<li><span style=\"font-size: 14pt;\">4 novembre 2024.<\/span><\/li>\n<li><span style=\"font-size: 14pt;\">11 novembre 2024.<\/span><\/li>\n<\/ul>\n<p><span style=\"font-size: 18pt; color: #333399;\"><strong>O\u00f9<\/strong><\/span><br \/>\n<span style=\"font-size: 18.6667px;\">Pour les participants en pr\u00e9sentiel, l<\/span><span style=\"font-size: 18.6667px;\">&lsquo;atelier se tiendra \u00e0 la Biblioth\u00e8que de Sainte-Julie, situ\u00e9 au 1600 chemin du Fer-\u00e0-Cheval \u00e0 Sainte-Julie J3E 0A3.<\/span><\/p>\n<p><span style=\"font-size: 14pt;\">Pour les participants en vid\u00e9oconf\u00e9rence avec l&rsquo;application Zoom, vous recevrez un lien de connexion avant chaque r\u00e9union.<\/span><\/p>\n<p style=\"text-align: justify;\">Le bouton \u00ab\u00a0Inscription \u00e0 l&rsquo;atelier\u00a0\u00bb ci-dessous n&rsquo;est pas fonctionnel \u00e0 l&rsquo;ext\u00e9rieur des p\u00e9riodes d&rsquo;inscriptions aux ateliers.<\/p>\n<p><a href=\"https:\/\/cimbcc.org\/test2\/partage-de-connaissances\/les-ateliers\/atelier-tablettes-et-telephones-android\/formulaire-atelier-tablette-android-telephones-et-tablettes\" target=\"_blank\" rel=\"noopener\"><button>Inscription \u00e0 l&rsquo;atelier<\/button><\/a><\/p>\n<h2><span style=\"font-size: 18pt; color: #333399;\"><strong>Responsable de l\u2019atelier<\/strong><\/span><\/h2>\n<p>\t\t\t\t\t\t<div class=\"gallery_box_single\">\n\t\t\t\t\t\t\t\t\t\t\t\t\t\t\t<div class=\"gallery gllr_grid\" data-gllr-columns=\"100\" data-gllr-border-width=\"10\">\n\t\t\t\t\t\t\t\t\t\t\t\t\t\t\t\t\t\t\t\t<div class=\"gllr_image_row\">\n\t\t\t\t\t\t\t\t\t\t\t\t\t\t\t\t\t\t\t\t\t<div class=\"gllr_image_block\">\n\t\t\t\t\t\t\t\t\t\t\t\t<p style=\"\n\t\t\t\t\t\t\t\t\t\t\t\twidth:145px;height:145px;\t\t\t\t\t\t\t\t\t\t\t\t\">\n\t\t\t\t\t\t\t\t\t\t\t\t\t\t\t\t\t\t\t\t\t\t\t\t\t\t\t\t<a data-fancybox=\"gallery_fancybox_30594\" href=\"https:\/\/cimbcc.org\/test2\/wp-content\/uploads\/photo_fournier_bruno.jpg\" title=\"Bruno Fournier\" >\n\t\t\t\t\t\t\t\t\t\t\t\t\t\t\t\t<img decoding=\"async\" width=&quot;125&quot; height=&quot;125&quot; style=\"width:125px; height:125px; border-width: 10px; border-color:#f1f1f1;border: 10px solid #f1f1f1\" alt=\"\" title=\"Bruno Fournier\" src=\"https:\/\/cimbcc.org\/test2\/wp-content\/uploads\/photo_fournier_bruno.jpg\" rel=\"https:\/\/cimbcc.org\/test2\/wp-content\/uploads\/photo_fournier_bruno.jpg\" \/>\t\t\t\t\t\t\t\t\t\t\t\t\t\t\t<\/a>\n\t\t\t\t\t\t\t\t\t\t\t\t\t\t\t\t\t\t\t\t\t\t\t\t\t\t<\/p>\n\t\t\t\t\t\t\t\t\t\t\t\t\t\t\t\t\t\t\t\t\t\t\t\t\t<div \n\t\t\t\t\t\t\t\t\t\t\t\t\tstyle=\"width:145px;\"\t\t\t\t\t\t\t\t\t\t\t\t\tclass=\"gllr_single_image_text gllr_single_image_text_under\">Bruno Fournier&nbsp;<\/div>\n\t\t\t\t\t\t\t\t\t\t\t\t\t\t\t\t\t\t\t\t\t\t\t<\/div><!-- .gllr_image_block -->\n\t\t\t\t\t\t\t\t\t\t\t\t\t\t\t\t\t\t\t\t\t<div class=\"clear\"><\/div>\n\t\t\t\t\t\t\t\t\t\t<\/div><!-- .gllr_image_row -->\n\t\t\t\t\t\t\t\t\t\t\t\t\t\t\t\t\t<\/div><!-- .gallery.clearfix -->\n\t\t\t\t\t\t\t\t\t\t\t\t\t\t<\/div><!-- .gallery_box_single -->\n\t\t\t\t\t\t<div class=\"gllr_clear\"><\/div>\n\t\t\t\t\t\t<br \/>\n<span style=\"font-size: x-small;\">Derni\u00e8re r\u00e9vision de cette page : ao\u00fbt 2024.. <\/span><span style=\"font-size: x-small;\">Responsable de la mise \u00e0 jour de cette page : Danielle Barab\u00e9.<\/span><\/p>\n<h3><\/h3>\n","protected":false},"excerpt":{"rendered":"<p>\u00c0 qui s\u2019adresse l\u2019atelier Aux membres d\u00e9tenteurs de t\u00e9l\u00e9phones ou tablettes Android. Description de l\u2019atelier L\u2019atelier pr\u00e9sente les essentiels de l\u2019op\u00e9ration d\u2019un appareil Android. Les objectifs sont : Se familiariser avec la manipulation d&rsquo;un t\u00e9l\u00e9phone ou d&rsquo;une tablette. Examiner les principaux param\u00e8tres de son t\u00e9l\u00e9phone ou de sa tablette Android. Voir les applications suivantes: T\u00e9l\u00e9phone, &hellip; <a href=\"https:\/\/cimbcc.org\/test2\/gallery\/atelier_android-telephones-et-tablettes\/\" class=\"more-link\">Continuer la lecture de <span class=\"screen-reader-text\">Atelier_Android-t\u00e9l\u00e9phones et tablettes<\/span>  <span class=\"meta-nav\">&rarr;<\/span><\/a><\/p>\n","protected":false},"author":3,"featured_media":0,"parent":100,"menu_order":100,"comment_status":"closed","ping_status":"closed","template":"","meta":{"footnotes":""},"class_list":["post-9692","page","type-page","status-publish","hentry"],"_links":{"self":[{"href":"https:\/\/cimbcc.org\/test2\/wp-json\/wp\/v2\/pages\/9692","targetHints":{"allow":["GET"]}}],"collection":[{"href":"https:\/\/cimbcc.org\/test2\/wp-json\/wp\/v2\/pages"}],"about":[{"href":"https:\/\/cimbcc.org\/test2\/wp-json\/wp\/v2\/types\/page"}],"author":[{"embeddable":true,"href":"https:\/\/cimbcc.org\/test2\/wp-json\/wp\/v2\/users\/3"}],"replies":[{"embeddable":true,"href":"https:\/\/cimbcc.org\/test2\/wp-json\/wp\/v2\/comments?post=9692"}],"version-history":[{"count":200,"href":"https:\/\/cimbcc.org\/test2\/wp-json\/wp\/v2\/pages\/9692\/revisions"}],"predecessor-version":[{"id":42568,"href":"https:\/\/cimbcc.org\/test2\/wp-json\/wp\/v2\/pages\/9692\/revisions\/42568"}],"up":[{"embeddable":true,"href":"https:\/\/cimbcc.org\/test2\/wp-json\/wp\/v2\/pages\/100"}],"wp:attachment":[{"href":"https:\/\/cimbcc.org\/test2\/wp-json\/wp\/v2\/media?parent=9692"}],"curies":[{"name":"wp","href":"https:\/\/api.w.org\/{rel}","templated":true}]}}